Results for 4.2.0 20060512 (experimental) testsuite on i686-pc-linux-gnu
CodeSourcery Automatic Testing System
gcc@codesourcery.com
Fri May 12 14:16:00 GMT 2006
LAST_UPDATED: Fri May 12 07:20:32 UTC 2006 (/trunk revision 113720)
Native configuration is i686-pc-linux-gnu
=== g++ tests ===
Running target unix
FAIL: g++.old-deja/g++.other/static14.C (test for excess errors)
FAIL: g++.old-deja/g++.other/static20.C (test for excess errors)
=== g++ Summary ===
# of expected passes 12542
# of unexpected failures 2
# of expected failures 69
# of unsupported tests 69
/scratch/gcc/nightly-2006-05-12-mainline/i686-pc-linux-gnu/build_gcc/install/bin/c++ version 4.2.0 20060512 (experimental)
=== gcc tests ===
Running target unix
WARNING: program timed out.
FAIL: gcc.c-torture/compile/20001226-1.c -O0 (test for excess errors)
WARNING: program timed out.
FAIL: gcc.c-torture/compile/20001226-1.c -O3 -g (test for excess errors)
FAIL: gcc.dg/debug/dwarf2/dwarf-die2.c scan-assembler-not CIE Version
FAIL: gcc.dg/torture/nested-fn-1.c -O0 scan-assembler-not should_not_appear
=== gcc Summary ===
# of expected passes 39504
# of unexpected failures 4
# of expected failures 112
# of untested testcases 28
# of unsupported tests 269
/scratch/gcc/nightly-2006-05-12-mainline/i686-pc-linux-gnu/build_gcc/install/bin/gcc version 4.2.0 20060512 (experimental)
=== libstdc++ tests ===
Running target unix
=== libstdc++ Summary ===
# of expected passes 4171
# of expected failures 13
# of unsupported tests 2
Compiler version: 4.2.0 20060512 (experimental)
Platform: i686-pc-linux-gnu
configure flags: --disable-nls --build=i686-pc-linux-gnu --host=i686-pc-linux-gnu --target=i686-pc-linux-gnu --enable-languages=c,c++ --enable-shared --enable-threads --disable-libmudflap --disable-libssp --disable-libgomp --disable-libstdcxx-pch --with-gnu-as --with-gnu-ld --prefix=/opt/codesourcery --with-bugurl=http://gcc.gnu.org/bugs.html --with-build-time-tools=/scratch/gcc/nightly-2006-05-12-mainline/i686-pc-linux-gnu/build_gcc/install/i686-pc-linux-gnu/bin --with-build-time-tools=/scratch/gcc/nightly-2006-05-12-mainline/i686-pc-linux-gnu/build_gcc/install/i686-pc-linux-gnu/bin
More information about the Gcc-testresults
mailing list