Results for 4.1.1 20060511 (prerelease) testsuite on hppa64-hp-hpux11.11
CodeSourcery Automatic Testing System
gcc@codesourcery.com
Fri May 12 03:01:00 GMT 2006
LAST_UPDATED: Thu May 11 07:14:15 UTC 2006 (/branches/gcc-4_1-branch revision 113691)
Native configuration is hppa64-hp-hpux11.11
=== g++ tests ===
Running target unix
XPASS: g++.dg/tree-ssa/pr14814.C scan-tree-dump-times &this 0
=== g++ Summary ===
# of expected passes 11342
# of unexpected successes 1
# of expected failures 67
# of unsupported tests 130
/scratch/gcc/nightly-2006-05-11-4.1/hppa64-hp-hpux11.11/build_gcc/install/bin/c++ version 4.1.1 20060511 (prerelease)
=== gcc tests ===
Running target unix
XPASS: gcc.dg/funcorder.c scan-assembler-not link_error,%r
FAIL: gcc.dg/torture/asm-subreg-1.c -O1 (test for excess errors)
FAIL: gcc.dg/torture/asm-subreg-1.c -O2 (test for excess errors)
FAIL: gcc.dg/torture/asm-subreg-1.c -O3 -fomit-frame-pointer (test for excess errors)
FAIL: gcc.dg/torture/asm-subreg-1.c -O3 -g (test for excess errors)
FAIL: gcc.dg/torture/asm-subreg-1.c -Os (test for excess errors)
=== gcc Summary ===
# of expected passes 36487
# of unexpected failures 5
# of unexpected successes 1
# of expected failures 79
# of untested testcases 28
# of unsupported tests 359
/scratch/gcc/nightly-2006-05-11-4.1/hppa64-hp-hpux11.11/build_gcc/install/bin/gcc version 4.1.1 20060511 (prerelease)
=== libstdc++ tests ===
Running target unix
FAIL: 26_numerics/cmath/c99_classification_macros_c.cc (test for excess errors)
=== libstdc++ Summary ===
# of expected passes 3382
# of unexpected failures 1
# of expected failures 12
# of unsupported tests 329
Compiler version: 4.1.1 20060511 (prerelease)
Platform: hppa64-hp-hpux11.11
configure flags: --disable-nls --build=hppa64-hp-hpux11.11 --host=hppa64-hp-hpux11.11 --target=hppa64-hp-hpux11.11 --enable-languages=c,c++ --enable-shared --enable-threads --disable-libmudflap --disable-libssp --disable-libgomp --disable-libstdcxx-pch --with-gnu-as --with-as=/scratch/gcc/nightly-2006-05-11-4.1/hppa64-hp-hpux11.11/build_gcc/install/bin/as --without-gnu-ld --with-ld=/usr/ccs/bin/ld --prefix=/scratch/gcc/nightly-2006-05-11-4.1/hppa64-hp-hpux11.11/build_gcc/install --with-bugurl=http://gcc.gnu.org/bugs.html
More information about the Gcc-testresults
mailing list