Results for 4.2.0 20060510 (experimental) gfortran testsuite on i386-pc-linux-gnu
Francois-Xavier Coudert
coudert@lcp.u-psud.fr
Wed May 10 11:55:00 GMT 2006
LAST_UPDATED:
Native configuration is i386-pc-linux-gnu
=== gfortran tests ===
Running target unix
FAIL: gfortran.dg/io_constraints_1.f90 -O (test for errors, line 73)
FAIL: gfortran.dg/io_constraints_1.f90 -O (test for excess errors)
=== gfortran Summary ===
# of expected passes12994
# of unexpected failures2
# of expected failures15
# of unsupported tests24
/cosmic/coudert/tmp/gfortran-20060510/ibin/gcc/testsuite/gfortran/../../gfortran version 4.2.0 20060510 (experimental)
Compiler version: 4.2.0 20060510 (experimental) gfortran
Platform: i386-pc-linux-gnu
configure flags: --prefix=/cosmic/coudert/tmp/gfortran-20060510/irun --enable-languages=c,fortran --host=i386-linux --with-gmp=/cosmic/coudert/tmp/gfortran-20060510/gfortran_libs,;t t
More information about the Gcc-testresults
mailing list