Results for 4.2.0 20060508 (experimental) testsuite on sparc-unknown-linux-gnu
Martin Michlmayr
tbm@cyrius.com
Tue May 9 08:47:00 GMT 2006
Results for 4.2.0 20060508 (experimental) testsuite on sparc-unknown-linux-gnu
LAST_UPDATED: Obtained from SVN: trunk revision 113629
Native configuration is sparc-unknown-linux-gnu
=== g++ tests ===
Running target unix
FAIL: g++.dg/other/unused1.C scan-assembler string\\t"class2"
FAIL: g++.dg/other/unused1.C scan-assembler string\\t"printer"
=== g++ Summary ===
# of expected passes 12466
# of unexpected failures 2
# of expected failures 67
# of unsupported tests 107
/home/tbm/scratch/gcc-snapshot-20060508/build/gcc/testsuite/g++/../../g++ version 4.2.0 20060508 (experimental)
=== gcc tests ===
Running target unix
WARNING: program timed out.
FAIL: gcc.c-torture/compile/20001226-1.c -O3 -g (test for excess errors)
FAIL: gcc.dg/torture/pr26565.c -O0 execution test
XPASS: gcc.dg/vect/pr20122.c scan-tree-dump-times vectorized 1 loops 2
XPASS: gcc.dg/vect/vect-105.c scan-tree-dump-times vectorized 1 loops 1
XPASS: gcc.dg/vect/vect-75.c scan-tree-dump-times vectorized 1 loops 1
=== gcc Summary ===
# of expected passes 38679
# of unexpected failures 2
# of unexpected successes 3
# of expected failures 121
# of untested testcases 28
# of unsupported tests 392
/home/tbm/scratch/gcc-snapshot-20060508/build/gcc/xgcc version 4.2.0 20060508 (experimental)
=== gfortran tests ===
Running target unix
FAIL: gfortran.dg/transfer_array_intrinsic_2.f90 -Os execution test
=== gfortran Summary ===
# of expected passes 12861
# of unexpected failures 1
# of expected failures 16
# of unsupported tests 87
/home/tbm/scratch/gcc-snapshot-20060508/build/gcc/testsuite/gfortran/../../gfortran version 4.2.0 20060508 (experimental)
=== obj-c++ tests ===
Running target unix
FAIL: obj-c++.dg/comp-types-10.mm (test for excess errors)
FAIL: obj-c++.dg/cxx-ivars-2.mm execution test
FAIL: obj-c++.dg/encode-3.mm (test for excess errors)
FAIL: obj-c++.dg/encode-8.mm execution test
FAIL: obj-c++.dg/isa-field-1.mm (test for excess errors)
FAIL: obj-c++.dg/lookup-2.mm (test for excess errors)
WARNING: obj-c++.dg/lookup-2.mm compilation failed to produce executable
FAIL: obj-c++.dg/try-catch-2.mm (test for excess errors)
WARNING: obj-c++.dg/try-catch-2.mm compilation failed to produce executable
FAIL: obj-c++.dg/try-catch-9.mm (test for excess errors)
WARNING: obj-c++.dg/try-catch-9.mm compilation failed to produce executable
=== obj-c++ Summary ===
# of expected passes 425
# of unexpected failures 8
# of unsupported tests 13
/home/tbm/scratch/gcc-snapshot-20060508/build/gcc/testsuite/obj-c++/../../g++ version 4.2.0 20060508 (experimental)
=== objc tests ===
Running target unix
=== objc Summary ===
# of expected passes 1754
# of expected failures 7
# of unsupported tests 24
/home/tbm/scratch/gcc-snapshot-20060508/build/gcc/xgcc version 4.2.0 20060508 (experimental)
=== treelang tests ===
Running target unix
=== treelang Summary ===
# of expected passes 50
=== libffi tests ===
Running target unix
=== libffi Summary ===
# of expected passes 1072
# of unsupported tests 8
=== libgomp tests ===
Running target unix
=== libgomp Summary ===
# of expected passes 1450
=== libjava tests ===
Running target unix
FAIL: SyncTest execution - gij test
FAIL: SyncTest execution - gij test
FAIL: SyncTest execution - gij test
FAIL: TLtest execution - gij test
FAIL: TLtest execution - gij test
=== libjava Summary ===
# of expected passes 6781
# of unexpected failures 5
# of expected failures 12
# of untested testcases 13
=== libmudflap tests ===
Running target unix
FAIL: libmudflap.c/pass54-frag.c execution test
FAIL: libmudflap.c/pass54-frag.c execution test
FAIL: libmudflap.c/pass54-frag.c (-static) execution test
FAIL: libmudflap.c/pass54-frag.c (-static) execution test
=== libmudflap Summary ===
# of expected passes 1810
# of unexpected failures 4
=== libstdc++ tests ===
Running target unix
FAIL: 25_algorithms/prev_permutation/1.cc execution test
XPASS: 26_numerics/cmath/c99_classification_macros_c.cc (test for excess errors)
=== libstdc++ Summary ===
# of expected passes 3544
# of unexpected failures 1
# of unexpected successes 1
# of expected failures 12
# of unsupported tests 315
Compiler version: 4.2.0 20060508 (experimental)
Platform: sparc-unknown-linux-gnu
configure flags: -v --prefix=/usr/lib/gcc-snapshot --enable-shared --with-system-zlib --disable-nls --enable-__cxa_atexit --enable-clocale=gnu --enable-libstdcxx-debug --enable-java-awt=gtk --enable-gtk-cairo --with-java-home=/usr/lib/gcc-snapshot/jre --enable-mpfr --disable-werror sparc-linux-gnu --enable-languages=c,c++,fortran,java,objc,obj-c++,treelang
BOOT_CFLAGS=-O2
Build Dependencies:
Desired=Unknown/Install/Remove/Purge/Hold
| Status=Not/Installed/Config-files/Unpacked/Failed-config/Half-installed
|/ Err?=(none)/Hold/Reinst-required/X=both-problems (Status,Err: uppercase=bad)
||/ Name Version Description
+++-==============-===================-==============================================
ii binutils 2.16.1cvs20060413-1 The GNU assembler, linker and binary utilities
Patches that Debian applied in this version:
cpu-default-i486:
set default 32bit ix86 architecture to i486
gcc-ice-hack:
2004-01-23 Jakub Jelinek <jakub@redhat.com>
* system.h (ICE_EXIT_CODE): Define.
* gcc.c (execute): Don't free first string early, but at the end
of the function. Call retry_ice if compiler exited with
ICE_EXIT_CODE.
(retry_ice): New function.
* diagnostic.c (diagnostic_count_diagnostic,
diagnostic_action_after_output, error_recursion): Exit with
ICE_EXIT_CODE instead of FATAL_EXIT_CODE.
Counting all warnings,
there are 0 warnings in stage3 of this bootstrap.
Number of warnings per file:
Number of warning types:
--
Martin Michlmayr
http://www.cyrius.com/
More information about the Gcc-testresults
mailing list