Results for 4.2.0 20060503 (experimental) testsuite on i386-unknown-openbsd3.9
Karel Gardas
kgardas@objectsecurity.com
Thu May 4 06:32:00 GMT 2006
This is OpenBSD 3.9 stable on K6-2 PC machine.
Karel
LAST_UPDATED:
Native configuration is i386-unknown-openbsd3.9
=== g++ tests ===
Running target unix
FAIL: g++.dg/init/array15.C execution test
FAIL: g++.dg/opt/mmx2.C (test for excess errors)
FAIL: g++.dg/other/i386-1.C (test for excess errors)
WARNING: g++.dg/other/i386-1.C compilation failed to produce executable
FAIL: g++.dg/other/i386-2.C (test for excess errors)
FAIL: g++.dg/other/mmintrin.C (test for excess errors)
FAIL: g++.dg/other/offsetof1.C (test for excess errors)
FAIL: g++.dg/other/offsetof2.C (test for excess errors)
FAIL: g++.dg/other/offsetof2.C execution test
FAIL: g++.dg/parse/offsetof1.C (test for excess errors)
FAIL: g++.dg/parse/offsetof2.C (test for excess errors)
FAIL: g++.dg/template/offsetof1.C (test for excess errors)
FAIL: g++.dg/pch/empty.C (test for excess errors)
FAIL: g++.dg/pch/local-1.C (test for excess errors)
FAIL: g++.dg/pch/pch.C (test for excess errors)
FAIL: g++.dg/pch/pch.C (test for excess errors)
FAIL: g++.dg/pch/static-1.C (test for excess errors)
FAIL: g++.dg/pch/uninst.C (test for excess errors)
FAIL: g++.dg/pch/uninst.C (test for excess errors)
FAIL: g++.dg/pch/wchar-1.C (test for excess errors)
FAIL: g++.dg/pch/wchar-1.C (test for excess errors)
FAIL: g++.dg/special/conpr-2.C execution test
FAIL: g++.dg/special/conpr-3.C execution test
FAIL: g++.dg/special/conpr-4.C execution test
FAIL: g++.dg/special/initp1.C execution test
FAIL: g++.old-deja/g++.other/init18.C execution test
FAIL: g++.old-deja/g++.other/init19.C execution test
FAIL: g++.old-deja/g++.other/init5.C execution test
=== g++ Summary ===
# of expected passes 12487
# of unexpected failures 27
# of expected failures 69
# of untested testcases 9
# of unsupported tests 96
/home/karel/obj/gcc/testsuite/g++/../../g++ version 4.2.0 20060503 (experimental)
=== gcc tests ===
Running target unix
WARNING: program timed out.
FAIL: gcc.c-torture/compile/20001226-1.c (test for excess errors)
WARNING: program timed out.
FAIL: gcc.c-torture/compile/20001226-1.c (test for excess errors)
WARNING: program timed out.
FAIL: gcc.c-torture/compile/20001226-1.c (test for excess errors)
WARNING: program timed out.
FAIL: gcc.c-torture/compile/20001226-1.c (test for excess errors)
FAIL: gcc.c-torture/execute/conversion.c execution, -O0
FAIL: gcc.c-torture/execute/conversion.c execution, -O1
FAIL: gcc.c-torture/execute/conversion.c execution, -O2
FAIL: gcc.c-torture/execute/ieee/copysign1.c execution, -O3 -fomit-frame-pointer
FAIL: gcc.c-torture/execute/ieee/copysign1.c execution, -O3 -fomit-frame-pointer -funroll-loops
FAIL: gcc.c-torture/execute/ieee/copysign1.c execution, -O3 -fomit-frame-pointer -funroll-all-loops -finline-functions
FAIL: gcc.c-torture/execute/ieee/copysign1.c execution, -O3 -g
FAIL: gcc.c-torture/execute/ieee/copysign2.c execution, -O0
FAIL: gcc.c-torture/execute/ieee/copysign2.c execution, -O1
FAIL: gcc.c-torture/execute/ieee/copysign2.c execution, -O2
FAIL: gcc.c-torture/execute/ieee/copysign2.c execution, -O3 -fomit-frame-pointer
FAIL: gcc.c-torture/execute/ieee/copysign2.c execution, -O3 -fomit-frame-pointer -funroll-loops
FAIL: gcc.c-torture/execute/ieee/copysign2.c execution, -O3 -fomit-frame-pointer -funroll-all-loops -finline-functions
FAIL: gcc.c-torture/execute/ieee/copysign2.c execution, -O3 -g
FAIL: gcc.c-torture/execute/ieee/copysign2.c execution, -Os
FAIL: gcc.c-torture/execute/ieee/rbug.c execution, -O0
FAIL: gcc.c-torture/execute/ieee/rbug.c execution, -O1
FAIL: gcc.c-torture/execute/ieee/rbug.c execution, -O2
FAIL: gcc.c-torture/execute/ieee/copysign1.c execution, -O3 -fomit-frame-pointer
FAIL: gcc.c-torture/execute/ieee/copysign1.c execution, -O3 -fomit-frame-pointer -funroll-loops
FAIL: gcc.c-torture/execute/ieee/copysign1.c execution, -O3 -fomit-frame-pointer -funroll-all-loops -finline-functions
FAIL: gcc.c-torture/execute/ieee/copysign1.c execution, -O3 -g
FAIL: gcc.c-torture/execute/ieee/copysign2.c execution, -O0
FAIL: gcc.c-torture/execute/ieee/copysign2.c execution, -O1
FAIL: gcc.c-torture/execute/ieee/copysign2.c execution, -O2
FAIL: gcc.c-torture/execute/ieee/copysign2.c execution, -O3 -fomit-frame-pointer
FAIL: gcc.c-torture/execute/ieee/copysign2.c execution, -O3 -fomit-frame-pointer -funroll-loops
FAIL: gcc.c-torture/execute/ieee/copysign2.c execution, -O3 -fomit-frame-pointer -funroll-all-loops -finline-functions
FAIL: gcc.c-torture/execute/ieee/copysign2.c execution, -O3 -g
FAIL: gcc.c-torture/execute/ieee/copysign2.c execution, -Os
FAIL: gcc.c-torture/execute/ieee/rbug.c execution, -O0
FAIL: gcc.c-torture/execute/ieee/rbug.c execution, -O1
FAIL: gcc.c-torture/execute/ieee/rbug.c execution, -O2
FAIL: gcc.dg/cpp/Wmissingdirs.c -Wmissing-include-dirs (test for warnings, line )
FAIL: gcc.dg/cpp/Wmissingdirs.c (test for excess errors)
FAIL: gcc.dg/cpp/_Pragma3.c (test for excess errors)
FAIL: gcc.dg/20050105-2.c (test for excess errors)
FAIL: gcc.dg/bitfld-12.c (test for errors, line 10)
FAIL: gcc.dg/bitfld-12.c (test for excess errors)
FAIL: gcc.dg/builtins-20.c (test for excess errors)
FAIL: gcc.dg/c99-float-1.c (test for excess errors)
FAIL: gcc.dg/fold-cond-1.c scan-tree-dump-times \\(g \\| h\\) != 0 1
FAIL: gcc.dg/single-precision-constant.c execution test
FAIL: gcc.dg/va-arg-2.c In file included from (test for errors, line 6)
FAIL: gcc.dg/va-arg-2.c #error 1 (test for errors, line 4)
FAIL: gcc.dg/va-arg-2.c #error 2 (test for errors, line 5)
FAIL: gcc.dg/wint_t-1.c (test for excess errors)
FAIL: gcc.dg/format/array-1.c (test for excess errors)
FAIL: gcc.dg/format/array-1.c (test for excess errors)
FAIL: gcc.dg/format/asm_fprintf-1.c (test for excess errors)
FAIL: gcc.dg/format/asm_fprintf-1.c (test for excess errors)
FAIL: gcc.dg/format/attr-1.c (test for excess errors)
FAIL: gcc.dg/format/attr-1.c (test for excess errors)
FAIL: gcc.dg/format/attr-2.c (test for excess errors)
FAIL: gcc.dg/format/attr-2.c (test for excess errors)
FAIL: gcc.dg/format/attr-3.c (test for excess errors)
FAIL: gcc.dg/format/attr-3.c (test for excess errors)
FAIL: gcc.dg/format/attr-4.c (test for excess errors)
FAIL: gcc.dg/format/attr-4.c (test for excess errors)
FAIL: gcc.dg/format/attr-7.c (test for excess errors)
FAIL: gcc.dg/format/attr-7.c (test for excess errors)
FAIL: gcc.dg/format/bitfld-1.c (test for excess errors)
FAIL: gcc.dg/format/bitfld-1.c (test for excess errors)
FAIL: gcc.dg/format/branch-1.c (test for excess errors)
FAIL: gcc.dg/format/branch-1.c (test for excess errors)
FAIL: gcc.dg/format/builtin-1.c (test for excess errors)
FAIL: gcc.dg/format/builtin-1.c (test for excess errors)
FAIL: gcc.dg/format/c90-printf-1.c (test for excess errors)
FAIL: gcc.dg/format/c90-printf-1.c (test for excess errors)
FAIL: gcc.dg/format/c90-printf-2.c (test for excess errors)
FAIL: gcc.dg/format/c90-printf-2.c (test for excess errors)
FAIL: gcc.dg/format/c90-printf-3.c (test for excess errors)
FAIL: gcc.dg/format/c90-printf-3.c (test for excess errors)
FAIL: gcc.dg/format/c90-scanf-1.c (test for excess errors)
FAIL: gcc.dg/format/c90-scanf-1.c (test for excess errors)
FAIL: gcc.dg/format/c90-scanf-2.c (test for excess errors)
FAIL: gcc.dg/format/c90-scanf-2.c (test for excess errors)
FAIL: gcc.dg/format/c90-scanf-3.c (test for excess errors)
FAIL: gcc.dg/format/c90-scanf-3.c (test for excess errors)
FAIL: gcc.dg/format/c90-scanf-4.c (test for excess errors)
FAIL: gcc.dg/format/c90-scanf-4.c (test for excess errors)
FAIL: gcc.dg/format/c90-strftime-1.c (test for excess errors)
FAIL: gcc.dg/format/c90-strftime-1.c (test for excess errors)
FAIL: gcc.dg/format/c90-strftime-2.c (test for excess errors)
FAIL: gcc.dg/format/c90-strftime-2.c (test for excess errors)
FAIL: gcc.dg/format/c94-printf-1.c (test for excess errors)
FAIL: gcc.dg/format/c94-printf-1.c (test for excess errors)
FAIL: gcc.dg/format/c94-scanf-1.c (test for excess errors)
FAIL: gcc.dg/format/c94-scanf-1.c (test for excess errors)
FAIL: gcc.dg/format/c99-printf-1.c (test for excess errors)
FAIL: gcc.dg/format/c99-printf-1.c (test for excess errors)
FAIL: gcc.dg/format/c99-printf-2.c (test for excess errors)
FAIL: gcc.dg/format/c99-printf-2.c (test for excess errors)
FAIL: gcc.dg/format/c99-printf-3.c (test for excess errors)
FAIL: gcc.dg/format/c99-printf-3.c (test for excess errors)
FAIL: gcc.dg/format/c99-scanf-1.c (test for excess errors)
FAIL: gcc.dg/format/c99-scanf-1.c (test for excess errors)
FAIL: gcc.dg/format/c99-scanf-2.c (test for excess errors)
FAIL: gcc.dg/format/c99-scanf-2.c (test for excess errors)
FAIL: gcc.dg/format/c99-scanf-3.c (test for excess errors)
FAIL: gcc.dg/format/c99-scanf-3.c (test for excess errors)
FAIL: gcc.dg/format/c99-strftime-1.c (test for excess errors)
FAIL: gcc.dg/format/c99-strftime-1.c (test for excess errors)
FAIL: gcc.dg/format/c99-strftime-2.c (test for excess errors)
FAIL: gcc.dg/format/c99-strftime-2.c (test for excess errors)
FAIL: gcc.dg/format/cast-1.c (test for excess errors)
FAIL: gcc.dg/format/cast-1.c (test for excess errors)
FAIL: gcc.dg/format/diag-1.c (test for excess errors)
FAIL: gcc.dg/format/diag-1.c (test for excess errors)
FAIL: gcc.dg/format/diag-2.c (test for excess errors)
FAIL: gcc.dg/format/diag-2.c (test for excess errors)
FAIL: gcc.dg/format/errmk-1.c (test for excess errors)
FAIL: gcc.dg/format/errmk-1.c (test for excess errors)
FAIL: gcc.dg/format/ext-1.c (test for excess errors)
FAIL: gcc.dg/format/ext-1.c (test for excess errors)
FAIL: gcc.dg/format/ext-2.c (test for excess errors)
FAIL: gcc.dg/format/ext-2.c (test for excess errors)
FAIL: gcc.dg/format/ext-3.c (test for excess errors)
FAIL: gcc.dg/format/ext-3.c (test for excess errors)
FAIL: gcc.dg/format/ext-4.c (test for excess errors)
FAIL: gcc.dg/format/ext-4.c (test for excess errors)
FAIL: gcc.dg/format/ext-5.c (test for excess errors)
FAIL: gcc.dg/format/ext-5.c (test for excess errors)
FAIL: gcc.dg/format/ext-6.c (test for excess errors)
FAIL: gcc.dg/format/ext-6.c (test for excess errors)
FAIL: gcc.dg/format/gcc_diag-1.c (test for excess errors)
FAIL: gcc.dg/format/gcc_diag-1.c (test for excess errors)
FAIL: gcc.dg/format/gcc_gfc-1.c (test for excess errors)
FAIL: gcc.dg/format/gcc_gfc-1.c (test for excess errors)
FAIL: gcc.dg/format/miss-1.c (test for excess errors)
FAIL: gcc.dg/format/miss-1.c (test for excess errors)
FAIL: gcc.dg/format/miss-2.c (test for excess errors)
FAIL: gcc.dg/format/miss-2.c (test for excess errors)
FAIL: gcc.dg/format/miss-3.c (test for excess errors)
FAIL: gcc.dg/format/miss-3.c (test for excess errors)
FAIL: gcc.dg/format/miss-4.c (test for excess errors)
FAIL: gcc.dg/format/miss-4.c (test for excess errors)
FAIL: gcc.dg/format/miss-5.c (test for excess errors)
FAIL: gcc.dg/format/miss-5.c (test for excess errors)
FAIL: gcc.dg/format/miss-6.c (test for excess errors)
FAIL: gcc.dg/format/miss-6.c (test for excess errors)
FAIL: gcc.dg/format/multattr-1.c (test for excess errors)
FAIL: gcc.dg/format/multattr-1.c (test for excess errors)
FAIL: gcc.dg/format/multattr-2.c (test for excess errors)
FAIL: gcc.dg/format/multattr-2.c (test for excess errors)
FAIL: gcc.dg/format/multattr-3.c (test for excess errors)
FAIL: gcc.dg/format/multattr-3.c (test for excess errors)
FAIL: gcc.dg/format/no-exargs-1.c (test for excess errors)
FAIL: gcc.dg/format/no-exargs-1.c (test for excess errors)
FAIL: gcc.dg/format/no-exargs-2.c (test for excess errors)
FAIL: gcc.dg/format/no-exargs-2.c (test for excess errors)
FAIL: gcc.dg/format/no-y2k-1.c (test for excess errors)
FAIL: gcc.dg/format/no-y2k-1.c (test for excess errors)
FAIL: gcc.dg/format/nonlit-1.c (test for excess errors)
FAIL: gcc.dg/format/nonlit-1.c (test for excess errors)
FAIL: gcc.dg/format/nonlit-2.c (test for excess errors)
FAIL: gcc.dg/format/nonlit-2.c (test for excess errors)
FAIL: gcc.dg/format/nonlit-3.c (test for excess errors)
FAIL: gcc.dg/format/nonlit-3.c (test for excess errors)
FAIL: gcc.dg/format/null-1.c (test for excess errors)
FAIL: gcc.dg/format/null-1.c (test for excess errors)
FAIL: gcc.dg/format/plus-1.c (test for excess errors)
FAIL: gcc.dg/format/plus-1.c (test for excess errors)
FAIL: gcc.dg/format/sec-1.c (test for excess errors)
FAIL: gcc.dg/format/sec-1.c (test for excess errors)
FAIL: gcc.dg/format/sentinel-1.c (test for excess errors)
FAIL: gcc.dg/format/sentinel-1.c (test for excess errors)
FAIL: gcc.dg/format/strfmon-1.c (test for excess errors)
FAIL: gcc.dg/format/strfmon-1.c (test for excess errors)
FAIL: gcc.dg/format/strfmon-2.c (test for excess errors)
FAIL: gcc.dg/format/strfmon-2.c (test for excess errors)
FAIL: gcc.dg/format/unnamed-1.c (test for excess errors)
FAIL: gcc.dg/format/unnamed-1.c (test for excess errors)
FAIL: gcc.dg/format/va-1.c (test for excess errors)
FAIL: gcc.dg/format/va-1.c (test for excess errors)
FAIL: gcc.dg/format/warnll-1.c (test for excess errors)
FAIL: gcc.dg/format/warnll-1.c (test for excess errors)
FAIL: gcc.dg/format/xopen-1.c (test for excess errors)
FAIL: gcc.dg/format/xopen-1.c (test for excess errors)
FAIL: gcc.dg/format/xopen-2.c (test for excess errors)
FAIL: gcc.dg/format/xopen-2.c (test for excess errors)
FAIL: gcc.dg/format/xopen-3.c (test for excess errors)
FAIL: gcc.dg/format/xopen-3.c (test for excess errors)
FAIL: gcc.dg/format/z-1.c (test for excess errors)
FAIL: gcc.dg/format/z-1.c (test for excess errors)
FAIL: gcc.dg/format/zero-length-1.c (test for excess errors)
FAIL: gcc.dg/format/zero-length-1.c (test for excess errors)
FAIL: gcc.dg/pch/common-1.c (test for excess errors)
FAIL: gcc.dg/pch/common-1.c (test for excess errors)
FAIL: gcc.dg/pch/common-1.c (test for excess errors)
FAIL: gcc.dg/pch/common-1.c (test for excess errors)
FAIL: gcc.dg/pch/common-1.c (test for excess errors)
FAIL: gcc.dg/pch/cpp-1.c (test for excess errors)
FAIL: gcc.dg/pch/cpp-1.c (test for excess errors)
FAIL: gcc.dg/pch/cpp-2.c (test for excess errors)
FAIL: gcc.dg/pch/cpp-2.c (test for excess errors)
FAIL: gcc.dg/pch/cpp-2.c (test for excess errors)
FAIL: gcc.dg/pch/cpp-2.c (test for excess errors)
FAIL: gcc.dg/pch/decl-1.c (test for excess errors)
FAIL: gcc.dg/pch/decl-1.c (test for excess errors)
FAIL: gcc.dg/pch/decl-2.c (test for excess errors)
FAIL: gcc.dg/pch/decl-2.c (test for excess errors)
FAIL: gcc.dg/pch/decl-2.c (test for excess errors)
FAIL: gcc.dg/pch/decl-3.c (test for excess errors)
FAIL: gcc.dg/pch/decl-4.c (test for excess errors)
FAIL: gcc.dg/pch/decl-5.c (test for excess errors)
FAIL: gcc.dg/pch/empty.c (test for excess errors)
FAIL: gcc.dg/pch/empty.c (test for excess errors)
FAIL: gcc.dg/pch/except-1.c (test for excess errors)
FAIL: gcc.dg/pch/global-1.c (test for excess errors)
FAIL: gcc.dg/pch/global-1.c (test for excess errors)
FAIL: gcc.dg/pch/global-1.c (test for excess errors)
FAIL: gcc.dg/pch/import-1.c (test for excess errors)
FAIL: gcc.dg/pch/import-1.c (test for excess errors)
FAIL: gcc.dg/pch/import-1.c (test for excess errors)
FAIL: gcc.dg/pch/import-2.c (test for excess errors)
FAIL: gcc.dg/pch/inline-1.c (test for excess errors)
FAIL: gcc.dg/pch/inline-1.c (test for excess errors)
FAIL: gcc.dg/pch/inline-2.c (test for excess errors)
FAIL: gcc.dg/pch/inline-3.c (test for excess errors)
FAIL: gcc.dg/pch/inline-3.c (test for excess errors)
FAIL: gcc.dg/pch/inline-3.c (test for excess errors)
FAIL: gcc.dg/pch/inline-4.c (test for excess errors)
FAIL: gcc.dg/pch/macro-1.c (test for excess errors)
FAIL: gcc.dg/pch/macro-4.c (test for excess errors)
FAIL: gcc.dg/pch/save-temps-1.c (test for excess errors)
FAIL: gcc.dg/pch/static-1.c (test for excess errors)
FAIL: gcc.dg/pch/static-3.c (test for excess errors)
FAIL: gcc.dg/pch/static-3.c (test for excess errors)
FAIL: gcc.dg/pch/static-3.c (test for excess errors)
FAIL: gcc.dg/pch/system-1.c (test for excess errors)
FAIL: gcc.dg/pch/system-1.c (test for excess errors)
FAIL: gcc.dg/pch/valid-1b.c (test for excess errors)
FAIL: gcc.dg/pch/valid-1b.c (test for excess errors)
FAIL: gcc.dg/pch/valid-1b.c (test for excess errors)
FAIL: gcc.dg/pch/valid-4.c (test for errors, line 5)
FAIL: gcc.dg/pch/valid-4.c (test for excess errors)
FAIL: gcc.dg/pch/valid-4.c (test for errors, line 5)
FAIL: gcc.dg/pch/valid-4.c (test for excess errors)
FAIL: gcc.dg/pch/valid-5.c (test for excess errors)
FAIL: gcc.dg/pch/valid-5.c (test for excess errors)
FAIL: gcc.dg/pch/valid-5.c (test for excess errors)
FAIL: gcc.dg/pch/valid-6.c (test for excess errors)
FAIL: gcc.dg/pch/valid-6.c -O3 -fomit-frame-pointer assembly comparison
FAIL: gcc.dg/pch/valid-6.c (test for excess errors)
FAIL: gcc.dg/pch/valid-6.c -Os assembly comparison
FAIL: largefile.c (test for excess errors)
FAIL: largefile.c (test for excess errors)
FAIL: largefile.c (test for excess errors)
FAIL: gcc.dg/special/gcsec-1.c execution test
FAIL: gcc.dg/torture/builtin-convert-1.c (test for excess errors)
FAIL: gcc.dg/torture/builtin-convert-1.c (test for excess errors)
FAIL: gcc.dg/torture/builtin-convert-1.c (test for excess errors)
FAIL: gcc.dg/torture/builtin-convert-1.c (test for excess errors)
FAIL: gcc.dg/torture/builtin-convert-1.c (test for excess errors)
FAIL: gcc.dg/torture/builtin-convert-2.c (test for excess errors)
FAIL: gcc.dg/torture/builtin-convert-2.c (test for excess errors)
FAIL: gcc.dg/torture/builtin-convert-2.c (test for excess errors)
FAIL: gcc.dg/torture/builtin-convert-2.c (test for excess errors)
FAIL: gcc.dg/torture/builtin-convert-2.c (test for excess errors)
FAIL: gcc.dg/torture/builtin-convert-3.c (test for excess errors)
FAIL: gcc.dg/torture/builtin-convert-3.c (test for excess errors)
FAIL: gcc.dg/torture/builtin-convert-3.c (test for excess errors)
FAIL: gcc.dg/torture/builtin-convert-3.c (test for excess errors)
FAIL: gcc.dg/torture/builtin-convert-3.c (test for excess errors)
FAIL: gcc.dg/torture/builtin-power-1.c (test for excess errors)
FAIL: gcc.dg/torture/builtin-power-1.c (test for excess errors)
FAIL: gcc.dg/torture/builtin-power-1.c (test for excess errors)
FAIL: gcc.dg/torture/builtin-power-1.c (test for excess errors)
FAIL: gcc.dg/torture/builtin-power-1.c (test for excess errors)
FAIL: gcc.dg/torture/builtin-power-1.c (test for excess errors)
FAIL: gcc.dg/torture/fp-int-convert-float.c execution test
FAIL: gcc.dg/torture/fp-int-convert-float.c execution test
FAIL: gcc.dg/torture/fp-int-convert-float.c execution test
FAIL: gcc.dg/torture/fp-int-convert-float.c execution test
FAIL: gcc.dg/torture/fp-int-convert-float.c execution test
FAIL: gcc.dg/torture/fp-int-convert-float.c execution test
FAIL: gcc.dg/torture/fp-int-convert-float80.c execution test
FAIL: gcc.dg/torture/fp-int-convert-float80.c execution test
FAIL: gcc.dg/torture/fp-int-convert-float80.c execution test
FAIL: gcc.dg/torture/fp-int-convert-float80.c execution test
FAIL: gcc.dg/torture/fp-int-convert-float80.c execution test
FAIL: gcc.dg/torture/fp-int-convert-float80.c execution test
FAIL: gcc.dg/torture/fp-int-convert-long-double.c execution test
FAIL: gcc.dg/torture/fp-int-convert-long-double.c execution test
FAIL: gcc.dg/torture/fp-int-convert-long-double.c execution test
FAIL: gcc.dg/torture/fp-int-convert-long-double.c execution test
FAIL: gcc.dg/torture/fp-int-convert-long-double.c execution test
FAIL: gcc.dg/torture/fp-int-convert-long-double.c execution test
XPASS: gcc.dg/tree-ssa/20040204-1.c scan-tree-dump-times link_error 0
FAIL: gcc.dg/tree-ssa/stdarg-2.c scan-tree-dump f1: va_list escapes 0, needs to save 0 GPR units
FAIL: gcc.dg/tree-ssa/stdarg-2.c scan-tree-dump f2: va_list escapes 0, needs to save [148] GPR units
FAIL: gcc.dg/tree-ssa/stdarg-2.c scan-tree-dump f3: va_list escapes 0, needs to save [1-9][0-9]* GPR units
FAIL: gcc.dg/tree-ssa/stdarg-2.c scan-tree-dump f6: va_list escapes 0, needs to save (3|12|24) GPR units
FAIL: gcc.dg/tree-ssa/stdarg-2.c scan-tree-dump f11: va_list escapes 0, needs to save (3|12|24) GPR units
FAIL: gcc.dg/tree-ssa/stdarg-2.c scan-tree-dump f12: va_list escapes 0, needs to save [1-9][0-9]* GPR units
FAIL: gcc.dg/tree-ssa/stdarg-2.c scan-tree-dump f13: va_list escapes 0, needs to save [1-9][0-9]* GPR units
FAIL: gcc.dg/tree-ssa/stdarg-2.c scan-tree-dump f14: va_list escapes 0, needs to save [1-9][0-9]* GPR units
FAIL: gcc.dg/tree-ssa/stdarg-4.c scan-tree-dump f3: va_list escapes 0, needs to save [148] GPR units
FAIL: gcc.dg/tree-ssa/stdarg-4.c scan-tree-dump f4: va_list escapes 0, needs to save [148] GPR units
FAIL: gcc.dg/vect/pr23831.c (test for excess errors)
FAIL: gcc.target/i386/3dnow-1.c (test for excess errors)
FAIL: gcc.target/i386/3dnow-2.c (test for excess errors)
FAIL: gcc.target/i386/3dnowA-1.c (test for excess errors)
FAIL: gcc.target/i386/3dnowA-2.c (test for excess errors)
FAIL: gcc.target/i386/fastcall-sseregparm.c execution test
FAIL: gcc.target/i386/mmx-1.c (test for excess errors)
FAIL: gcc.target/i386/mmx-2.c (test for excess errors)
FAIL: gcc.target/i386/mmx-4.c (test for excess errors)
WARNING: gcc.target/i386/mmx-4.c compilation failed to produce executable
FAIL: gcc.target/i386/mmx-5.c (test for excess errors)
FAIL: gcc.target/i386/mmx-7.c (test for excess errors)
FAIL: gcc.target/i386/pr13366.c (test for excess errors)
FAIL: gcc.target/i386/pr21101.c (test for excess errors)
FAIL: gcc.target/i386/sse-1.c (test for excess errors)
ERROR: gcc.target/i386/sse-1.c: error executing dg-final: couldn't open "sse-1.s": no such file or directory
UNRESOLVED: gcc.target/i386/sse-1.c: error executing dg-final: couldn't open "sse-1.s": no such file or directory
FAIL: gcc.target/i386/sse-11.c (test for excess errors)
WARNING: gcc.target/i386/sse-11.c compilation failed to produce executable
FAIL: gcc.target/i386/sse-12.c (test for excess errors)
FAIL: gcc.target/i386/sse-13.c (test for excess errors)
FAIL: gcc.target/i386/sse-14.c (test for excess errors)
FAIL: gcc.target/i386/sse-15.c (test for excess errors)
FAIL: gcc.target/i386/sse-17.c (test for excess errors)
WARNING: gcc.target/i386/sse-17.c compilation failed to produce executable
FAIL: gcc.target/i386/sse-18.c (test for excess errors)
WARNING: gcc.target/i386/sse-18.c compilation failed to produce executable
FAIL: gcc.target/i386/sse-19.c (test for excess errors)
ERROR: gcc.target/i386/sse-19.c: error executing dg-final: couldn't open "sse-19.s": no such file or directory
UNRESOLVED: gcc.target/i386/sse-19.c: error executing dg-final: couldn't open "sse-19.s": no such file or directory
FAIL: gcc.target/i386/sse-2.c (test for excess errors)
FAIL: gcc.target/i386/sse-3.c (test for excess errors)
WARNING: gcc.target/i386/sse-3.c compilation failed to produce executable
FAIL: gcc.target/i386/sse-4.c (test for excess errors)
FAIL: gcc.target/i386/sse-6.c (test for excess errors)
WARNING: gcc.target/i386/sse-6.c compilation failed to produce executable
FAIL: gcc.target/i386/sse-7.c (test for excess errors)
WARNING: gcc.target/i386/sse-7.c compilation failed to produce executable
FAIL: gcc.target/i386/sse-9.c (test for excess errors)
WARNING: gcc.target/i386/sse-9.c compilation failed to produce executable
FAIL: gcc.target/i386/sse-vect-types.c (test for errors, line 17)
FAIL: gcc.target/i386/sse-vect-types.c (test for excess errors)
FAIL: gcc.target/i386/ssetype-1.c (test for excess errors)
ERROR: gcc.target/i386/ssetype-1.c: error executing dg-final: couldn't open "ssetype-1.s": no such file or directory
UNRESOLVED: gcc.target/i386/ssetype-1.c: error executing dg-final: couldn't open "ssetype-1.s": no such file or directory
FAIL: gcc.target/i386/ssetype-2.c (test for excess errors)
ERROR: gcc.target/i386/ssetype-2.c: error executing dg-final: couldn't open "ssetype-2.s": no such file or directory
UNRESOLVED: gcc.target/i386/ssetype-2.c: error executing dg-final: couldn't open "ssetype-2.s": no such file or directory
FAIL: gcc.target/i386/ssetype-3.c (test for excess errors)
ERROR: gcc.target/i386/ssetype-3.c: error executing dg-final: couldn't open "ssetype-3.s": no such file or directory
UNRESOLVED: gcc.target/i386/ssetype-3.c: error executing dg-final: couldn't open "ssetype-3.s": no such file or directory
FAIL: gcc.target/i386/ssetype-4.c (test for excess errors)
ERROR: gcc.target/i386/ssetype-4.c: error executing dg-final: couldn't open "ssetype-4.s": no such file or directory
UNRESOLVED: gcc.target/i386/ssetype-4.c: error executing dg-final: couldn't open "ssetype-4.s": no such file or directory
FAIL: gcc.target/i386/ssetype-5.c (test for excess errors)
ERROR: gcc.target/i386/ssetype-5.c: error executing dg-final: couldn't open "ssetype-5.s": no such file or directory
UNRESOLVED: gcc.target/i386/ssetype-5.c: error executing dg-final: couldn't open "ssetype-5.s": no such file or directory
=== gcc Summary ===
# of expected passes 40371
# of unexpected failures 338
# of unexpected successes 1
# of expected failures 111
# of unresolved testcases 7
# of untested testcases 84
# of unsupported tests 302
/home/karel/obj/gcc/xgcc version 4.2.0 20060503 (experimental)
=== libgomp tests ===
Running target unix
=== libgomp Summary ===
# of expected passes 356
# of unsupported tests 53
=== libstdc++ tests ===
Running target unix
FAIL: 18_support/numeric_limits/min_max.cc execution test
FAIL: 27_io/basic_filebuf/seekoff/char/1-io.cc execution test
FAIL: 27_io/basic_filebuf/seekoff/char/1-io.cc execution test
FAIL: 27_io/basic_filebuf/seekoff/char/2-io.cc execution test
FAIL: 27_io/basic_filebuf/seekoff/char/2-io.cc execution test
FAIL: 27_io/basic_filebuf/seekpos/char/1-io.cc execution test
FAIL: 27_io/basic_filebuf/seekpos/char/1-io.cc execution test
FAIL: 27_io/basic_filebuf/seekpos/char/2-io.cc execution test
FAIL: 27_io/basic_filebuf/seekpos/char/2-io.cc execution test
=== libstdc++ Summary ===
# of expected passes 6123
# of unexpected failures 9
# of expected failures 28
# of unsupported tests 410
Compiler version: 4.2.0 20060503 (experimental)
Platform: i386-unknown-openbsd3.9
configure flags: --prefix=/home/karel/usr/local/gcc-trunk-20060503-single --enable-shared --disable-checking --disable-nls --disable-werror --enable-languages=c,c++
More information about the Gcc-testresults
mailing list