Results for 4.2.0 20060429 (experimental) testsuite on i686-pc-linux-gnu
Rask Ingemann Lambertsen
rask@x1-6-00-0f-9f-c6-3e-90.k75.webspeed.dk
Wed May 3 18:44:00 GMT 2006
Configured with: CC='/usr/bin/gcc -march=pentium2 -O1' ../../cvssrc/clean-gcc/configure --disable-nls --with-system-zlib --with-arch=pentium2
/usr/bin/gcc: gcc (GCC) 4.1.0 20060304 (Red Hat 4.1.0-3)
SVN info:
Path: ../../cvssrc/clean-gcc
URL: svn://gcc.gnu.org/svn/gcc/trunk
Repository Root: svn://gcc.gnu.org/svn/gcc
Repository UUID: 138bc75d-0d04-0410-961f-82ee72b054a4
Revision: 113376
Node Kind: directory
Schedule: normal
Last Changed Author: fxcoudert
Last Changed Rev: 113376
Last Changed Date: 2006-04-29 18:31:26 +0200 (Sat, 29 Apr 2006)
Properties Last Updated: 2006-01-23 22:26:43 +0100 (Mon, 23 Jan 2006)
LAST_UPDATED:
Native configuration is i686-pc-linux-gnu
=== g++ tests ===
Running target unix
WARNING: program timed out.
FAIL: g++.dg/eh/cleanup1.C (test for excess errors)
=== g++ Summary ===
# of expected passes 12499
# of unexpected failures 1
# of expected failures 67
# of unsupported tests 69
/mnt/sysfs/rask/cvsbuild/clean-gcc-i686/gcc/testsuite/g++/../../g++ version 4.2.0 20060429 (experimental)
=== gcc tests ===
Running target unix
FAIL: gcc.c-torture/compile/sync-1.c -O0 (test for excess errors)
FAIL: gcc.c-torture/compile/sync-1.c -O1 (test for excess errors)
FAIL: gcc.c-torture/compile/sync-1.c -O2 (test for excess errors)
FAIL: gcc.c-torture/compile/sync-1.c -O3 -fomit-frame-pointer (test for excess errors)
FAIL: gcc.c-torture/compile/sync-1.c -O3 -g (test for excess errors)
FAIL: gcc.c-torture/compile/sync-1.c -Os (test for excess errors)
FAIL: gcc.c-torture/execute/20050316-2.c execution, -O0
FAIL: gcc.c-torture/execute/20050316-2.c execution, -O1
FAIL: gcc.c-torture/execute/20050316-2.c execution, -O2
FAIL: gcc.c-torture/execute/20050604-1.c execution, -O0
FAIL: gcc.c-torture/execute/20050604-1.c execution, -O1
FAIL: gcc.c-torture/execute/20050604-1.c execution, -O2
FAIL: gcc.c-torture/execute/20050604-1.c execution, -O3 -fomit-frame-pointer
FAIL: gcc.c-torture/execute/20050604-1.c execution, -O3 -fomit-frame-pointer -funroll-loops
FAIL: gcc.c-torture/execute/20050604-1.c execution, -O3 -fomit-frame-pointer -funroll-all-loops -finline-functions
FAIL: gcc.c-torture/execute/20050604-1.c execution, -O3 -g
FAIL: gcc.c-torture/execute/20050604-1.c execution, -Os
FAIL: gcc.dg/compat/vector-2 c_compat_x_tst.o-c_compat_y_tst.o execute
FAIL: gcc.dg/cpp/_Pragma3.c (test for excess errors)
FAIL: gcc.dg/builtin-apply4.c execution test
FAIL: gcc.target/i386/fastcall-sseregparm.c execution test
FAIL: gcc.target/i386/sse-17.c execution test
=== gcc Summary ===
# of expected passes 39379
# of unexpected failures 22
# of expected failures 112
# of untested testcases 28
# of unsupported tests 267
/mnt/sysfs/rask/cvsbuild/clean-gcc-i686/gcc/xgcc version 4.2.0 20060429 (experimental)
=== gfortran tests ===
Running target unix
XPASS: gfortran.dg/csqrt_2.f -O0 execution test
XPASS: gfortran.dg/csqrt_2.f -O1 execution test
XPASS: gfortran.dg/csqrt_2.f -O2 execution test
XPASS: gfortran.dg/csqrt_2.f -O3 -fomit-frame-pointer execution test
XPASS: gfortran.dg/csqrt_2.f -O3 -fomit-frame-pointer -funroll-loops execution test
XPASS: gfortran.dg/csqrt_2.f -O3 -fomit-frame-pointer -funroll-all-loops -finline-functions execution test
XPASS: gfortran.dg/csqrt_2.f -O3 -g execution test
XPASS: gfortran.dg/csqrt_2.f -Os execution test
=== gfortran Summary ===
# of expected passes 12975
# of unexpected successes 8
# of expected failures 7
# of unsupported tests 16
/mnt/sysfs/rask/cvsbuild/clean-gcc-i686/gcc/testsuite/gfortran/../../gfortran version 4.2.0 20060429 (experimental)
=== objc tests ===
Running target unix
=== objc Summary ===
# of expected passes 1752
# of expected failures 7
# of unsupported tests 24
/mnt/sysfs/rask/cvsbuild/clean-gcc-i686/gcc/xgcc version 4.2.0 20060429 (experimental)
=== libffi tests ===
Running target unix
FAIL: libffi.call/return_fl2.c -O0 -W -Wall execution test
FAIL: libffi.call/return_fl2.c -O2 execution test
FAIL: libffi.call/return_fl2.c -O3 execution test
FAIL: libffi.call/return_fl2.c -Os execution test
=== libffi Summary ===
# of expected passes 1068
# of unexpected failures 4
# of unsupported tests 8
=== libgomp tests ===
Running target unix
FAIL: libgomp.c/omp-loop03.c execution test
FAIL: libgomp.c++/loop-3.C -O execution test
=== libgomp Summary ===
# of expected passes 1376
# of unexpected failures 2
=== libjava tests ===
Running target unix
XPASS: PR26858 execution - source compiled test
XPASS: PR26858 output - source compiled test
XPASS: PR26858 execution - bytecode->native test
XPASS: PR26858 output - bytecode->native test
XPASS: PR26858 -O3 execution - source compiled test
XPASS: PR26858 -O3 output - source compiled test
XPASS: PR26858 -O3 execution - bytecode->native test
XPASS: PR26858 -O3 output - bytecode->native test
=== libjava Summary ===
# of expected passes 4149
# of unexpected successes 8
# of expected failures 12
# of untested testcases 10
=== libmudflap tests ===
Running target unix
=== libmudflap Summary ===
# of expected passes 1814
=== libstdc++ tests ===
Running target unix
XPASS: 26_numerics/cmath/c99_classification_macros_c.cc (test for excess errors)
=== libstdc++ Summary ===
# of expected passes 4173
# of unexpected successes 1
# of expected failures 12
Compiler version: 4.2.0 20060429 (experimental)
Platform: i686-pc-linux-gnu
configure flags: --disable-nls --with-system-zlib --with-arch=pentium2 --enable-languages=c,c++,fortran,java,objc
More information about the Gcc-testresults
mailing list