Results for 4.1.1 20060501 (prerelease) testsuite on ia64-redhat-linux-gnu
Grigory Zagorodnev
grigory_zagorodnev@linux.intel.com
Mon May 1 22:37:00 GMT 2006
LAST_UPDATED: Mon May 1 17:29:39 UTC 2006 (revision 113416)
Native configuration is ia64-redhat-linux-gnu
=== gcc tests ===
Running target unix
FAIL: gcc.dg/builtin-apply4.c execution test
FAIL: gcc.dg/sibcall-7.c execution test
XPASS: gcc.dg/tree-ssa/loop-1.c scan-assembler-times foo 5
XPASS: gcc.dg/vect/pr16105.c scan-tree-dump-times vectorized 1 loops 1
XPASS: gcc.dg/vect/pr20122.c scan-tree-dump-times vectorized 1 loops 2
XPASS: gcc.dg/vect/vect-105.c scan-tree-dump-times vectorized 1 loops 1
XPASS: gcc.dg/vect/vect-30.c scan-tree-dump-times vectorized 1 loops 2
XPASS: gcc.dg/vect/vect-42.c scan-tree-dump-times vectorized 1 loops 1
XPASS: gcc.dg/vect/vect-43.c scan-tree-dump-times vectorized 1 loops 1
XPASS: gcc.dg/vect/vect-74.c scan-tree-dump-times vectorized 1 loops 1
XPASS: gcc.dg/vect/vect-75.c scan-tree-dump-times vectorized 1 loops 1
XPASS: gcc.dg/vect/vect-8.c scan-tree-dump-times vectorized 1 loops 1
=== gcc Summary ===
# of expected passes 37129
# of unexpected failures 2
# of unexpected successes 10
# of expected failures 132
# of untested testcases 28
# of unsupported tests 317
/home/testbot/bootstrap/002627/bld/gcc/xgcc version 4.1.1 20060501 (prerelease)
=== gfortran tests ===
Running target unix
FAIL: gfortran.dg/vect/vect-4.f90 -O scan-tree-dump-times Alignment of access forced using peeling 1
FAIL: gfortran.dg/vect/vect-4.f90 -O scan-tree-dump-times Vectorizing an unaligned access 1
=== gfortran Summary ===
# of expected passes 12437
# of unexpected failures 2
# of expected failures 18
# of unsupported tests 18
/home/testbot/bootstrap/002627/bld/gcc/testsuite/gfortran/../../gfortran version 4.1.1 20060501 (prerelease)
=== g++ tests ===
Running target unix
XPASS: g++.dg/tree-ssa/pr14814.C scan-tree-dump-times &this 0
XPASS: g++.old-deja/g++.other/init5.C execution test
=== g++ Summary ===
# of expected passes 11465
# of unexpected successes 2
# of expected failures 66
# of unsupported tests 103
/home/testbot/bootstrap/002627/bld/gcc/testsuite/g++/../../g++ version 4.1.1 20060501 (prerelease)
=== objc tests ===
Running target unix
=== objc Summary ===
# of expected passes 1682
# of unsupported tests 23
/home/testbot/bootstrap/002627/bld/gcc/xgcc version 4.1.1 20060501 (prerelease)
=== libffi tests ===
Running target unix
=== libffi Summary ===
# of expected passes 228
# of unsupported tests 2
=== libjava tests ===
Running target unix
=== libjava Summary ===
# of expected passes 4053
# of expected failures 10
# of untested testcases 8
=== libmudflap tests ===
Running target unix
=== libmudflap Summary ===
# of expected passes 1799
=== libstdc++ tests ===
Running target unix
XPASS: 26_numerics/cmath/c99_classification_macros_c.cc (test for excess errors)
XPASS: 27_io/fpos/14320-1.cc execution test
=== libstdc++ Summary ===
# of expected passes 4039
# of unexpected successes 2
# of expected failures 11
Compiler version: 4.1.1 20060501 (prerelease)
Platform: ia64-redhat-linux-gnu
configure flags: --prefix=/home/testbot/bootstrap/002627/usr --program-suffix=-41 -enable-shared --enable-threads=posix --enable-checking --with-system-zlib --enable-__cxa_atexit --host=ia64-redhat-linux --enable-languages=c,c++,fortran,java,objc
More information about the Gcc-testresults
mailing list