Results for 4.2.0 20060328 (experimental) testsuite on i686-pc-linux-gnu
Chris Douty
Chris_Douty@ampex.com
Tue Mar 28 18:33:00 GMT 2006
LAST_UPDATED: Tue Mar 28 02:53:54 UTC 2006 (revision 112435)
=== acats tests ===
FAIL: c34002a
FAIL: c35507m
FAIL: c52005e
FAIL: c974005
FAIL: cd2a23e
FAIL: cdd2a02
FAIL: cxh1001
=== acats Summary ===
# of expected passes 2310
# of unexpected failures 7
Native configuration is i686-pc-linux-gnu
=== gcc tests ===
Running target unix
WARNING: program timed out.
FAIL: gcc.c-torture/compile/20001226-1.c -O0 (test for excess errors)
WARNING: program timed out.
FAIL: gcc.c-torture/compile/20001226-1.c -O2 (test for excess errors)
WARNING: program timed out.
FAIL: gcc.c-torture/compile/20001226-1.c -O3 -fomit-frame-pointer
(test for excess errors)
WARNING: program timed out.
FAIL: gcc.c-torture/compile/20001226-1.c -O3 -g (test for excess
errors)
WARNING: program timed out.
FAIL: gcc.c-torture/compile/20001226-1.c -Os (test for excess errors)
=== gcc Summary ===
# of expected passes 39224
# of unexpected failures 5
# of expected failures 112
# of untested testcases 28
# of unsupported tests 266
/local/work/gcc-stuff/i686-pc-linux-gnu-head/gcc/xgcc version 4.2.0
20060328 (experimental)
=== g++ tests ===
Running target unix
FAIL: g++.dg/init/ctor4.C (test for excess errors)
FAIL: g++.dg/parse/register1.C (test for excess errors)
FAIL: g++.old-deja/g++.brendan/warnings4.C (test for excess errors)
FAIL: g++.old-deja/g++.jason/overload34.C (test for excess errors)
FAIL: g++.old-deja/g++.mike/p11110.C (test for excess errors)
=== g++ Summary ===
# of expected passes 12389
# of unexpected failures 5
# of expected failures 67
# of unsupported tests 69
/local/work/gcc-stuff/i686-pc-linux-gnu-head/gcc/testsuite/g++/../../g
++ version 4.2.0 20060328 (experimental)
=== obj-c++ tests ===
Running target unix
FAIL: obj-c++.dg/comp-types-10.mm (test for excess errors)
FAIL: obj-c++.dg/cxx-ivars-2.mm execution test
FAIL: obj-c++.dg/encode-3.mm (test for excess errors)
FAIL: obj-c++.dg/encode-8.mm execution test
FAIL: obj-c++.dg/isa-field-1.mm (test for excess errors)
FAIL: obj-c++.dg/lookup-2.mm (test for excess errors)
WARNING: obj-c++.dg/lookup-2.mm compilation failed to produce executable
FAIL: obj-c++.dg/try-catch-2.mm (test for excess errors)
WARNING: obj-c++.dg/try-catch-2.mm compilation failed to produce
executable
FAIL: obj-c++.dg/try-catch-9.mm (test for excess errors)
WARNING: obj-c++.dg/try-catch-9.mm compilation failed to produce
executable
=== obj-c++ Summary ===
# of expected passes 425
# of unexpected failures 8
# of unsupported tests 13
/local/work/gcc-stuff/i686-pc-linux-gnu-head/gcc/testsuite/obj-c+
+/../../g++ version 4.2.0 20060328 (experimental)
=== objc tests ===
Running target unix
=== objc Summary ===
# of expected passes 1752
# of expected failures 7
# of unsupported tests 24
/local/work/gcc-stuff/i686-pc-linux-gnu-head/gcc/xgcc version 4.2.0
20060328 (experimental)
=== libffi tests ===
Running target unix
FAIL: libffi.call/return_fl2.c -O0 -W -Wall execution test
FAIL: libffi.call/return_fl2.c -O2 execution test
FAIL: libffi.call/return_fl2.c -O3 execution test
FAIL: libffi.call/return_fl2.c -Os execution test
=== libffi Summary ===
# of expected passes 1060
# of unexpected failures 4
# of unsupported tests 8
=== libgomp tests ===
Running target unix
=== libgomp Summary ===
# of expected passes 420
=== libjava tests ===
Running target unix
XPASS: PR26858 execution - source compiled test
XPASS: PR26858 execution - bytecode->native test
XPASS: PR26858 -O3 execution - source compiled test
XPASS: PR26858 -O3 execution - bytecode->native test
=== libjava Summary ===
# of expected passes 4071
# of unexpected successes 4
# of expected failures 16
# of untested testcases 10
=== libmudflap tests ===
Running target unix
=== libmudflap Summary ===
# of expected passes 1789
=== libstdc++ tests ===
Running target unix
XPASS: 26_numerics/cmath/c99_classification_macros_c.cc (test for
excess errors)
=== libstdc++ Summary ===
# of expected passes 4173
# of unexpected successes 1
# of expected failures 12
Compiler version: 4.2.0 20060328 (experimental)
Platform: i686-pc-linux-gnu
configure flags: --prefix=/opt/gcc420 --enable-shared --enable-
threads=posix --enable-__cxa_atexit --enable-languages=c,ada,c+
+,java,objc,obj-c++
Host is a P4 w/ hyperthreading running RHEL3.
--
Christopher Douty <Chris_Douty@ampexdata.com> +1-650-367-3129
Senior Engineer, Software & Systems - AMPEX Data Systems Corp.
More information about the Gcc-testresults
mailing list