Results for 4.0.3 testsuite on hppa2.0w-hp-hpux11.00
Rainer Emrich
r.emrich@de.tecosim.com
Tue Mar 28 08:17:00 GMT 2006
LAST_UPDATED: Obtained from SVN: tags/gcc_4_0_3_release revision 111908
Native configuration is hppa2.0w-hp-hpux11.00
=== g++ tests ===
Running target unix/
=== g++ Summary for unix/ ===
# of expected passes 11067
# of expected failures 70
# of unsupported tests 131
Running target unix/-mpa-risc-2-0
=== g++ Summary for unix/-mpa-risc-2-0 ===
# of expected passes 11067
# of expected failures 70
# of unsupported tests 131
=== g++ Summary ===
# of expected passes 22134
# of expected failures 140
# of unsupported tests 262
/disk1/SCRATCH/gcc-build/HP-UX/hppa2.0w-hp-hpux11.00/gcc-4.0.3/gcc-4.0.3/gcc/testsuite/../g++
version 4.0.3
=== gcc tests ===
Running target unix/
FAIL: gcc.dg/20050922-1.c (test for excess errors)
WARNING: gcc.dg/20050922-1.c compilation failed to produce executable
XPASS: gcc.dg/const-elim-1.c scan-assembler-not L\\\\\$?C[^A-Z]
FAIL: gcc.dg/special/weak-1.c execution test
=== gcc Summary for unix/ ===
# of expected passes 34119
# of unexpected failures 2
# of unexpected successes 1
# of expected failures 69
# of untested testcases 28
# of unsupported tests 582
Running target unix/-mpa-risc-2-0
FAIL: gcc.c-torture/execute/20010122-1.c execution, -O0
FAIL: gcc.c-torture/execute/20010122-1.c execution, -O1
FAIL: gcc.c-torture/execute/20010122-1.c execution, -O2
FAIL: gcc.c-torture/execute/20010122-1.c execution, -O3 -g
FAIL: gcc.c-torture/execute/20010122-1.c execution, -Os
FAIL: gcc.dg/20050922-1.c (test for excess errors)
WARNING: gcc.dg/20050922-1.c compilation failed to produce executable
XPASS: gcc.dg/const-elim-1.c scan-assembler-not L\\\\\$?C[^A-Z]
FAIL: gcc.dg/special/weak-1.c execution test
=== gcc Summary for unix/-mpa-risc-2-0 ===
# of expected passes 34114
# of unexpected failures 7
# of unexpected successes 1
# of expected failures 69
# of untested testcases 28
# of unsupported tests 582
=== gcc Summary ===
# of expected passes 68233
# of unexpected failures 9
# of unexpected successes 2
# of expected failures 138
# of untested testcases 56
# of unsupported tests 1164
/disk1/SCRATCH/gcc-build/HP-UX/hppa2.0w-hp-hpux11.00/gcc-4.0.3/gcc-4.0.3/gcc/xgcc
version 4.0.3
=== gfortran tests ===
Running target unix/
FAIL: gfortran.dg/gnu_logical_1.F -O0 (test for excess errors)
WARNING: gfortran.dg/gnu_logical_1.F -O0 compilation failed to produce executable
FAIL: gfortran.dg/gnu_logical_1.F -O1 (test for excess errors)
WARNING: gfortran.dg/gnu_logical_1.F -O1 compilation failed to produce executable
FAIL: gfortran.dg/gnu_logical_1.F -O2 (test for excess errors)
WARNING: gfortran.dg/gnu_logical_1.F -O2 compilation failed to produce executable
FAIL: gfortran.dg/gnu_logical_1.F -O3 -fomit-frame-pointer (test for excess
errors)
WARNING: gfortran.dg/gnu_logical_1.F -O3 -fomit-frame-pointer compilation
failed to produce executable
FAIL: gfortran.dg/gnu_logical_1.F -O3 -fomit-frame-pointer -funroll-loops
(test for excess errors)
WARNING: gfortran.dg/gnu_logical_1.F -O3 -fomit-frame-pointer -funroll-loops
compilation failed to produce executable
FAIL: gfortran.dg/gnu_logical_1.F -O3 -fomit-frame-pointer -funroll-all-loops
-finline-functions (test for excess errors)
WARNING: gfortran.dg/gnu_logical_1.F -O3 -fomit-frame-pointer
-funroll-all-loops -finline-functions compilation failed to produce executable
FAIL: gfortran.dg/gnu_logical_1.F -O3 -g (test for excess errors)
WARNING: gfortran.dg/gnu_logical_1.F -O3 -g compilation failed to produce
executable
FAIL: gfortran.dg/gnu_logical_1.F -Os (test for excess errors)
WARNING: gfortran.dg/gnu_logical_1.F -Os compilation failed to produce executable
FAIL: gfortran.dg/module_equivalence_1.f90 -O0 (test for excess errors)
WARNING: gfortran.dg/module_equivalence_1.f90 -O0 compilation failed to
produce executable
FAIL: gfortran.dg/module_equivalence_1.f90 -O1 (test for excess errors)
WARNING: gfortran.dg/module_equivalence_1.f90 -O1 compilation failed to
produce executable
FAIL: gfortran.dg/module_equivalence_1.f90 -O2 (test for excess errors)
WARNING: gfortran.dg/module_equivalence_1.f90 -O2 compilation failed to
produce executable
FAIL: gfortran.dg/module_equivalence_1.f90 -O3 -fomit-frame-pointer (test for
excess errors)
WARNING: gfortran.dg/module_equivalence_1.f90 -O3 -fomit-frame-pointer
compilation failed to produce executable
FAIL: gfortran.dg/module_equivalence_1.f90 -O3 -fomit-frame-pointer
-funroll-loops (test for excess errors)
WARNING: gfortran.dg/module_equivalence_1.f90 -O3 -fomit-frame-pointer
-funroll-loops compilation failed to produce executable
FAIL: gfortran.dg/module_equivalence_1.f90 -O3 -fomit-frame-pointer
-funroll-all-loops -finline-functions (test for excess errors)
WARNING: gfortran.dg/module_equivalence_1.f90 -O3 -fomit-frame-pointer
-funroll-all-loops -finline-functions compilation failed to produce executable
FAIL: gfortran.dg/module_equivalence_1.f90 -O3 -g (test for excess errors)
WARNING: gfortran.dg/module_equivalence_1.f90 -O3 -g compilation failed to
produce executable
FAIL: gfortran.dg/module_equivalence_1.f90 -Os (test for excess errors)
WARNING: gfortran.dg/module_equivalence_1.f90 -Os compilation failed to
produce executable
=== gfortran Summary for unix/ ===
# of expected passes 8789
# of unexpected failures 16
# of expected failures 1
# of unsupported tests 17
Running target unix/-mpa-risc-2-0
FAIL: gfortran.dg/gnu_logical_1.F -O0 (test for excess errors)
WARNING: gfortran.dg/gnu_logical_1.F -O0 compilation failed to produce executable
FAIL: gfortran.dg/gnu_logical_1.F -O1 (test for excess errors)
WARNING: gfortran.dg/gnu_logical_1.F -O1 compilation failed to produce executable
FAIL: gfortran.dg/gnu_logical_1.F -O2 (test for excess errors)
WARNING: gfortran.dg/gnu_logical_1.F -O2 compilation failed to produce executable
FAIL: gfortran.dg/gnu_logical_1.F -O3 -fomit-frame-pointer (test for excess
errors)
WARNING: gfortran.dg/gnu_logical_1.F -O3 -fomit-frame-pointer compilation
failed to produce executable
FAIL: gfortran.dg/gnu_logical_1.F -O3 -fomit-frame-pointer -funroll-loops
(test for excess errors)
WARNING: gfortran.dg/gnu_logical_1.F -O3 -fomit-frame-pointer -funroll-loops
compilation failed to produce executable
FAIL: gfortran.dg/gnu_logical_1.F -O3 -fomit-frame-pointer -funroll-all-loops
-finline-functions (test for excess errors)
WARNING: gfortran.dg/gnu_logical_1.F -O3 -fomit-frame-pointer
-funroll-all-loops -finline-functions compilation failed to produce executable
FAIL: gfortran.dg/gnu_logical_1.F -O3 -g (test for excess errors)
WARNING: gfortran.dg/gnu_logical_1.F -O3 -g compilation failed to produce
executable
FAIL: gfortran.dg/gnu_logical_1.F -Os (test for excess errors)
WARNING: gfortran.dg/gnu_logical_1.F -Os compilation failed to produce executable
FAIL: gfortran.dg/module_equivalence_1.f90 -O0 (test for excess errors)
WARNING: gfortran.dg/module_equivalence_1.f90 -O0 compilation failed to
produce executable
FAIL: gfortran.dg/module_equivalence_1.f90 -O1 (test for excess errors)
WARNING: gfortran.dg/module_equivalence_1.f90 -O1 compilation failed to
produce executable
FAIL: gfortran.dg/module_equivalence_1.f90 -O2 (test for excess errors)
WARNING: gfortran.dg/module_equivalence_1.f90 -O2 compilation failed to
produce executable
FAIL: gfortran.dg/module_equivalence_1.f90 -O3 -fomit-frame-pointer (test for
excess errors)
WARNING: gfortran.dg/module_equivalence_1.f90 -O3 -fomit-frame-pointer
compilation failed to produce executable
FAIL: gfortran.dg/module_equivalence_1.f90 -O3 -fomit-frame-pointer
-funroll-loops (test for excess errors)
WARNING: gfortran.dg/module_equivalence_1.f90 -O3 -fomit-frame-pointer
-funroll-loops compilation failed to produce executable
FAIL: gfortran.dg/module_equivalence_1.f90 -O3 -fomit-frame-pointer
-funroll-all-loops -finline-functions (test for excess errors)
WARNING: gfortran.dg/module_equivalence_1.f90 -O3 -fomit-frame-pointer
-funroll-all-loops -finline-functions compilation failed to produce executable
FAIL: gfortran.dg/module_equivalence_1.f90 -O3 -g (test for excess errors)
WARNING: gfortran.dg/module_equivalence_1.f90 -O3 -g compilation failed to
produce executable
FAIL: gfortran.dg/module_equivalence_1.f90 -Os (test for excess errors)
WARNING: gfortran.dg/module_equivalence_1.f90 -Os compilation failed to
produce executable
=== gfortran Summary for unix/-mpa-risc-2-0 ===
# of expected passes 8789
# of unexpected failures 16
# of expected failures 1
# of unsupported tests 17
=== gfortran Summary ===
# of expected passes 17578
# of unexpected failures 32
# of expected failures 2
# of unsupported tests 34
/disk1/SCRATCH/gcc-build/HP-UX/hppa2.0w-hp-hpux11.00/gcc-4.0.3/gcc-4.0.3/gcc/testsuite/../gfortran
version 4.0.3
=== objc tests ===
Running target unix/
=== objc Summary for unix/ ===
# of expected passes 1552
# of unsupported tests 11
Running target unix/-mpa-risc-2-0
=== objc Summary for unix/-mpa-risc-2-0 ===
# of expected passes 1552
# of unsupported tests 11
=== objc Summary ===
# of expected passes 3104
# of unsupported tests 22
/disk1/SCRATCH/gcc-build/HP-UX/hppa2.0w-hp-hpux11.00/gcc-4.0.3/gcc-4.0.3/gcc/xgcc
version 4.0.3
=== libstdc++ tests ===
Running target unix/
=== libstdc++ Summary for unix/ ===
# of expected passes 2612
# of expected failures 11
# of unsupported tests 10
Running target unix/-mpa-risc-2-0
FAIL: 26_numerics/cmath/c99_classification_macros_c.cc (test for excess errors)
=== libstdc++ Summary for unix/-mpa-risc-2-0 ===
# of expected passes 2611
# of unexpected failures 1
# of expected failures 11
# of unsupported tests 10
=== libstdc++ Summary ===
# of expected passes 5223
# of unexpected failures 1
# of expected failures 22
# of unsupported tests 20
Compiler version: 4.0.3
Platform: hppa2.0w-hp-hpux11.00
configure flags: --prefix=/SCRATCH/gcc-build/HP-UX/hppa2.0w-hp-hpux11.00/install
--with-gnu-as
--with-as=/SCRATCH/gcc-build/HP-UX/hppa2.0w-hp-hpux11.00/install/bin/as
--with-ld=/usr/ccs/bin/ld --enable-threads=posix --disable-shared
--with-gmp=/appl/shared/gnu/HP-UX/hppa2.0w-hp-hpux11.00
--with-mpfr=/appl/shared/gnu/HP-UX/hppa2.0w-hp-hpux11.00
--enable-languages=c,c++,f95,java,objc
binutils:
binutils-2.16.1
Build system:
HP-UX stokes B.11.00 A 9000/785 HP-UX
cc for building:
gcc
gcc (GCC) 4.0.3
Copyright (C) 2006 Free Software Foundation, Inc.
This is free software; see the source for copying conditions. There is NO
warranty; not even for MERCHANTABILITY or FITNESS FOR A PARTICULAR PURPOSE.
as for building:
GNU assembler 2.16.1
Copyright 2005 Free Software Foundation, Inc.
This program is free software; you may redistribute it under the terms of
the GNU General Public License. This program has absolutely no warranty.
This assembler was configured for a target of \`hppa2.0w-hp-hpux11.00'.
ld for building:
92453-07 linker command s800.sgs ld PA64 B.11.43 REL 050124
/usr/ccs/bin/ld: Usage: /usr/ccs/bin/ld [options] [flags] files
/usr/ccs/bin/ld: 92453-07 linker linker ld B.11.43 050125
More information about the Gcc-testresults
mailing list