Results for 3.4.6 testsuite on hppa2.0w-hp-hpux11.00
Rainer Emrich
r.emrich@de.tecosim.com
Tue Mar 28 08:16:00 GMT 2006
LAST_UPDATED: Obtained from SVN: tags/gcc_3_4_6_release revision 111785
=== acats tests ===
FAIL: c954026
=== acats Summary ===
# of expected passes 2321
# of unexpected failures 1
Native configuration is hppa2.0w-hp-hpux11.00
=== g++ tests ===
Running target unix/
UNRESOLVED: g++.dg/init/init-ref4.C
XPASS: g++.dg/rtti/tinfo1.C scan-assembler-not
.section[^\\n\\r]*_ZTIP9CTemplateIhE[^\\n\\r]*
UNRESOLVED: g++.old-deja/g++.ext/attrib5.C
UNRESOLVED: g++.old-deja/g++.pt/static3.C
=== g++ Summary for unix/ ===
# of expected passes 9752
# of unexpected successes 1
# of expected failures 68
# of unresolved testcases 3
# of unsupported tests 88
Running target unix/-mpa-risc-2-0
UNRESOLVED: g++.dg/init/init-ref4.C
XPASS: g++.dg/rtti/tinfo1.C scan-assembler-not
.section[^\\n\\r]*_ZTIP9CTemplateIhE[^\\n\\r]*
UNRESOLVED: g++.old-deja/g++.ext/attrib5.C
UNRESOLVED: g++.old-deja/g++.pt/static3.C
=== g++ Summary for unix/-mpa-risc-2-0 ===
# of expected passes 9752
# of unexpected successes 1
# of expected failures 68
# of unresolved testcases 3
# of unsupported tests 88
=== g++ Summary ===
# of expected passes 19504
# of unexpected successes 2
# of expected failures 136
# of unresolved testcases 6
# of unsupported tests 176
/disk1/SCRATCH/gcc-build/HP-UX/hppa2.0w-hp-hpux11.00/gcc-3.4.6/gcc-3.4.6/gcc/testsuite/../g++
version 3.4.6
=== g77 tests ===
Running target unix/
=== g77 Summary for unix/ ===
# of expected passes 1812
# of unsupported tests 6
Running target unix/-mpa-risc-2-0
=== g77 Summary for unix/-mpa-risc-2-0 ===
# of expected passes 1812
# of unsupported tests 6
=== g77 Summary ===
# of expected passes 3624
# of unsupported tests 12
/disk1/SCRATCH/gcc-build/HP-UX/hppa2.0w-hp-hpux11.00/gcc-3.4.6/gcc-3.4.6/gcc/testsuite/../g77
version 3.4.6
=== gcc tests ===
Running target unix/
UNRESOLVED: gcc.dg/visibility-1.c
UNRESOLVED: gcc.dg/visibility-2.c
UNRESOLVED: gcc.dg/visibility-3.c
UNRESOLVED: gcc.dg/visibility-4.c
UNRESOLVED: gcc.dg/visibility-5.c
UNRESOLVED: gcc.dg/visibility-6.c
UNRESOLVED: gcc.dg/visibility-7.c
UNRESOLVED: gcc.dg/visibility-8.c
UNRESOLVED: gcc.dg/special/weak-1.c
UNRESOLVED: gcc.dg/special/weak-2.c
UNRESOLVED: gcc.dg/special/wkali-1.c
UNRESOLVED: gcc.dg/special/wkali-2.c
UNRESOLVED: gcc.dg/weak/typeof-2.c
UNRESOLVED: gcc.dg/weak/weak-1.c
UNRESOLVED: gcc.dg/weak/weak-2.c
UNRESOLVED: gcc.dg/weak/weak-3.c
UNRESOLVED: gcc.dg/weak/weak-4.c
UNRESOLVED: gcc.dg/weak/weak-5.c
UNRESOLVED: gcc.dg/weak/weak-6.c
UNRESOLVED: gcc.dg/weak/weak-7.c
UNRESOLVED: gcc.dg/weak/weak-8.c
UNRESOLVED: gcc.dg/weak/weak-9.c
=== gcc Summary for unix/ ===
# of expected passes 24532
# of expected failures 69
# of unresolved testcases 22
# of untested testcases 7
# of unsupported tests 402
Running target unix/-mpa-risc-2-0
FAIL: gcc.c-torture/execute/20010122-1.c execution, -O0
FAIL: gcc.c-torture/execute/20010122-1.c execution, -O1
FAIL: gcc.c-torture/execute/20010122-1.c execution, -O2
FAIL: gcc.c-torture/execute/20010122-1.c execution, -O3 -g
FAIL: gcc.c-torture/execute/20010122-1.c execution, -Os
UNRESOLVED: gcc.dg/visibility-1.c
UNRESOLVED: gcc.dg/visibility-2.c
UNRESOLVED: gcc.dg/visibility-3.c
UNRESOLVED: gcc.dg/visibility-4.c
UNRESOLVED: gcc.dg/visibility-5.c
UNRESOLVED: gcc.dg/visibility-6.c
UNRESOLVED: gcc.dg/visibility-7.c
UNRESOLVED: gcc.dg/visibility-8.c
UNRESOLVED: gcc.dg/special/weak-1.c
UNRESOLVED: gcc.dg/special/weak-2.c
UNRESOLVED: gcc.dg/special/wkali-1.c
UNRESOLVED: gcc.dg/special/wkali-2.c
UNRESOLVED: gcc.dg/weak/typeof-2.c
UNRESOLVED: gcc.dg/weak/weak-1.c
UNRESOLVED: gcc.dg/weak/weak-2.c
UNRESOLVED: gcc.dg/weak/weak-3.c
UNRESOLVED: gcc.dg/weak/weak-4.c
UNRESOLVED: gcc.dg/weak/weak-5.c
UNRESOLVED: gcc.dg/weak/weak-6.c
UNRESOLVED: gcc.dg/weak/weak-7.c
UNRESOLVED: gcc.dg/weak/weak-8.c
UNRESOLVED: gcc.dg/weak/weak-9.c
=== gcc Summary for unix/-mpa-risc-2-0 ===
# of expected passes 24527
# of unexpected failures 5
# of expected failures 69
# of unresolved testcases 22
# of untested testcases 7
# of unsupported tests 402
=== gcc Summary ===
# of expected passes 49059
# of unexpected failures 5
# of expected failures 138
# of unresolved testcases 44
# of untested testcases 14
# of unsupported tests 804
/disk1/SCRATCH/gcc-build/HP-UX/hppa2.0w-hp-hpux11.00/gcc-3.4.6/gcc-3.4.6/gcc/xgcc
version 3.4.6
=== objc tests ===
Running target unix/
=== objc Summary for unix/ ===
# of expected passes 1352
# of unsupported tests 8
Running target unix/-mpa-risc-2-0
=== objc Summary for unix/-mpa-risc-2-0 ===
# of expected passes 1352
# of unsupported tests 8
=== objc Summary ===
# of expected passes 2704
# of unsupported tests 16
/disk1/SCRATCH/gcc-build/HP-UX/hppa2.0w-hp-hpux11.00/gcc-3.4.6/gcc-3.4.6/gcc/xgcc
version 3.4.6
=== libstdc++ tests ===
Running target unix/
=== libstdc++ Summary for unix/ ===
# of expected passes 2039
# of expected failures 4
# of unsupported tests 9
Running target unix/-mpa-risc-2-0
FAIL: 26_numerics/c99_classification_macros_c.cc (test for excess errors)
=== libstdc++ Summary for unix/-mpa-risc-2-0 ===
# of expected passes 2038
# of unexpected failures 1
# of expected failures 4
# of unsupported tests 9
=== libstdc++ Summary ===
# of expected passes 4077
# of unexpected failures 1
# of expected failures 8
# of unsupported tests 18
Compiler version: 3.4.6
Platform: hppa2.0w-hp-hpux11.00
configure flags: --prefix=/SCRATCH/gcc-build/HP-UX/hppa2.0w-hp-hpux11.00/install
--with-gnu-as
--with-as=/SCRATCH/gcc-build/HP-UX/hppa2.0w-hp-hpux11.00/install/bin/as
--with-ld=/usr/ccs/bin/ld --enable-threads=single --disable-shared
--enable-languages=c,ada,c++,f77,java,objc
binutils:
binutils-2.16.1
Build system:
HP-UX stokes B.11.00 A 9000/785 HP-UX
cc for building:
gcc
gcc (GCC) 3.4.6
Copyright (C) 2006 Free Software Foundation, Inc.
This is free software; see the source for copying conditions. There is NO
warranty; not even for MERCHANTABILITY or FITNESS FOR A PARTICULAR PURPOSE.
as for building:
GNU assembler 2.16.1
Copyright 2005 Free Software Foundation, Inc.
This program is free software; you may redistribute it under the terms of
the GNU General Public License. This program has absolutely no warranty.
This assembler was configured for a target of \`hppa2.0w-hp-hpux11.00'.
ld for building:
92453-07 linker command s800.sgs ld PA64 B.11.43 REL 050124
/usr/ccs/bin/ld: Usage: /usr/ccs/bin/ld [options] [flags] files
/usr/ccs/bin/ld: 92453-07 linker linker ld B.11.43 050125
More information about the Gcc-testresults
mailing list