Results for 4.2.0 20060327 (experimental) testsuite on i686-pc-linux-gnu
Diego Novillo
dnovillo@redhat.com
Mon Mar 27 12:38:00 GMT 2006
LAST_UPDATED:
Native configuration is i686-pc-linux-gnu
=== g++ tests ===
Running target unix
FAIL: g++.dg/init/ctor4.C (test for excess errors)
FAIL: g++.dg/parse/register1.C (test for excess errors)
FAIL: g++.old-deja/g++.brendan/warnings4.C (test for excess errors)
FAIL: g++.old-deja/g++.jason/overload34.C (test for excess errors)
FAIL: g++.old-deja/g++.mike/p11110.C (test for excess errors)
=== g++ Summary ===
# of expected passes 12389
# of unexpected failures 5
# of expected failures 67
# of unsupported tests 69
/notnfs/dnovillo/sbox/gcc/bld.toribio/gcc/testsuite/g++/../../g++ version 4.2.0 20060327 (experimental)
=== gcc tests ===
Running target unix
WARNING: program timed out.
FAIL: gcc.c-torture/compile/20001226-1.c (test for excess errors)
WARNING: program timed out.
FAIL: gcc.c-torture/compile/20001226-1.c (test for excess errors)
WARNING: program timed out.
FAIL: gcc.c-torture/compile/20001226-1.c (test for excess errors)
WARNING: program timed out.
FAIL: gcc.c-torture/compile/20001226-1.c (test for excess errors)
WARNING: program timed out.
FAIL: gcc.c-torture/compile/20001226-1.c (test for excess errors)
=== gcc Summary ===
# of expected passes 39224
# of unexpected failures 5
# of expected failures 112
# of untested testcases 28
# of unsupported tests 266
/notnfs/dnovillo/sbox/gcc/bld.toribio/gcc/xgcc version 4.2.0 20060327 (experimental)
=== gfortran tests ===
Running target unix
=== gfortran Summary ===
# of expected passes 12694
# of expected failures 15
# of unsupported tests 16
/notnfs/dnovillo/sbox/gcc/bld.toribio/gcc/testsuite/gfortran/../../gfortran version 4.2.0 20060327 (experimental)
=== objc tests ===
Running target unix
FAIL: objc.dg/objc-nofilename-1.m scan-assembler-not objc-nofilename-1.m
=== objc Summary ===
# of expected passes 1753
# of unexpected failures 1
# of expected failures 7
# of unsupported tests 23
/notnfs/dnovillo/sbox/gcc/bld.toribio/gcc/xgcc version 4.2.0 20060327 (experimental)
=== libffi tests ===
Running target unix
FAIL: libffi.call/return_fl2.c execution test
FAIL: libffi.call/return_fl2.c execution test
FAIL: libffi.call/return_fl2.c execution test
FAIL: libffi.call/return_fl2.c execution test
=== libffi Summary ===
# of expected passes 1060
# of unexpected failures 4
# of unsupported tests 8
=== libgomp tests ===
Running target unix
FAIL: libgomp.fortran/threadprivate2.f90 execution test
FAIL: libgomp.fortran/threadprivate2.f90 execution test
FAIL: libgomp.fortran/threadprivate2.f90 execution test
FAIL: libgomp.fortran/threadprivate2.f90 execution test
FAIL: libgomp.fortran/threadprivate2.f90 execution test
FAIL: libgomp.fortran/threadprivate2.f90 execution test
FAIL: libgomp.fortran/threadprivate2.f90 execution test
FAIL: libgomp.fortran/threadprivate2.f90 execution test
FAIL: libgomp.fortran/threadprivate3.f90 execution test
FAIL: libgomp.fortran/threadprivate3.f90 execution test
FAIL: libgomp.fortran/threadprivate3.f90 execution test
FAIL: libgomp.fortran/threadprivate3.f90 execution test
FAIL: libgomp.fortran/threadprivate3.f90 execution test
FAIL: libgomp.fortran/threadprivate3.f90 execution test
FAIL: libgomp.fortran/threadprivate3.f90 execution test
FAIL: libgomp.fortran/threadprivate3.f90 execution test
=== libgomp Summary ===
# of expected passes 1360
# of unexpected failures 16
=== libjava tests ===
Running target unix
FAIL: LargeFile execution - source compiled test
FAIL: LargeFile execution - gij test
FAIL: LargeFile execution - bytecode->native test
FAIL: LargeFile -O3 execution - source compiled test
FAIL: LargeFile execution - gij test
FAIL: LargeFile -O3 execution - bytecode->native test
XPASS: PR26858 execution - source compiled test
XPASS: PR26858 execution - bytecode->native test
XPASS: PR26858 -O3 execution - source compiled test
XPASS: PR26858 -O3 execution - bytecode->native test
=== libjava Summary ===
# of expected passes 4059
# of unexpected failures 6
# of unexpected successes 4
# of expected failures 16
# of untested testcases 16
=== libmudflap tests ===
Running target unix
=== libmudflap Summary ===
# of expected passes 1789
=== libstdc++ tests ===
Running target unix
XPASS: 26_numerics/cmath/c99_classification_macros_c.cc (test for excess errors)
=== libstdc++ Summary ===
# of expected passes 1631
# of unexpected successes 1
# of expected failures 6
Compiler version: 4.2.0 20060327 (experimental)
Platform: i686-pc-linux-gnu
configure flags: --prefix=/home/cygnus/dnovillo/perf/sbox/gcc/local.i686/inst.toribio --srcdir=/home/cygnus/dnovillo/perf/sbox/gcc/local.i686/src --enable-mpfr --with-gmp=/home/cygnus/dnovillo/i686 --disable-checking --enable-languages=c,c++,fortran,java,objc
More information about the Gcc-testresults
mailing list