Results for 4.2.0 20060325 (experimental) testsuite on sh4-unknown-linux-gnu
Kaz Kojima
kkojima@rr.iij4u.or.jp
Sun Mar 26 22:29:00 GMT 2006
Remote host: linux 2.6.12 sh4
GNU C Library version 2.3.5
LAST_UPDATED: Sat Mar 25 22:15:07 UTC 2006 (revision 112384)
Target is sh4-unknown-linux-gnu
Host is i686-pc-linux-gnu
=== g++ tests ===
Running target unix
WARNING: Assuming target board is the local machine (which is probably wrong).
FAIL: g++.dg/init/ctor4.C (test for excess errors)
FAIL: g++.dg/parse/register1.C (test for excess errors)
FAIL: g++.old-deja/g++.brendan/warnings4.C (test for excess errors)
FAIL: g++.old-deja/g++.jason/overload34.C (test for excess errors)
FAIL: g++.old-deja/g++.mike/p11110.C (test for excess errors)
=== g++ Summary ===
# of expected passes 12291
# of unexpected failures 5
# of expected failures 67
# of unsupported tests 117
/exp/ldroot/dodes/xsh-gcc-orig/gcc/testsuite/g++/../../g++ version 4.2.0 20060325 (experimental)
Host is i686-pc-linux-gnu
=== gcc tests ===
Running target unix
WARNING: Assuming target board is the local machine (which is probably wrong).
FAIL: gcc.c-torture/execute/builtin-prefetch-6.c execution, -O0
FAIL: gcc.c-torture/execute/builtin-prefetch-6.c execution, -O1
FAIL: gcc.c-torture/execute/builtin-prefetch-6.c execution, -O2
FAIL: gcc.c-torture/execute/builtin-prefetch-6.c execution, -O3 -fomit-frame-pointer
FAIL: gcc.c-torture/execute/builtin-prefetch-6.c execution, -O3 -fomit-frame-pointer -funroll-loops
FAIL: gcc.c-torture/execute/builtin-prefetch-6.c execution, -O3 -fomit-frame-pointer -funroll-all-loops -finline-functions
FAIL: gcc.c-torture/execute/builtin-prefetch-6.c execution, -O3 -g
FAIL: gcc.c-torture/execute/builtin-prefetch-6.c execution, -Os
=== gcc Summary ===
# of expected passes 37991
# of unexpected failures 8
# of expected failures 81
# of untested testcases 28
# of unsupported tests 335
/exp/ldroot/dodes/xsh-gcc-orig/gcc/xgcc version 4.2.0 20060325 (experimental)
Host is i686-pc-linux-gnu
=== gfortran tests ===
Running target unix
WARNING: Assuming target board is the local machine (which is probably wrong).
FAIL: gfortran.dg/char_result_3.f90 -O3 -fomit-frame-pointer -funroll-loops execution test
FAIL: gfortran.dg/char_result_3.f90 -O3 -fomit-frame-pointer -funroll-all-loops -finline-functions execution test
FAIL: gfortran.dg/common_5.f -O (test for warnings, line 6)
=== gfortran Summary ===
# of expected passes 12489
# of unexpected failures 3
# of expected failures 14
# of unsupported tests 98
/exp/ldroot/dodes/xsh-gcc-orig/gcc/testsuite/gfortran/../../gfortran version 4.2.0 20060325 (experimental)
Host is i686-pc-linux-gnu
=== objc tests ===
Running target unix
WARNING: Assuming target board is the local machine (which is probably wrong).
FAIL: objc.dg/objc-nofilename-1.m scan-assembler-not objc-nofilename-1.m
=== objc Summary ===
# of expected passes 1753
# of unexpected failures 1
# of expected failures 7
# of unsupported tests 23
/exp/ldroot/dodes/xsh-gcc-orig/gcc/xgcc version 4.2.0 20060325 (experimental)
Host is sh4-unknown-linux-gnu
=== libffi tests ===
Running target unix
WARNING: Assuming target board is the local machine (which is probably wrong).
=== libffi Summary ===
# of expected passes 1064
# of unsupported tests 8
Host is sh4-unknown-linux-gnu
=== libgomp tests ===
Running target unix
WARNING: Assuming target board is the local machine (which is probably wrong).
WARNING: libgomp.c/critical-1.c compilation failed to produce executable
WARNING: libgomp.c/loop-1.c compilation failed to produce executable
WARNING: libgomp.c/loop-2.c compilation failed to produce executable
WARNING: libgomp.c/ordered-1.c compilation failed to produce executable
WARNING: libgomp.c/ordered-2.c compilation failed to produce executable
FAIL: libgomp.c/ordered-3.c execution test
WARNING: libgomp.c/sections-1.c compilation failed to produce executable
WARNING: libgomp.c/single-1.c compilation failed to produce executable
FAIL: libgomp.fortran/do2.f90 -O0 execution test
FAIL: libgomp.fortran/do2.f90 -O1 execution test
FAIL: libgomp.fortran/do2.f90 -O2 execution test
FAIL: libgomp.fortran/do2.f90 -O3 -fomit-frame-pointer execution test
FAIL: libgomp.fortran/do2.f90 -O3 -fomit-frame-pointer -funroll-loops execution test
FAIL: libgomp.fortran/do2.f90 -O3 -fomit-frame-pointer -funroll-all-loops -finline-functions execution test
FAIL: libgomp.fortran/do2.f90 -O3 -g execution test
FAIL: libgomp.fortran/do2.f90 -Os execution test
FAIL: libgomp.fortran/threadprivate2.f90 -O2 execution test
FAIL: libgomp.fortran/threadprivate2.f90 -O3 -fomit-frame-pointer execution test
FAIL: libgomp.fortran/threadprivate2.f90 -O3 -fomit-frame-pointer -funroll-loops execution test
FAIL: libgomp.fortran/threadprivate2.f90 -O3 -fomit-frame-pointer -funroll-all-loops -finline-functions execution test
FAIL: libgomp.fortran/threadprivate2.f90 -O3 -g execution test
=== libgomp Summary ===
# of expected passes 1355
# of unexpected failures 14
Host is sh4-unknown-linux-gnu
=== libjava tests ===
Running target unix
WARNING: Assuming target board is the local machine (which is probably wrong).
FAIL: ExtraClassLoader -O3 execution - source compiled test
XPASS: PR26858 execution - source compiled test
XPASS: PR26858 output - source compiled test
XPASS: PR26858 execution - bytecode->native test
XPASS: PR26858 output - bytecode->native test
XPASS: PR26858 -O3 execution - source compiled test
XPASS: PR26858 -O3 output - source compiled test
XPASS: PR26858 -O3 execution - bytecode->native test
XPASS: PR26858 -O3 output - bytecode->native test
=== libjava Summary ===
# of expected passes 3179
# of unexpected failures 1
# of unexpected successes 8
# of expected failures 10
# of untested testcases 11
Host is sh4-unknown-linux-gnu
=== libmudflap tests ===
Running target unix
WARNING: Assuming target board is the local machine (which is probably wrong).
=== libmudflap Summary ===
# of expected passes 1789
Host is sh4-unknown-linux-gnu
=== libstdc++ tests ===
Running target unix
WARNING: Assuming target board is the local machine (which is probably wrong).
FAIL: 25_algorithms/prev_permutation/1.cc execution test
FAIL: 25_algorithms/rotate/1.cc execution test
XPASS: 26_numerics/cmath/c99_classification_macros_c.cc (test for excess errors)
=== libstdc++ Summary ===
# of expected passes 4166
# of unexpected failures 2
# of unexpected successes 1
# of expected failures 12
# of unsupported tests 2
Compiler version: 4.2.0 20060325 (experimental)
Platform: sh4-unknown-linux-gnu
configure flags: --host=i686-pc-linux-gnu --target=sh4-unknown-linux-gnu --enable-shared --enable-threads=posix --enable-clocale=gnu --enable-libgcj --with-ld=/usr/local/bin/sh4-unknown-linux-gnu-ld --with-as=/usr/local/bin/sh4-unknown-linux-gnu-as --wit
h-sysroot=/exp/ldroot --enable-languages=c,c++,fortran,java,objc
More information about the Gcc-testresults
mailing list