Results for 4.2.0 20060326 (experimental) testsuite on hppa2.0w-hp-hpux11.11
CodeSourcery Automatic Testing System
gcc@codesourcery.com
Sun Mar 26 18:09:00 GMT 2006
LAST_UPDATED: Sun Mar 26 08:15:32 UTC 2006 (revision 112392)
Native configuration is hppa2.0w-hp-hpux11.11
=== g++ tests ===
Running target unix
FAIL: g++.dg-struct-layout-1/t001_main.C cp_compat_x_tst.o-cp_compat_y_tst.o link
UNRESOLVED: g++.dg-struct-layout-1/t001_main.C cp_compat_x_tst.o-cp_compat_y_tst.o execute
FAIL: g++.dg-struct-layout-1/t002_main.C cp_compat_x_tst.o-cp_compat_y_tst.o link
UNRESOLVED: g++.dg-struct-layout-1/t002_main.C cp_compat_x_tst.o-cp_compat_y_tst.o execute
FAIL: g++.dg-struct-layout-1/t003_main.C cp_compat_x_tst.o-cp_compat_y_tst.o link
UNRESOLVED: g++.dg-struct-layout-1/t003_main.C cp_compat_x_tst.o-cp_compat_y_tst.o execute
FAIL: g++.dg-struct-layout-1/t004_main.C cp_compat_x_tst.o-cp_compat_y_tst.o link
UNRESOLVED: g++.dg-struct-layout-1/t004_main.C cp_compat_x_tst.o-cp_compat_y_tst.o execute
FAIL: g++.dg-struct-layout-1/t005_main.C cp_compat_x_tst.o-cp_compat_y_tst.o link
UNRESOLVED: g++.dg-struct-layout-1/t005_main.C cp_compat_x_tst.o-cp_compat_y_tst.o execute
FAIL: g++.dg-struct-layout-1/t006_main.C cp_compat_x_tst.o-cp_compat_y_tst.o link
UNRESOLVED: g++.dg-struct-layout-1/t006_main.C cp_compat_x_tst.o-cp_compat_y_tst.o execute
FAIL: g++.dg-struct-layout-1/t007_main.C cp_compat_x_tst.o-cp_compat_y_tst.o link
UNRESOLVED: g++.dg-struct-layout-1/t007_main.C cp_compat_x_tst.o-cp_compat_y_tst.o execute
FAIL: g++.dg-struct-layout-1/t008_main.C cp_compat_x_tst.o-cp_compat_y_tst.o link
UNRESOLVED: g++.dg-struct-layout-1/t008_main.C cp_compat_x_tst.o-cp_compat_y_tst.o execute
FAIL: g++.dg-struct-layout-1/t009_main.C cp_compat_x_tst.o-cp_compat_y_tst.o link
UNRESOLVED: g++.dg-struct-layout-1/t009_main.C cp_compat_x_tst.o-cp_compat_y_tst.o execute
FAIL: g++.dg-struct-layout-1/t010_main.C cp_compat_x_tst.o-cp_compat_y_tst.o link
UNRESOLVED: g++.dg-struct-layout-1/t010_main.C cp_compat_x_tst.o-cp_compat_y_tst.o execute
FAIL: g++.dg-struct-layout-1/t011_main.C cp_compat_x_tst.o-cp_compat_y_tst.o link
UNRESOLVED: g++.dg-struct-layout-1/t011_main.C cp_compat_x_tst.o-cp_compat_y_tst.o execute
FAIL: g++.dg-struct-layout-1/t012_main.C cp_compat_x_tst.o-cp_compat_y_tst.o link
UNRESOLVED: g++.dg-struct-layout-1/t012_main.C cp_compat_x_tst.o-cp_compat_y_tst.o execute
FAIL: g++.dg-struct-layout-1/t013_main.C cp_compat_x_tst.o-cp_compat_y_tst.o link
UNRESOLVED: g++.dg-struct-layout-1/t013_main.C cp_compat_x_tst.o-cp_compat_y_tst.o execute
FAIL: g++.dg-struct-layout-1/t014_main.C cp_compat_x_tst.o-cp_compat_y_tst.o link
UNRESOLVED: g++.dg-struct-layout-1/t014_main.C cp_compat_x_tst.o-cp_compat_y_tst.o execute
FAIL: g++.dg-struct-layout-1/t015_main.C cp_compat_x_tst.o-cp_compat_y_tst.o link
UNRESOLVED: g++.dg-struct-layout-1/t015_main.C cp_compat_x_tst.o-cp_compat_y_tst.o execute
FAIL: g++.dg-struct-layout-1/t016_main.C cp_compat_x_tst.o-cp_compat_y_tst.o link
UNRESOLVED: g++.dg-struct-layout-1/t016_main.C cp_compat_x_tst.o-cp_compat_y_tst.o execute
FAIL: g++.dg-struct-layout-1/t017_main.C cp_compat_x_tst.o-cp_compat_y_tst.o link
UNRESOLVED: g++.dg-struct-layout-1/t017_main.C cp_compat_x_tst.o-cp_compat_y_tst.o execute
FAIL: g++.dg-struct-layout-1/t018_main.C cp_compat_x_tst.o-cp_compat_y_tst.o link
UNRESOLVED: g++.dg-struct-layout-1/t018_main.C cp_compat_x_tst.o-cp_compat_y_tst.o execute
FAIL: g++.dg-struct-layout-1/t019_main.C cp_compat_x_tst.o-cp_compat_y_tst.o link
UNRESOLVED: g++.dg-struct-layout-1/t019_main.C cp_compat_x_tst.o-cp_compat_y_tst.o execute
FAIL: g++.dg-struct-layout-1/t020_main.C cp_compat_x_tst.o-cp_compat_y_tst.o link
UNRESOLVED: g++.dg-struct-layout-1/t020_main.C cp_compat_x_tst.o-cp_compat_y_tst.o execute
FAIL: g++.dg-struct-layout-1/t021_main.C cp_compat_x_tst.o-cp_compat_y_tst.o link
UNRESOLVED: g++.dg-struct-layout-1/t021_main.C cp_compat_x_tst.o-cp_compat_y_tst.o execute
FAIL: g++.dg-struct-layout-1/t022_main.C cp_compat_x_tst.o-cp_compat_y_tst.o link
UNRESOLVED: g++.dg-struct-layout-1/t022_main.C cp_compat_x_tst.o-cp_compat_y_tst.o execute
FAIL: g++.dg-struct-layout-1/t023_main.C cp_compat_x_tst.o-cp_compat_y_tst.o link
UNRESOLVED: g++.dg-struct-layout-1/t023_main.C cp_compat_x_tst.o-cp_compat_y_tst.o execute
FAIL: g++.dg-struct-layout-1/t024_main.C cp_compat_x_tst.o-cp_compat_y_tst.o link
UNRESOLVED: g++.dg-struct-layout-1/t024_main.C cp_compat_x_tst.o-cp_compat_y_tst.o execute
FAIL: g++.dg-struct-layout-1/t025_main.C cp_compat_x_tst.o-cp_compat_y_tst.o link
UNRESOLVED: g++.dg-struct-layout-1/t025_main.C cp_compat_x_tst.o-cp_compat_y_tst.o execute
FAIL: g++.dg-struct-layout-1/t026_main.C cp_compat_x_tst.o-cp_compat_y_tst.o link
UNRESOLVED: g++.dg-struct-layout-1/t026_main.C cp_compat_x_tst.o-cp_compat_y_tst.o execute
FAIL: g++.dg-struct-layout-1/t027_main.C cp_compat_x_tst.o-cp_compat_y_tst.o link
UNRESOLVED: g++.dg-struct-layout-1/t027_main.C cp_compat_x_tst.o-cp_compat_y_tst.o execute
FAIL: g++.dg-struct-layout-1/t028_main.C cp_compat_x_tst.o-cp_compat_y_tst.o link
UNRESOLVED: g++.dg-struct-layout-1/t028_main.C cp_compat_x_tst.o-cp_compat_y_tst.o execute
FAIL: g++.dg-struct-layout-1/t029_main.C cp_compat_x_tst.o-cp_compat_y_tst.o link
UNRESOLVED: g++.dg-struct-layout-1/t029_main.C cp_compat_x_tst.o-cp_compat_y_tst.o execute
FAIL: g++.dg-struct-layout-1/t030_main.C cp_compat_x_tst.o-cp_compat_y_tst.o link
UNRESOLVED: g++.dg-struct-layout-1/t030_main.C cp_compat_x_tst.o-cp_compat_y_tst.o execute
FAIL: g++.dg/eh/spbp.C (test for excess errors)
WARNING: g++.dg/eh/spbp.C compilation failed to produce executable
FAIL: g++.dg/init/ctor4.C (test for excess errors)
FAIL: g++.dg/parse/register1.C (test for excess errors)
FAIL: g++.old-deja/g++.brendan/warnings4.C (test for excess errors)
FAIL: g++.old-deja/g++.jason/overload34.C (test for excess errors)
FAIL: g++.old-deja/g++.mike/p11110.C (test for excess errors)
FAIL: g++.old-deja/g++.other/init18.C (test for excess errors)
WARNING: g++.old-deja/g++.other/init18.C compilation failed to produce executable
FAIL: g++.old-deja/g++.other/init19.C execution test
FAIL: g++.old-deja/g++.other/init5.C execution test
=== g++ Summary ===
# of expected passes 11797
# of unexpected failures 39
# of expected failures 67
# of unresolved testcases 30
# of unsupported tests 164
/scratch/gcc/nightly-2006-03-26-mainline/hppa2.0w-hp-hpux11.11/build_gcc/install/bin/c++ version 4.2.0 20060326 (experimental)
=== gcc tests ===
Running target unix
WARNING: program timed out.
FAIL: gcc.c-torture/compile/20001226-1.c -O2 (test for excess errors)
WARNING: program timed out.
FAIL: gcc.c-torture/compile/20001226-1.c -O3 -fomit-frame-pointer (test for excess errors)
WARNING: program timed out.
FAIL: gcc.c-torture/compile/20001226-1.c -O3 -g (test for excess errors)
WARNING: program timed out.
FAIL: gcc.c-torture/compile/20001226-1.c -Os (test for excess errors)
FAIL: gcc.c-torture/compile/pr23237.c -O0 (test for excess errors)
FAIL: gcc.c-torture/compile/pr23237.c -O1 (test for excess errors)
FAIL: gcc.c-torture/compile/pr23237.c -O2 (test for excess errors)
FAIL: gcc.c-torture/compile/pr23237.c -O3 -fomit-frame-pointer (test for excess errors)
FAIL: gcc.c-torture/compile/pr23237.c -O3 -fomit-frame-pointer -funroll-loops (test for excess errors)
FAIL: gcc.c-torture/compile/pr23237.c -O3 -fomit-frame-pointer -funroll-all-loops -finline-functions (test for excess errors)
FAIL: gcc.c-torture/compile/pr23237.c -O3 -g (test for excess errors)
FAIL: gcc.c-torture/compile/pr23237.c -Os (test for excess errors)
FAIL: gcc.c-torture/execute/builtin-bitops-1.c execution, -O3 -fomit-frame-pointer -funroll-loops
FAIL: gcc.c-torture/execute/builtin-bitops-1.c execution, -O3 -fomit-frame-pointer -funroll-all-loops -finline-functions
FAIL: gcc.dg-struct-layout-1/t001_main.c c_compat_x_tst.o-c_compat_y_tst.o link
UNRESOLVED: gcc.dg-struct-layout-1/t001_main.c c_compat_x_tst.o-c_compat_y_tst.o execute
FAIL: gcc.dg-struct-layout-1/t002_main.c c_compat_x_tst.o-c_compat_y_tst.o link
UNRESOLVED: gcc.dg-struct-layout-1/t002_main.c c_compat_x_tst.o-c_compat_y_tst.o execute
FAIL: gcc.dg-struct-layout-1/t003_main.c c_compat_x_tst.o-c_compat_y_tst.o link
UNRESOLVED: gcc.dg-struct-layout-1/t003_main.c c_compat_x_tst.o-c_compat_y_tst.o execute
FAIL: gcc.dg-struct-layout-1/t004_main.c c_compat_x_tst.o-c_compat_y_tst.o link
UNRESOLVED: gcc.dg-struct-layout-1/t004_main.c c_compat_x_tst.o-c_compat_y_tst.o execute
FAIL: gcc.dg-struct-layout-1/t005_main.c c_compat_x_tst.o-c_compat_y_tst.o link
UNRESOLVED: gcc.dg-struct-layout-1/t005_main.c c_compat_x_tst.o-c_compat_y_tst.o execute
FAIL: gcc.dg-struct-layout-1/t006_main.c c_compat_x_tst.o-c_compat_y_tst.o link
UNRESOLVED: gcc.dg-struct-layout-1/t006_main.c c_compat_x_tst.o-c_compat_y_tst.o execute
FAIL: gcc.dg-struct-layout-1/t007_main.c c_compat_x_tst.o-c_compat_y_tst.o link
UNRESOLVED: gcc.dg-struct-layout-1/t007_main.c c_compat_x_tst.o-c_compat_y_tst.o execute
FAIL: gcc.dg-struct-layout-1/t008_main.c c_compat_x_tst.o-c_compat_y_tst.o link
UNRESOLVED: gcc.dg-struct-layout-1/t008_main.c c_compat_x_tst.o-c_compat_y_tst.o execute
FAIL: gcc.dg-struct-layout-1/t009_main.c c_compat_x_tst.o-c_compat_y_tst.o link
UNRESOLVED: gcc.dg-struct-layout-1/t009_main.c c_compat_x_tst.o-c_compat_y_tst.o execute
FAIL: gcc.dg-struct-layout-1/t010_main.c c_compat_x_tst.o-c_compat_y_tst.o link
UNRESOLVED: gcc.dg-struct-layout-1/t010_main.c c_compat_x_tst.o-c_compat_y_tst.o execute
FAIL: gcc.dg-struct-layout-1/t011_main.c c_compat_x_tst.o-c_compat_y_tst.o link
UNRESOLVED: gcc.dg-struct-layout-1/t011_main.c c_compat_x_tst.o-c_compat_y_tst.o execute
FAIL: gcc.dg-struct-layout-1/t012_main.c c_compat_x_tst.o-c_compat_y_tst.o link
UNRESOLVED: gcc.dg-struct-layout-1/t012_main.c c_compat_x_tst.o-c_compat_y_tst.o execute
FAIL: gcc.dg-struct-layout-1/t013_main.c c_compat_x_tst.o-c_compat_y_tst.o link
UNRESOLVED: gcc.dg-struct-layout-1/t013_main.c c_compat_x_tst.o-c_compat_y_tst.o execute
FAIL: gcc.dg-struct-layout-1/t014_main.c c_compat_x_tst.o-c_compat_y_tst.o link
UNRESOLVED: gcc.dg-struct-layout-1/t014_main.c c_compat_x_tst.o-c_compat_y_tst.o execute
FAIL: gcc.dg-struct-layout-1/t015_main.c c_compat_x_tst.o-c_compat_y_tst.o link
UNRESOLVED: gcc.dg-struct-layout-1/t015_main.c c_compat_x_tst.o-c_compat_y_tst.o execute
FAIL: gcc.dg-struct-layout-1/t016_main.c c_compat_x_tst.o-c_compat_y_tst.o link
UNRESOLVED: gcc.dg-struct-layout-1/t016_main.c c_compat_x_tst.o-c_compat_y_tst.o execute
FAIL: gcc.dg-struct-layout-1/t017_main.c c_compat_x_tst.o-c_compat_y_tst.o link
UNRESOLVED: gcc.dg-struct-layout-1/t017_main.c c_compat_x_tst.o-c_compat_y_tst.o execute
FAIL: gcc.dg-struct-layout-1/t018_main.c c_compat_x_tst.o-c_compat_y_tst.o link
UNRESOLVED: gcc.dg-struct-layout-1/t018_main.c c_compat_x_tst.o-c_compat_y_tst.o execute
FAIL: gcc.dg-struct-layout-1/t019_main.c c_compat_x_tst.o-c_compat_y_tst.o link
UNRESOLVED: gcc.dg-struct-layout-1/t019_main.c c_compat_x_tst.o-c_compat_y_tst.o execute
FAIL: gcc.dg-struct-layout-1/t020_main.c c_compat_x_tst.o-c_compat_y_tst.o link
UNRESOLVED: gcc.dg-struct-layout-1/t020_main.c c_compat_x_tst.o-c_compat_y_tst.o execute
FAIL: gcc.dg-struct-layout-1/t021_main.c c_compat_x_tst.o-c_compat_y_tst.o link
UNRESOLVED: gcc.dg-struct-layout-1/t021_main.c c_compat_x_tst.o-c_compat_y_tst.o execute
FAIL: gcc.dg-struct-layout-1/t022_main.c c_compat_x_tst.o-c_compat_y_tst.o link
UNRESOLVED: gcc.dg-struct-layout-1/t022_main.c c_compat_x_tst.o-c_compat_y_tst.o execute
FAIL: gcc.dg-struct-layout-1/t023_main.c c_compat_x_tst.o-c_compat_y_tst.o link
UNRESOLVED: gcc.dg-struct-layout-1/t023_main.c c_compat_x_tst.o-c_compat_y_tst.o execute
FAIL: gcc.dg-struct-layout-1/t024_main.c c_compat_x_tst.o-c_compat_y_tst.o link
UNRESOLVED: gcc.dg-struct-layout-1/t024_main.c c_compat_x_tst.o-c_compat_y_tst.o execute
FAIL: gcc.dg-struct-layout-1/t025_main.c c_compat_x_tst.o-c_compat_y_tst.o link
UNRESOLVED: gcc.dg-struct-layout-1/t025_main.c c_compat_x_tst.o-c_compat_y_tst.o execute
FAIL: gcc.dg-struct-layout-1/t026_main.c c_compat_x_tst.o-c_compat_y_tst.o link
UNRESOLVED: gcc.dg-struct-layout-1/t026_main.c c_compat_x_tst.o-c_compat_y_tst.o execute
FAIL: gcc.dg-struct-layout-1/t027_main.c c_compat_x_tst.o-c_compat_y_tst.o link
UNRESOLVED: gcc.dg-struct-layout-1/t027_main.c c_compat_x_tst.o-c_compat_y_tst.o execute
FAIL: gcc.dg-struct-layout-1/t028_main.c c_compat_x_tst.o-c_compat_y_tst.o link
UNRESOLVED: gcc.dg-struct-layout-1/t028_main.c c_compat_x_tst.o-c_compat_y_tst.o execute
FAIL: gcc.dg/torture/pr24626-1.c -O2 (test for excess errors)
FAIL: gcc.dg/torture/pr24626-1.c -O3 -fomit-frame-pointer (test for excess errors)
FAIL: gcc.dg/torture/pr24626-1.c -O3 -g (test for excess errors)
FAIL: gcc.dg/torture/pr24626-1.c -Os (test for excess errors)
FAIL: gcc.dg/torture/pr24626-2.c -O2 (test for excess errors)
FAIL: gcc.dg/torture/pr24626-2.c -O3 -fomit-frame-pointer (test for excess errors)
FAIL: gcc.dg/torture/pr24626-2.c -O3 -g (test for excess errors)
FAIL: gcc.dg/torture/pr24626-3.c -O2 (test for excess errors)
FAIL: gcc.dg/torture/pr24626-3.c -O3 -fomit-frame-pointer (test for excess errors)
FAIL: gcc.dg/torture/pr24626-3.c -O3 -g (test for excess errors)
FAIL: gcc.dg/torture/pr24626-3.c -Os (test for excess errors)
=== gcc Summary ===
# of expected passes 37196
# of unexpected failures 53
# of expected failures 81
# of unresolved testcases 28
# of untested testcases 28
# of unsupported tests 462
/scratch/gcc/nightly-2006-03-26-mainline/hppa2.0w-hp-hpux11.11/build_gcc/install/bin/gcc version 4.2.0 20060326 (experimental)
=== libstdc++ tests ===
Running target unix
FAIL: 26_numerics/cmath/c99_classification_macros_c.cc (test for excess errors)
=== libstdc++ Summary ===
# of expected passes 2744
# of unexpected failures 1
# of expected failures 10
# of unsupported tests 159
Compiler version: 4.2.0 20060326 (experimental)
Platform: hppa2.0w-hp-hpux11.11
configure flags: --disable-nls --build=hppa2.0w-hp-hpux11.11 --host=hppa2.0w-hp-hpux11.11 --target=hppa2.0w-hp-hpux11.11 --enable-languages=c,c++ --enable-shared --enable-threads --disable-libmudflap --disable-libssp --disable-libgomp --disable-libstdcxx-pch --with-gnu-as --with-as=/scratch/gcc/nightly-2006-03-26-mainline/hppa2.0w-hp-hpux11.11/build_gcc/install/bin/as --without-gnu-ld --with-ld=/usr/ccs/bin/ld --prefix=/scratch/gcc/nightly-2006-03-26-mainline/hppa2.0w-hp-hpux11.11/build_gcc/install
More information about the Gcc-testresults
mailing list