Results for 4.2.0 20060320 (experimental) testsuite on powerpc64-suse-linux-gnu
Andreas Schwab
schwab@suse.de
Tue Mar 21 00:45:00 GMT 2006
LAST_UPDATED: Mon Mar 20 13:29:32 UTC 2006 (revision 112223M)
=== acats tests ===
=== acats Summary ===
# of expected passes 2317
# of unexpected failures 0
Native configuration is powerpc64-suse-linux-gnu
=== g++ tests ===
Running target unix/-m64
FAIL: g++.dg/init/ctor4.C (test for excess errors)
FAIL: g++.dg/parse/register1.C (test for excess errors)
FAIL: g++.old-deja/g++.brendan/warnings4.C (test for excess errors)
FAIL: g++.old-deja/g++.jason/overload34.C (test for excess errors)
FAIL: g++.old-deja/g++.mike/p11110.C (test for excess errors)
=== g++ Summary for unix/-m64 ===
# of expected passes 12326
# of unexpected failures 5
# of expected failures 67
# of unsupported tests 108
Running target unix
FAIL: g++.dg/init/ctor4.C (test for excess errors)
FAIL: g++.dg/parse/register1.C (test for excess errors)
FAIL: g++.old-deja/g++.brendan/warnings4.C (test for excess errors)
FAIL: g++.old-deja/g++.jason/overload34.C (test for excess errors)
FAIL: g++.old-deja/g++.law/profile1.C execution test
FAIL: g++.old-deja/g++.mike/p11110.C (test for excess errors)
=== g++ Summary for unix ===
# of expected passes 12385
# of unexpected failures 6
# of expected failures 67
# of unsupported tests 94
=== g++ Summary ===
# of expected passes 24711
# of unexpected failures 11
# of expected failures 134
# of unsupported tests 202
/tmp/cvs/gcc-20060320/Build/gcc/testsuite/g++/../../g++ version 4.2.0 20060320 (experimental)
=== gcc tests ===
Running target unix/-m64
FAIL: gcc.dg/cleanup-10.c execution test
FAIL: gcc.dg/cleanup-11.c execution test
FAIL: gcc.dg/cleanup-8.c execution test
FAIL: gcc.dg/cleanup-9.c execution test
FAIL: gcc.dg/tree-ssa/20030807-2.c scan-tree-dump-times if 0
XPASS: gcc.dg/tree-ssa/sra-2.c scan-tree-dump-times link_error 0
FAIL: gcc.dg/vect/pr20122.c scan-tree-dump-times vectorized 1 loops 2
=== gcc Summary for unix/-m64 ===
# of expected passes 39834
# of unexpected failures 6
# of unexpected successes 1
# of expected failures 109
# of untested testcases 28
# of unsupported tests 438
Running target unix
FAIL: gcc.dg/20020103-1.c scan-assembler-not LC[0-9]
FAIL: gcc.dg/cleanup-10.c execution test
FAIL: gcc.dg/cleanup-11.c execution test
FAIL: gcc.dg/cleanup-8.c execution test
FAIL: gcc.dg/cleanup-9.c execution test
WARNING: program timed out.
FAIL: gcc.dg/nest.c execution test
WARNING: program timed out.
FAIL: gcc.dg/nested-func-4.c execution test
FAIL: gcc.dg/tree-ssa/20030807-2.c scan-tree-dump-times if 0
FAIL: gcc.dg/vect/pr20122.c scan-tree-dump-times vectorized 1 loops 2
FAIL: gcc.target/powerpc/doloop-1.c scan-assembler bdnz
=== gcc Summary for unix ===
# of expected passes 40008
# of unexpected failures 10
# of expected failures 108
# of untested testcases 28
# of unsupported tests 359
=== gcc Summary ===
# of expected passes 79842
# of unexpected failures 16
# of unexpected successes 1
# of expected failures 217
# of untested testcases 56
# of unsupported tests 797
/tmp/cvs/gcc-20060320/Build/gcc/xgcc version 4.2.0 20060320 (experimental)
=== gfortran tests ===
Running target unix/-m64
XPASS: gfortran.dg/csqrt_2.f -O0 execution test
XPASS: gfortran.dg/csqrt_2.f -O1 execution test
XPASS: gfortran.dg/csqrt_2.f -O2 execution test
XPASS: gfortran.dg/csqrt_2.f -O3 -fomit-frame-pointer execution test
XPASS: gfortran.dg/csqrt_2.f -O3 -fomit-frame-pointer -funroll-loops execution test
XPASS: gfortran.dg/csqrt_2.f -O3 -fomit-frame-pointer -funroll-all-loops -finline-functions execution test
XPASS: gfortran.dg/csqrt_2.f -O3 -g execution test
XPASS: gfortran.dg/csqrt_2.f -Os execution test
FAIL: gfortran.dg/g77/20010610.f -O3 -fomit-frame-pointer -funroll-loops (test for excess errors)
WARNING: gfortran.dg/g77/20010610.f -O3 -fomit-frame-pointer -funroll-loops compilation failed to produce executable
FAIL: gfortran.dg/g77/20010610.f -O3 -fomit-frame-pointer -funroll-all-loops -finline-functions (test for excess errors)
WARNING: gfortran.dg/g77/20010610.f -O3 -fomit-frame-pointer -funroll-all-loops -finline-functions compilation failed to produce executable
=== gfortran Summary for unix/-m64 ===
# of expected passes 12452
# of unexpected failures 2
# of unexpected successes 8
# of expected failures 10
# of unsupported tests 58
Running target unix
XPASS: gfortran.dg/csqrt_2.f -O0 execution test
XPASS: gfortran.dg/csqrt_2.f -O1 execution test
XPASS: gfortran.dg/csqrt_2.f -O2 execution test
XPASS: gfortran.dg/csqrt_2.f -O3 -fomit-frame-pointer execution test
XPASS: gfortran.dg/csqrt_2.f -O3 -fomit-frame-pointer -funroll-loops execution test
XPASS: gfortran.dg/csqrt_2.f -O3 -fomit-frame-pointer -funroll-all-loops -finline-functions execution test
XPASS: gfortran.dg/csqrt_2.f -O3 -g execution test
XPASS: gfortran.dg/csqrt_2.f -Os execution test
=== gfortran Summary for unix ===
# of expected passes 12427
# of unexpected successes 8
# of expected failures 7
# of unsupported tests 74
=== gfortran Summary ===
# of expected passes 24879
# of unexpected failures 2
# of unexpected successes 16
# of expected failures 17
# of unsupported tests 132
/tmp/cvs/gcc-20060320/Build/gcc/testsuite/gfortran/../../gfortran version 4.2.0 20060320 (experimental)
=== objc tests ===
Running target unix/-m64
FAIL: objc.dg/objc-nofilename-1.m scan-assembler-not objc-nofilename-1.m
=== objc Summary for unix/-m64 ===
# of expected passes 1751
# of unexpected failures 1
# of expected failures 7
# of unsupported tests 23
Running target unix
FAIL: objc.dg/objc-nofilename-1.m scan-assembler-not objc-nofilename-1.m
=== objc Summary for unix ===
# of expected passes 1751
# of unexpected failures 1
# of expected failures 7
# of unsupported tests 23
=== objc Summary ===
# of expected passes 3502
# of unexpected failures 2
# of expected failures 14
# of unsupported tests 46
/tmp/cvs/gcc-20060320/Build/gcc/xgcc version 4.2.0 20060320 (experimental)
=== libffi tests ===
Running target unix/-m64
=== libffi Summary for unix/-m64 ===
# of expected passes 1064
# of unsupported tests 8
Running target unix
=== libffi Summary for unix ===
# of expected passes 1064
# of unsupported tests 8
=== libffi Summary ===
# of expected passes 2128
# of unsupported tests 16
=== libgomp tests ===
Running target unix/-m64
=== libgomp Summary for unix/-m64 ===
# of expected passes 1374
Running target unix
=== libgomp Summary for unix ===
# of expected passes 1374
=== libgomp Summary ===
# of expected passes 2748
=== libjava tests ===
Running target unix/-m64
=== libjava Summary for unix/-m64 ===
# of expected passes 4065
# of expected failures 10
# of untested testcases 8
Running target unix
=== libjava Summary for unix ===
# of expected passes 4065
# of expected failures 10
# of untested testcases 8
=== libjava Summary ===
# of expected passes 8130
# of expected failures 20
# of untested testcases 16
=== libmudflap tests ===
Running target unix/-m64
FAIL: libmudflap.c/fail27-frag.c output pattern test
FAIL: libmudflap.c/fail27-frag.c (-static) output pattern test
FAIL: libmudflap.c/fail27-frag.c (-O2) output pattern test
FAIL: libmudflap.c/fail27-frag.c (-O3) output pattern test
=== libmudflap Summary for unix/-m64 ===
# of expected passes 1785
# of unexpected failures 4
Running target unix
=== libmudflap Summary for unix ===
# of expected passes 1789
=== libmudflap Summary ===
# of expected passes 3574
# of unexpected failures 4
=== libstdc++ tests ===
Running target unix/-m64
FAIL: abi_check
FAIL: 25_algorithms/prev_permutation/1.cc execution test
XPASS: 26_numerics/cmath/c99_classification_macros_c.cc (test for excess errors)
XPASS: 27_io/fpos/14320-1.cc execution test
=== libstdc++ Summary for unix/-m64 ===
# of expected passes 3515
# of unexpected failures 2
# of unexpected successes 2
# of expected failures 11
# of unsupported tests 315
Running target unix
FAIL: abi_check
FAIL: 25_algorithms/prev_permutation/1.cc execution test
XPASS: 26_numerics/cmath/c99_classification_macros_c.cc (test for excess errors)
=== libstdc++ Summary for unix ===
# of expected passes 4145
# of unexpected failures 2
# of unexpected successes 1
# of expected failures 12
=== libstdc++ Summary ===
# of expected passes 7660
# of unexpected failures 4
# of unexpected successes 3
# of expected failures 23
# of unsupported tests 315
Compiler version: 4.2.0 20060320 (experimental)
Platform: powerpc64-suse-linux-gnu
configure flags: --prefix=/tmp/cvs/gcc-20060320/Build/root --host=powerpc64-suse-linux --enable-shared --enable-threads --enable-__cxa_atexit --with-system-zlib --with-cpu=default32 --enable-languages=c,ada,c++,fortran,java,objc
More information about the Gcc-testresults
mailing list