Results for 4.1.1 20060320 (prerelease) testsuite on ia64-suse-linux-gnu
Andreas Schwab
schwab@suse.de
Mon Mar 20 10:15:00 GMT 2006
LAST_UPDATED: Mon Mar 20 09:00:29 UTC 2006 (revision 112223M)
=== acats tests ===
FAIL: c36204d
=== acats Summary ===
# of expected passes 2316
# of unexpected failures 1
Native configuration is ia64-suse-linux-gnu
=== g++ tests ===
Running target unix
XPASS: g++.dg/tree-ssa/pr14814.C scan-tree-dump-times &this 0
XPASS: g++.old-deja/g++.other/init5.C execution test
=== g++ Summary ===
# of expected passes 11434
# of unexpected successes 2
# of expected failures 66
# of unsupported tests 103
/tmp/cvs/gcc-20060320/Build/gcc/testsuite/../g++ version 4.1.1 20060320 (prerelease)
=== gcc tests ===
Running target unix
FAIL: gcc.dg/builtin-apply4.c execution test
XPASS: gcc.dg/tree-ssa/loop-1.c scan-assembler-times foo 5
XPASS: gcc.dg/vect/pr16105.c scan-tree-dump-times vectorized 1 loops 1
XPASS: gcc.dg/vect/pr20122.c scan-tree-dump-times vectorized 1 loops 2
XPASS: gcc.dg/vect/vect-105.c scan-tree-dump-times vectorized 1 loops 1
XPASS: gcc.dg/vect/vect-30.c scan-tree-dump-times vectorized 1 loops 2
XPASS: gcc.dg/vect/vect-42.c scan-tree-dump-times vectorized 1 loops 1
XPASS: gcc.dg/vect/vect-43.c scan-tree-dump-times vectorized 1 loops 1
XPASS: gcc.dg/vect/vect-74.c scan-tree-dump-times vectorized 1 loops 1
XPASS: gcc.dg/vect/vect-75.c scan-tree-dump-times vectorized 1 loops 1
XPASS: gcc.dg/vect/vect-8.c scan-tree-dump-times vectorized 1 loops 1
=== gcc Summary ===
# of expected passes 37046
# of unexpected failures 1
# of unexpected successes 10
# of expected failures 132
# of untested testcases 28
# of unsupported tests 316
/tmp/cvs/gcc-20060320/Build/gcc/xgcc version 4.1.1 20060320 (prerelease)
=== objc tests ===
Running target unix
=== objc Summary ===
# of expected passes 1682
# of unsupported tests 23
/tmp/cvs/gcc-20060320/Build/gcc/xgcc version 4.1.1 20060320 (prerelease)
=== libffi tests ===
Running target unix
=== libffi Summary ===
# of expected passes 228
# of unsupported tests 2
=== libjava tests ===
Running target unix
=== libjava Summary ===
# of expected passes 4011
# of expected failures 10
# of untested testcases 8
=== libmudflap tests ===
Running target unix
=== libmudflap Summary ===
# of expected passes 1789
=== libstdc++ tests ===
Running target unix
XPASS: 26_numerics/cmath/c99_classification_macros_c.cc (test for excess errors)
XPASS: 27_io/fpos/14320-1.cc execution test
=== libstdc++ Summary ===
# of expected passes 4037
# of unexpected successes 2
# of expected failures 11
Compiler version: 4.1.1 20060320 (prerelease)
Platform: ia64-suse-linux-gnu
configure flags: --prefix=/tmp/cvs/gcc-20060320/Build/root --host=ia64-suse-linux --enable-shared --enable-threads --enable-__cxa_atexit --with-system-zlib --with-system-libunwind --enable-languages=c,ada,c++,java,objc
More information about the Gcc-testresults
mailing list