Results for 4.2.0 20060315 (experimental) testsuite on m32r-unknown-linux-gnu
Kaz Kojima
kkojima@rr.iij4u.or.jp
Thu Mar 16 22:29:00 GMT 2006
Remote host: 2.6.12-rc2-mm2 m32r
GNU C Library version 2.3.3
LAST_UPDATED: Wed Mar 15 12:21:05 UTC 2006 (revision 112083)
Target is m32r-unknown-linux-gnu
Host is i686-pc-linux-gnu
=== g++ tests ===
Running target unix
WARNING: Assuming target board is the local machine (which is probably wrong).
FAIL: g++.dg/init/ctor4.C (test for excess errors)
FAIL: g++.dg/parse/register1.C (test for excess errors)
FAIL: g++.old-deja/g++.brendan/warnings4.C (test for excess errors)
FAIL: g++.old-deja/g++.jason/overload34.C (test for excess errors)
FAIL: g++.old-deja/g++.jason/thunk3.C (test for excess errors)
WARNING: g++.old-deja/g++.jason/thunk3.C compilation failed to produce executable
FAIL: g++.old-deja/g++.mike/p11110.C (test for excess errors)
XPASS: g++.old-deja/g++.other/init5.C execution test
=== g++ Summary ===
# of expected passes 12174
# of unexpected failures 6
# of unexpected successes 1
# of expected failures 67
# of unsupported tests 131
/exp/mappi2root/dodes/xm32r-gcc-orig/gcc/testsuite/g++/../../g++ version 4.2.0 20060315 (experimental)
Host is i686-pc-linux-gnu
=== gcc tests ===
Running target unix
WARNING: Assuming target board is the local machine (which is probably wrong).
WARNING: program timed out.
FAIL: gcc.c-torture/compile/20001226-1.c -O3 -fomit-frame-pointer (test for excess errors)
WARNING: program timed out.
FAIL: gcc.c-torture/compile/20001226-1.c -O3 -g (test for excess errors)
FAIL: gcc.c-torture/execute/builtins/strncpy-chk.c execution, -O1
FAIL: gcc.c-torture/execute/builtins/strncpy-chk.c execution, -O2
FAIL: gcc.c-torture/execute/builtins/strncpy-chk.c execution, -O3 -fomit-frame-pointer
FAIL: gcc.c-torture/execute/builtins/strncpy-chk.c execution, -O3 -fomit-frame-pointer -funroll-loops
FAIL: gcc.c-torture/execute/builtins/strncpy-chk.c execution, -O3 -fomit-frame-pointer -funroll-all-loops -finline-functions
FAIL: gcc.c-torture/execute/builtins/strncpy-chk.c execution, -O3 -g
FAIL: gcc.c-torture/execute/builtins/strncpy-chk.c execution, -Os
FAIL: gcc.c-torture/execute/builtins/strncpy.c execution, -O1
FAIL: gcc.c-torture/execute/builtins/strncpy.c execution, -O2
FAIL: gcc.c-torture/execute/builtins/strncpy.c execution, -O3 -fomit-frame-pointer
FAIL: gcc.c-torture/execute/builtins/strncpy.c execution, -O3 -g
FAIL: gcc.c-torture/execute/builtins/strncpy.c execution, -Os
XPASS: gcc.c-torture/execute/981130-1.c execution, -O0
XPASS: gcc.c-torture/execute/981130-1.c execution, -O1
XPASS: gcc.c-torture/execute/981130-1.c execution, -O2
XPASS: gcc.c-torture/execute/981130-1.c execution, -Os
FAIL: gcc.c-torture/execute/string-opt-5.c execution, -O1
FAIL: gcc.c-torture/execute/string-opt-5.c execution, -O2
FAIL: gcc.c-torture/execute/string-opt-5.c execution, -O3 -fomit-frame-pointer
FAIL: gcc.c-torture/execute/string-opt-5.c execution, -O3 -g
FAIL: gcc.c-torture/execute/string-opt-5.c execution, -Os
FAIL: gcc.dg/20040123-1.c scan-assembler abort
FAIL: gcc.dg/tree-ssa/20030807-2.c scan-tree-dump-times if 0
XPASS: gcc.dg/tree-ssa/20040204-1.c scan-tree-dump-times link_error 0
FAIL: compiler driver --coverage option(s) (assembler options)
=== gcc Summary ===
# of expected passes 37718
# of unexpected failures 22
# of unexpected successes 5
# of expected failures 78
# of untested testcases 28
# of unsupported tests 400
/exp/mappi2root/dodes/xm32r-gcc-orig/gcc/xgcc version 4.2.0 20060315 (experimental)
Host is m32r-unknown-linux-gnu
=== libgomp tests ===
Running target unix
WARNING: Assuming target board is the local machine (which is probably wrong).
FAIL: libgomp.c/critical-1.c (test for excess errors)
WARNING: libgomp.c/critical-1.c compilation failed to produce executable
FAIL: libgomp.c/loop-1.c (test for excess errors)
WARNING: libgomp.c/loop-1.c compilation failed to produce executable
FAIL: libgomp.c/loop-2.c (test for excess errors)
WARNING: libgomp.c/loop-2.c compilation failed to produce executable
FAIL: libgomp.c/ordered-1.c (test for excess errors)
WARNING: libgomp.c/ordered-1.c compilation failed to produce executable
FAIL: libgomp.c/ordered-2.c (test for excess errors)
WARNING: libgomp.c/ordered-2.c compilation failed to produce executable
FAIL: libgomp.c/sections-1.c (test for excess errors)
WARNING: libgomp.c/sections-1.c compilation failed to produce executable
FAIL: libgomp.c/single-1.c (test for excess errors)
WARNING: libgomp.c/single-1.c compilation failed to produce executable
FAIL: libgomp.c++/ctor-1.C -O0 (test for excess errors)
FAIL: libgomp.c++/ctor-1.C -O1 (test for excess errors)
FAIL: libgomp.c++/ctor-1.C -O2 (test for excess errors)
FAIL: libgomp.c++/ctor-1.C -O3 -fomit-frame-pointer (test for excess errors)
FAIL: libgomp.c++/ctor-1.C -O3 -fomit-frame-pointer -funroll-loops (test for excess errors)
FAIL: libgomp.c++/ctor-1.C -O3 -fomit-frame-pointer -funroll-all-loops -finline-functions (test for excess errors)
FAIL: libgomp.c++/ctor-1.C -O3 -g (test for excess errors)
FAIL: libgomp.c++/ctor-1.C -Os (test for excess errors)
FAIL: libgomp.c++/ctor-2.C -O0 (test for excess errors)
FAIL: libgomp.c++/ctor-2.C -O1 (test for excess errors)
FAIL: libgomp.c++/ctor-2.C -O2 (test for excess errors)
FAIL: libgomp.c++/ctor-2.C -O3 -fomit-frame-pointer (test for excess errors)
FAIL: libgomp.c++/ctor-2.C -O3 -fomit-frame-pointer -funroll-loops (test for excess errors)
FAIL: libgomp.c++/ctor-2.C -O3 -fomit-frame-pointer -funroll-all-loops -finline-functions (test for excess errors)
FAIL: libgomp.c++/ctor-2.C -O3 -g (test for excess errors)
FAIL: libgomp.c++/ctor-2.C -Os (test for excess errors)
FAIL: libgomp.c++/ctor-3.C -O0 (test for excess errors)
FAIL: libgomp.c++/ctor-3.C -O1 (test for excess errors)
FAIL: libgomp.c++/ctor-3.C -O2 (test for excess errors)
FAIL: libgomp.c++/ctor-3.C -O3 -fomit-frame-pointer (test for excess errors)
FAIL: libgomp.c++/ctor-3.C -O3 -fomit-frame-pointer -funroll-loops (test for excess errors)
FAIL: libgomp.c++/ctor-3.C -O3 -fomit-frame-pointer -funroll-all-loops -finline-functions (test for excess errors)
FAIL: libgomp.c++/ctor-3.C -O3 -g (test for excess errors)
FAIL: libgomp.c++/ctor-3.C -Os (test for excess errors)
FAIL: libgomp.c++/ctor-4.C -O0 (test for excess errors)
FAIL: libgomp.c++/ctor-4.C -O1 (test for excess errors)
FAIL: libgomp.c++/ctor-4.C -O2 (test for excess errors)
FAIL: libgomp.c++/ctor-4.C -O3 -fomit-frame-pointer (test for excess errors)
FAIL: libgomp.c++/ctor-4.C -O3 -fomit-frame-pointer -funroll-loops (test for excess errors)
FAIL: libgomp.c++/ctor-4.C -O3 -fomit-frame-pointer -funroll-all-loops -finline-functions (test for excess errors)
FAIL: libgomp.c++/ctor-4.C -O3 -g (test for excess errors)
FAIL: libgomp.c++/ctor-4.C -Os (test for excess errors)
FAIL: libgomp.c++/ctor-6.C -O0 (test for excess errors)
FAIL: libgomp.c++/ctor-6.C -O1 (test for excess errors)
FAIL: libgomp.c++/ctor-6.C -O2 (test for excess errors)
FAIL: libgomp.c++/ctor-6.C -O3 -fomit-frame-pointer (test for excess errors)
FAIL: libgomp.c++/ctor-6.C -O3 -fomit-frame-pointer -funroll-loops (test for excess errors)
FAIL: libgomp.c++/ctor-6.C -O3 -fomit-frame-pointer -funroll-all-loops -finline-functions (test for excess errors)
FAIL: libgomp.c++/ctor-6.C -O3 -g (test for excess errors)
FAIL: libgomp.c++/ctor-6.C -Os (test for excess errors)
FAIL: libgomp.c++/ctor-7.C -O0 (test for excess errors)
FAIL: libgomp.c++/ctor-7.C -O1 (test for excess errors)
FAIL: libgomp.c++/ctor-7.C -O2 (test for excess errors)
FAIL: libgomp.c++/ctor-7.C -O3 -fomit-frame-pointer (test for excess errors)
FAIL: libgomp.c++/ctor-7.C -O3 -fomit-frame-pointer -funroll-loops (test for excess errors)
FAIL: libgomp.c++/ctor-7.C -O3 -fomit-frame-pointer -funroll-all-loops -finline-functions (test for excess errors)
FAIL: libgomp.c++/ctor-7.C -O3 -g (test for excess errors)
FAIL: libgomp.c++/ctor-7.C -Os (test for excess errors)
FAIL: libgomp.c++/loop-1.C -O (test for excess errors)
FAIL: libgomp.c++/loop-2.C -O (test for excess errors)
FAIL: libgomp.c++/loop-3.C -O (test for excess errors)
FAIL: libgomp.c++/loop-4.C -O (test for excess errors)
FAIL: libgomp.c++/loop-5.C -O (test for excess errors)
FAIL: libgomp.c++/loop-6.C -O0 (test for excess errors)
FAIL: libgomp.c++/loop-6.C -O1 (test for excess errors)
FAIL: libgomp.c++/loop-6.C -O2 (test for excess errors)
FAIL: libgomp.c++/loop-6.C -O3 -fomit-frame-pointer (test for excess errors)
FAIL: libgomp.c++/loop-6.C -O3 -fomit-frame-pointer -funroll-loops (test for excess errors)
FAIL: libgomp.c++/loop-6.C -O3 -fomit-frame-pointer -funroll-all-loops -finline-functions (test for excess errors)
FAIL: libgomp.c++/loop-6.C -O3 -g (test for excess errors)
FAIL: libgomp.c++/loop-6.C -Os (test for excess errors)
FAIL: libgomp.c++/loop-7.C -O0 (test for excess errors)
FAIL: libgomp.c++/loop-7.C -O1 (test for excess errors)
FAIL: libgomp.c++/loop-7.C -O2 (test for excess errors)
FAIL: libgomp.c++/loop-7.C -O3 -fomit-frame-pointer (test for excess errors)
FAIL: libgomp.c++/loop-7.C -O3 -fomit-frame-pointer -funroll-loops (test for excess errors)
FAIL: libgomp.c++/loop-7.C -O3 -fomit-frame-pointer -funroll-all-loops -finline-functions (test for excess errors)
FAIL: libgomp.c++/loop-7.C -O3 -g (test for excess errors)
FAIL: libgomp.c++/loop-7.C -Os (test for excess errors)
FAIL: libgomp.c++/master-1.C -O0 (test for excess errors)
FAIL: libgomp.c++/master-1.C -O1 (test for excess errors)
FAIL: libgomp.c++/master-1.C -O2 (test for excess errors)
FAIL: libgomp.c++/master-1.C -O3 -fomit-frame-pointer (test for excess errors)
FAIL: libgomp.c++/master-1.C -O3 -fomit-frame-pointer -funroll-loops (test for excess errors)
FAIL: libgomp.c++/master-1.C -O3 -fomit-frame-pointer -funroll-all-loops -finline-functions (test for excess errors)
FAIL: libgomp.c++/master-1.C -O3 -g (test for excess errors)
FAIL: libgomp.c++/master-1.C -Os (test for excess errors)
FAIL: libgomp.c++/nested-1.C -O0 (test for excess errors)
FAIL: libgomp.c++/nested-1.C -O1 (test for excess errors)
FAIL: libgomp.c++/nested-1.C -O2 (test for excess errors)
FAIL: libgomp.c++/nested-1.C -O3 -fomit-frame-pointer (test for excess errors)
FAIL: libgomp.c++/nested-1.C -O3 -fomit-frame-pointer -funroll-loops (test for excess errors)
FAIL: libgomp.c++/nested-1.C -O3 -fomit-frame-pointer -funroll-all-loops -finline-functions (test for excess errors)
FAIL: libgomp.c++/nested-1.C -O3 -g (test for excess errors)
FAIL: libgomp.c++/nested-1.C -Os (test for excess errors)
FAIL: libgomp.c++/parallel-1.C -O (test for excess errors)
FAIL: libgomp.c++/reduction-1.C -O (test for excess errors)
FAIL: libgomp.c++/reduction-2.C -O (test for excess errors)
FAIL: libgomp.c++/reduction-3.C -O (test for excess errors)
FAIL: libgomp.c++/sections-1.C -O (test for excess errors)
FAIL: libgomp.c++/shared-1.C -O (test for excess errors)
FAIL: libgomp.c++/shared-2.C -O (test for excess errors)
FAIL: libgomp.c++/single-1.C -O (test for excess errors)
FAIL: libgomp.c++/single-2.C -O (test for excess errors)
FAIL: libgomp.c++/single-3.C -O (test for excess errors)
=== libgomp Summary ===
# of expected passes 203
# of unexpected failures 102
# of unsupported tests 54
Host is m32r-unknown-linux-gnu
=== libmudflap tests ===
Running target unix
WARNING: Assuming target board is the local machine (which is probably wrong).
FAIL: libmudflap.c/heap-scalestress.c execution test
FAIL: libmudflap.c/heap-scalestress.c output pattern test
FAIL: libmudflap.c/pass-stratcliff.c execution test
FAIL: libmudflap.c/pass-stratcliff.c (-static) execution test
FAIL: libmudflap.c/heap-scalestress.c (-O2) execution test
FAIL: libmudflap.c/heap-scalestress.c (-O2) output pattern test
FAIL: libmudflap.c/pass-stratcliff.c (-O2) execution test
FAIL: libmudflap.c/heap-scalestress.c (-O3) execution test
FAIL: libmudflap.c/heap-scalestress.c (-O3) output pattern test
FAIL: libmudflap.c/pass-stratcliff.c (-O3) execution test
=== libmudflap Summary ===
# of expected passes 1779
# of unexpected failures 10
Host is m32r-unknown-linux-gnu
=== libstdc++ tests ===
Running target unix
WARNING: Assuming target board is the local machine (which is probably wrong).
FAIL: 21_strings/basic_string/capacity/wchar_t/18654.cc execution test
FAIL: 21_strings/basic_string/cons/char/1.cc execution test
FAIL: 21_strings/basic_string/cons/wchar_t/1.cc execution test
FAIL: 21_strings/basic_string/insert/char/1.cc execution test
FAIL: 21_strings/basic_string/insert/wchar_t/1.cc execution test
FAIL: 23_containers/set/modifiers/16728.cc execution test
FAIL: 25_algorithms/partial_sort_copy/1.cc execution test
XPASS: 26_numerics/cmath/c99_classification_macros_c.cc (test for excess errors)
FAIL: 27_io/basic_stringbuf/overflow/char/1.cc execution test
FAIL: 27_io/basic_stringbuf/overflow/wchar_t/1.cc execution test
=== libstdc++ Summary ===
# of expected passes 3503
# of unexpected failures 9
# of unexpected successes 1
# of expected failures 12
# of unsupported tests 317
Compiler version: 4.2.0 20060315 (experimental)
Platform: m32r-unknown-linux-gnu
configure flags: --host=i686-pc-linux-gnu --target=m32r-linux --prefix=/usr/local/m32r-linux-3.4 --with-as=/exp/mappi2root/dodes/xm32r-src/gas/as-new --with-ld=/exp/mappi2root/dodes/xm32r-src/ld/ld-new --with-sysroot=/exp/mappi2root --enable-languages=c,
c++
More information about the Gcc-testresults
mailing list