Results for 4.2.0 20060312 (experimental) testsuite on x86_64-unknown-linux-gnu
Diego Novillo
dnovillo@redhat.com
Sun Mar 12 08:18:00 GMT 2006
LAST_UPDATED:
Native configuration is x86_64-unknown-linux-gnu
=== g++ tests ===
Running target unix
FAIL: g++.dg/init/ctor4.C (test for excess errors)
FAIL: g++.dg/parse/register1.C (test for excess errors)
FAIL: g++.old-deja/g++.brendan/warnings4.C (test for excess errors)
FAIL: g++.old-deja/g++.jason/overload34.C (test for excess errors)
FAIL: g++.old-deja/g++.mike/p11110.C (test for excess errors)
XPASS: g++.old-deja/g++.other/init5.C execution test
=== g++ Summary ===
# of expected passes 12274
# of unexpected failures 5
# of unexpected successes 1
# of expected failures 67
# of unsupported tests 98
/notnfs/dnovillo/sbox/gcc/bld.torquemada/gcc/testsuite/g++/../../g++ version 4.2.0 20060312 (experimental)
=== gcc tests ===
Running target unix
WARNING: gcc.dg/torture/fp-int-convert-float128-timode.c -O0 compilation failed to produce executable
WARNING: gcc.dg/torture/fp-int-convert-float128-timode.c -O1 compilation failed to produce executable
WARNING: gcc.dg/torture/fp-int-convert-float128-timode.c -O2 compilation failed to produce executable
WARNING: gcc.dg/torture/fp-int-convert-float128-timode.c -O3 -fomit-frame-pointer compilation failed to produce executable
WARNING: gcc.dg/torture/fp-int-convert-float128-timode.c -O3 -g compilation failed to produce executable
WARNING: gcc.dg/torture/fp-int-convert-float128-timode.c -Os compilation failed to produce executable
WARNING: gcc.dg/torture/fp-int-convert-float128.c -O0 compilation failed to produce executable
WARNING: gcc.dg/torture/fp-int-convert-float128.c -O1 compilation failed to produce executable
WARNING: gcc.dg/torture/fp-int-convert-float128.c -O2 compilation failed to produce executable
WARNING: gcc.dg/torture/fp-int-convert-float128.c -O3 -fomit-frame-pointer compilation failed to produce executable
WARNING: gcc.dg/torture/fp-int-convert-float128.c -O3 -g compilation failed to produce executable
WARNING: gcc.dg/torture/fp-int-convert-float128.c -Os compilation failed to produce executable
=== gcc Summary ===
# of expected passes 38979
# of expected failures 122
# of untested testcases 28
# of unsupported tests 378
/notnfs/dnovillo/sbox/gcc/bld.torquemada/gcc/xgcc version 4.2.0 20060312 (experimental)
=== gfortran tests ===
Running target unix
=== gfortran Summary ===
# of expected passes 12483
# of expected failures 18
# of unsupported tests 16
/notnfs/dnovillo/sbox/gcc/bld.torquemada/gcc/testsuite/gfortran/../../gfortran version 4.2.0 20060312 (experimental)
=== objc tests ===
Running target unix
FAIL: objc.dg/objc-nofilename-1.m scan-assembler-not objc-nofilename-1.m
=== objc Summary ===
# of expected passes 1751
# of unexpected failures 1
# of expected failures 7
# of unsupported tests 23
/notnfs/dnovillo/sbox/gcc/bld.torquemada/gcc/xgcc version 4.2.0 20060312 (experimental)
=== libffi tests ===
Running target unix
=== libffi Summary ===
# of expected passes 1064
# of unsupported tests 8
=== libgomp tests ===
Running target unix
FAIL: libgomp.c/atomic-2.c (test for excess errors)
WARNING: libgomp.c/atomic-2.c compilation failed to produce executable
FAIL: libgomp.fortran/retval1.f90 -O0 execution test
FAIL: libgomp.fortran/retval1.f90 -O1 execution test
FAIL: libgomp.fortran/retval1.f90 -O2 execution test
FAIL: libgomp.fortran/retval1.f90 -O3 -fomit-frame-pointer execution test
FAIL: libgomp.fortran/retval1.f90 -O3 -fomit-frame-pointer -funroll-loops execution test
FAIL: libgomp.fortran/retval1.f90 -O3 -fomit-frame-pointer -funroll-all-loops -finline-functions execution test
FAIL: libgomp.fortran/retval1.f90 -O3 -g execution test
FAIL: libgomp.fortran/retval1.f90 -Os execution test
=== libgomp Summary ===
# of expected passes 1348
# of unexpected failures 9
=== libjava tests ===
Running target unix
FAIL: LargeFile execution - source compiled test
FAIL: LargeFile execution - gij test
FAIL: LargeFile execution - bytecode->native test
FAIL: LargeFile -O3 execution - source compiled test
FAIL: LargeFile execution - gij test
FAIL: LargeFile -O3 execution - bytecode->native test
=== libjava Summary ===
# of expected passes 4053
# of unexpected failures 6
# of expected failures 10
# of untested testcases 14
=== libmudflap tests ===
Running target unix
=== libmudflap Summary ===
# of expected passes 1789
=== libstdc++ tests ===
Running target unix
XPASS: 26_numerics/cmath/c99_classification_macros_c.cc (test for excess errors)
XPASS: 27_io/fpos/14320-1.cc execution test
=== libstdc++ Summary ===
# of expected passes 4146
# of unexpected successes 2
# of expected failures 11
Compiler version: 4.2.0 20060312 (experimental)
Platform: x86_64-unknown-linux-gnu
configure flags: --prefix=/home/cygnus/dnovillo/perf/sbox/gcc/local.x86_64/inst.torquemada --srcdir=/home/cygnus/dnovillo/perf/sbox/gcc/local.x86_64/src --enable-mpfr --disable-multilib --enable-languages=c,c++,fortran,java,objc
More information about the Gcc-testresults
mailing list