Results for 4.2.0 20060311 (experimental) testsuite on powerpc-apple-darwin8.3.0
regress
regress@apple.com
Sun Mar 12 06:39:00 GMT 2006
This build run by an automatic regression tester.
See <http://gcc.gnu.org/regtest/HEAD/> for more information.
Date: 2006-03-11T21:11:17Z
Revision: 111968
URL: svn://gcc.gnu.org/svn/gcc/trunk
Status: regress-8
Prev-Endtime: 2006-03-11T21:09:48Z
LAST_UPDATED:
Native configuration is powerpc-apple-darwin8.3.0
=== g++ tests ===
Running target unix
FAIL: g++.dg/abi/thunk4.C scan-assembler .weak[ \\t]_?_ZThn._N7Derived3FooEv
FAIL: g++.dg/ext/alignof2.C execution test
FAIL: g++.dg/init/ctor4.C (test for excess errors)
FAIL: g++.dg/parse/register1.C (test for excess errors)
FAIL: g++.dg/warn/huge-val1.C (test for excess errors)
FAIL: g++.dg/warn/weak1.C (test for excess errors)
WARNING: g++.dg/warn/weak1.C compilation failed to produce executable
FAIL: g++.dg/special/conpr-3.C execution test
FAIL: g++.old-deja/g++.brendan/warnings4.C (test for excess errors)
FAIL: g++.old-deja/g++.jason/overload34.C (test for excess errors)
FAIL: g++.old-deja/g++.mike/p11110.C (test for excess errors)
=== g++ Summary ===
# of expected passes 12192
# of unexpected failures 10
# of expected failures 68
# of unsupported tests 124
/Users/regress/tbox/native/build/gcc/testsuite/g++/../../g++ version 4.2.0 20060311 (experimental)
=== gcc tests ===
Running target unix
FAIL: tmpdir-gcc.dg-struct-layout-1/t001 c_compat_x_tst.o-c_compat_y_tst.o execute
FAIL: tmpdir-gcc.dg-struct-layout-1/t024 c_compat_x_tst.o-c_compat_y_tst.o execute
FAIL: tmpdir-gcc.dg-struct-layout-1/t025 c_compat_x_tst.o-c_compat_y_tst.o execute
FAIL: tmpdir-gcc.dg-struct-layout-1/t026 c_compat_x_tst.o-c_compat_y_tst.o execute
FAIL: tmpdir-gcc.dg-struct-layout-1/t027 c_compat_x_tst.o-c_compat_y_tst.o execute
FAIL: tmpdir-gcc.dg-struct-layout-1/t028 c_compat_x_tst.o-c_compat_y_tst.o execute
FAIL: gcc.dg/single-precision-constant.c (test for excess errors)
WARNING: gcc.dg/single-precision-constant.c compilation failed to produce executable
FAIL: gcc.target/powerpc/ppc-vector-memset.c scan-assembler stvx
FAIL: gcc.target/powerpc/stabs-attrib-vect-darwin.c scan-assembler .stabs.*vi:\\\\(0,16\\\\)=@V
=== gcc Summary ===
# of expected passes 39670
# of unexpected failures 9
# of expected failures 115
# of untested testcases 28
# of unsupported tests 423
/Users/regress/tbox/native/build/gcc/xgcc version 4.2.0 20060311 (experimental)
=== objc tests ===
Running target unix
FAIL: objc.dg-struct-layout-encoding-1/t002_main.m execution test
FAIL: objc.dg-struct-layout-encoding-1/t003_main.m execution test
FAIL: objc.dg-struct-layout-encoding-1/t004_main.m execution test
FAIL: objc.dg-struct-layout-encoding-1/t006_main.m execution test
FAIL: objc.dg-struct-layout-encoding-1/t007_main.m execution test
FAIL: objc.dg-struct-layout-encoding-1/t008_main.m execution test
FAIL: objc.dg-struct-layout-encoding-1/t011_main.m execution test
FAIL: objc.dg-struct-layout-encoding-1/t012_main.m execution test
FAIL: objc.dg-struct-layout-encoding-1/t015_main.m execution test
FAIL: objc.dg-struct-layout-encoding-1/t022_main.m execution test
=== objc Summary ===
# of expected passes 2963
# of unexpected failures 10
# of expected failures 7
# of unsupported tests 1
/Users/regress/tbox/native/build/gcc/xgcc version 4.2.0 20060311 (experimental)
=== libffi tests ===
Running target unix
=== libffi Summary ===
# of expected passes 1048
# of expected failures 8
# of unsupported tests 8
=== libgomp tests ===
Running target unix
=== libgomp Summary ===
# of expected passes 312
# of unsupported tests 54
=== libjava tests ===
Running target unix
=== libjava Summary ===
# of expected passes 4065
# of expected failures 10
# of untested testcases 8
=== libstdc++ tests ===
Running target unix
FAIL: 25_algorithms/prev_permutation/1.cc execution test
FAIL: 26_numerics/complex/13450.cc execution test
FAIL: 27_io/objects/char/6.cc execution test
FAIL: 27_io/objects/wchar_t/6.cc execution test
=== libstdc++ Summary ===
# of expected passes 3495
# of unexpected failures 4
# of expected failures 13
# of unsupported tests 323
Compiler version: 4.2.0 20060311 (experimental)
Platform: powerpc-apple-darwin8.3.0
configure flags: --prefix=/Users/regress/tbox/objs --target=powerpc-apple-darwin8.3.0 --enable-languages=c,c++,java,objc
More information about the Gcc-testresults
mailing list