Results for 4.1.1 20060310 (prerelease) gcc testsuite on mips-unknown-elf
mstein
mstein@phenix.rootshell.be
Sun Mar 12 06:01:00 GMT 2006
Ubuntu 5 on pentium3-smp
cross tool versions:
GNU assembler 2.16.91 20060308
GNU gdb 6.4.50.20060308-cvs
GNU ld version 2.16.91 20060308
GNU Make 3.80
expect version 5.42.1
host gcc verion: gcc (GCC) 4.2.0 20060306 (experimental)
LAST_UPDATED: Fri Mar 10 00:24:18 UTC 2006 (revision 111918)
Target is mips-unknown-elf
Host is i686-pc-linux-gnu
=== gcc tests ===
Running target mips-sim
WARNING: gcc.dg/attr-weakref-1.c compilation failed to produce executable
FAIL: gcc.dg/intmax_t-1.c (test for errors, line )
XPASS: gcc.dg/tree-ssa/20040204-1.c scan-tree-dump-times link_error 0
=== gcc Summary ===
# of expected passes 37122
# of unexpected failures 1
# of unexpected successes 1
# of expected failures 76
# of untested testcases 28
# of unsupported tests 305
/home/mstein/sim/mips-elf/build/gcc/xgcc version 4.1.1 20060310 (prerelease)
Compiler version: 4.1.1 20060310 (prerelease) gcc
Platform: mips-unknown-elf
configure flags: --target=mips-elf --prefix=/n/07/mstein/cross-local --disable-nls --disable-build-warnings --with-ld=/n/07/mstein/cross-local/bin/mips-elf-ld --with-as=/n/07/mstein/cross-local/bin/mips-elf-as --disable-libssp --enable-languages=c
More information about the Gcc-testresults
mailing list