Results for 4.0.3 testsuite on i686-pc-linux-gnu
Greg Schafer
gschafer@zip.com.au
Sat Mar 11 00:57:00 GMT 2006
This is using the GCC 4.0.3 Release tarball and is based on the
x86 Reference Build recipe from:
http://www.diy-linux.org/
Using these packages:
FSF binutils-2.16.1
glibc-2.3.6
LAST_UPDATED: Obtained from SVN: tags/gcc_4_0_3_release revision 111908
Native configuration is i686-pc-linux-gnu
=== gcc tests ===
Running target unix
XPASS: gcc.dg/vect/vect-22.c scan-tree-dump-times vectorized 3 loops 1
=== gcc Summary ===
# of expected passes 35544
# of unexpected successes 1
# of expected failures 94
# of untested testcases 28
# of unsupported tests 326
/temptools/src/gcc-build/gcc/xgcc version 4.0.3
=== g++ tests ===
Running target unix
XPASS: g++.old-deja/g++.other/init5.C execution test
=== g++ Summary ===
# of expected passes 11463
# of unexpected successes 1
# of expected failures 69
# of unsupported tests 56
/temptools/src/gcc-build/gcc/testsuite/../g++ version 4.0.3
=== libmudflap tests ===
Running target unix
FAIL: libmudflap.cth/pass40-frag.c execution test
FAIL: libmudflap.cth/pass40-frag.c output pattern test
FAIL: libmudflap.cth/pass40-frag.c (-O2) execution test
FAIL: libmudflap.cth/pass40-frag.c (-O2) output pattern test
FAIL: libmudflap.cth/pass40-frag.c (-O3) execution test
FAIL: libmudflap.cth/pass40-frag.c (-O3) output pattern test
=== libmudflap Summary ===
# of expected passes 1282
# of unexpected failures 6
=== libstdc++ tests ===
Running target unix
XPASS: 22_locale/locale/cons/12658_thread-1.cc execution test
XPASS: 26_numerics/cmath/c99_classification_macros_c.cc (test for excess errors)
=== libstdc++ Summary ===
# of expected passes 3713
# of unexpected successes 2
# of expected failures 12
Compiler version: 4.0.3
Platform: i686-pc-linux-gnu
configure flags: --libexecdir=/usr/lib --enable-shared --enable-clocale=gnu --enable-threads=posix --enable-__cxa_atexit --enable-languages=c,c++
More information about the Gcc-testresults
mailing list