Results for 4.2.0 20060308 (experimental) testsuite on i686-pc-linux-gnu
CodeSourcery Automatic Testing System
gcc@codesourcery.com
Wed Mar 8 12:56:00 GMT 2006
LAST_UPDATED: Wed Mar 8 08:14:15 UTC 2006 (revision 111841)
Native configuration is i686-pc-linux-gnu
=== g++ tests ===
Running target unix
FAIL: g++.dg/init/ctor4.C (test for excess errors)
FAIL: g++.dg/parse/register1.C (test for excess errors)
FAIL: g++.old-deja/g++.brendan/warnings4.C (test for excess errors)
FAIL: g++.old-deja/g++.jason/overload34.C (test for excess errors)
FAIL: g++.old-deja/g++.mike/p11110.C (test for excess errors)
XPASS: g++.old-deja/g++.other/init5.C execution test
=== g++ Summary ===
# of expected passes 12070
# of unexpected failures 5
# of unexpected successes 1
# of expected failures 65
# of unsupported tests 69
/scratch/gcc/nightly-2006-03-08-mainline/i686-pc-linux-gnu/build_gcc/install/bin/c++ version 4.2.0 20060308 (experimental)
=== gcc tests ===
Running target unix
WARNING: program timed out.
FAIL: gcc.c-torture/compile/20001226-1.c -O0 (test for excess errors)
=== gcc Summary ===
# of expected passes 39104
# of unexpected failures 1
# of expected failures 113
# of untested testcases 28
# of unsupported tests 270
/scratch/gcc/nightly-2006-03-08-mainline/i686-pc-linux-gnu/build_gcc/install/bin/gcc version 4.2.0 20060308 (experimental)
=== libstdc++ tests ===
Running target unix
FAIL: 22_locale/messages/members/char/1.cc execution test
FAIL: 22_locale/messages/members/char/2.cc execution test
FAIL: 22_locale/messages/members/char/wrapped_env.cc execution test
FAIL: 22_locale/messages/members/char/wrapped_locale.cc execution test
FAIL: 22_locale/messages_byname/named_equivalence.cc execution test
=== libstdc++ Summary ===
# of expected passes 4131
# of unexpected failures 5
# of expected failures 13
# of unsupported tests 2
Compiler version: 4.2.0 20060308 (experimental)
Platform: i686-pc-linux-gnu
configure flags: --disable-nls --build=i686-pc-linux-gnu --host=i686-pc-linux-gnu --target=i686-pc-linux-gnu --enable-shared --enable-threads --disable-libmudflap --disable-libssp --disable-libgomp --disable-libstdcxx-pch --with-gnu-as --with-as=/scratch/gcc/nightly-2006-03-08-mainline/i686-pc-linux-gnu/build_gcc/install/bin/as --with-gnu-ld --with-ld=/scratch/gcc/nightly-2006-03-08-mainline/i686-pc-linux-gnu/build_gcc/install/bin/ld --prefix=/scratch/gcc/nightly-2006-03-08-mainline/i686-pc-linux-gnu/build_gcc/install --enable-languages=c,c++
More information about the Gcc-testresults
mailing list