Results for 4.2.0-gomp-20050608-branch 20060216 (experimental) (merged 20060216) testsuite on ia64-unknown-linux-gnu
Diego Novillo
dnovillo@redhat.com
Tue Mar 7 12:02:00 GMT 2006
LAST_UPDATED:
Native configuration is ia64-unknown-linux-gnu
=== g++ tests ===
Running target unix
=== g++ Summary ===
/notnfs/dnovillo/sbox/gomp/bld.tonic2/gcc/testsuite/g++/../../g++ version 4.2.0-gomp-20050608-branch 20060216 (experimental) (merged 20060216)
=== gcc tests ===
Running target unix
WARNING: program timed out.
FAIL: gcc.c-torture/compile/20001226-1.c (test for excess errors)
WARNING: program timed out.
FAIL: gcc.c-torture/compile/20001226-1.c (test for excess errors)
WARNING: program timed out.
FAIL: gcc.c-torture/compile/20001226-1.c (test for excess errors)
WARNING: program timed out.
FAIL: gcc.c-torture/compile/20001226-1.c (test for excess errors)
=== gcc Summary ===
# of expected passes 15978
# of unexpected failures 4
# of unsupported tests 30
/notnfs/dnovillo/sbox/gomp/bld.tonic2/gcc/xgcc version 4.2.0-gomp-20050608-branch 20060216 (experimental) (merged 20060216)
Compiler version: 4.2.0-gomp-20050608-branch 20060216 (experimental) (merged 20060216)
Platform: ia64-unknown-linux-gnu
configure flags: --prefix=/home/cygnus/dnovillo/perf/sbox/gomp/local.ia64/inst.tonic2 --srcdir=/home/cygnus/dnovillo/perf/sbox/gomp/local.ia64/src --enable-mpfr --disable-libunwind-exceptions --with-gmp=/home/cygnus/dnovillo/ia64 --enable-languages=c,c++,fortran
More information about the Gcc-testresults
mailing list