Results for 4.1.0 testsuite on x86_64-pc-linux-gnu
Karel Gardas
kgardas@objectsecurity.com
Sat Mar 4 18:27:00 GMT 2006
This is on Debian GNU/Linux 3.0 running on AMD64 platform.
Bootstrap GCC is 4.0.1, binutils are 2.15.
Karel
LAST_UPDATED: Obtained from SVN: tags/gcc_4_1_0_release revision 111560
Native configuration is x86_64-pc-linux-gnu
=== libmudflap tests ===
Running target unix
=== libmudflap Summary ===
# of expected passes 1789
=== libstdc++ tests ===
Running target unix
FAIL: abi_check
XPASS: 26_numerics/cmath/c99_classification_macros_c.cc (test for excess errors)
XPASS: 27_io/fpos/14320-1.cc execution test
=== libstdc++ Summary ===
# of expected passes 3398
# of unexpected failures 1
# of unexpected successes 2
# of expected failures 11
# of unsupported tests 315
=== gcc tests ===
Running target unix
XPASS: gcc.dg/cpp/cmdlne-dI-M.c scan-file (^|\\\\n)cmdlne-dI-M.*:[^\\\\n]*cmdlne-dI-M.c
XPASS: gcc.dg/cpp/cmdlne-dM-M.c scan-file (^|\\\\n)cmdlne-dM-M[^\\\\n]*:[^\\\\n]*cmdlne-dM-M.c
=== gcc Summary ===
# of expected passes 38013
# of unexpected successes 2
# of expected failures 98
# of untested testcases 28
# of unsupported tests 357
/tmp/obj/gcc/xgcc version 4.1.0
=== g++ tests ===
Running target unix
XPASS: g++.dg/tree-ssa/pr14814.C scan-tree-dump-times &this 0
XPASS: g++.old-deja/g++.other/init5.C execution test
=== g++ Summary ===
# of expected passes 11921
# of unexpected successes 2
# of expected failures 66
# of unsupported tests 95
/tmp/obj/gcc/testsuite/../g++ version 4.1.0
Compiler version: 4.1.0
Platform: x86_64-pc-linux-gnu
configure flags: --prefix=/home/karel/usr/local/gcc-4.1.0 --enable-shared --enable-threads --disable-checking --enable-__cxa_atexit --disable-multilib amd64-linux-gnu --enable-languages=c,c++
More information about the Gcc-testresults
mailing list