Results for 4.1.1 20060228 (Red Hat 4.1.0-1) [redhat/gcc-4_1-branch revision 111679 clean] testsuite on x86_64-redhat-linux-gnu
H.J. Lu
hjl@gnu-20.sc.intel.com
Sat Mar 4 15:18:00 GMT 2006
LAST_UPDATED: Fri Mar 3 19:42:34 UTC 2006 (revision 111679)
=== acats tests ===
=== acats Summary ===
# of expected passes 2316
# of unexpected failures 0
Native configuration is x86_64-redhat-linux-gnu
=== gcc tests ===
Running target unix/-m32
FAIL: gcc.dg/ipa/ipa-1.c (test for excess errors)
FAIL: gcc.dg/tree-ssa/pr23294.c scan-tree-dump-times a \\* 5 3
FAIL: gcc.dg/tree-ssa/pr23294.c scan-tree-dump \\(a - b \\* 3\\) \\* 2
FAIL: gcc.dg/tree-ssa/pr23294.c scan-tree-dump \\(a \\* 3 - b\\) \\* 2
FAIL: gcc.dg/tree-ssa/vrp22.c scan-tree-dump-times link_error 0
=== gcc Summary for unix/-m32 ===
# of expected passes 38427
# of unexpected failures 5
# of expected failures 106
# of untested testcases 28
# of unsupported tests 255
Running target unix
FAIL: gcc.dg/ipa/ipa-1.c (test for excess errors)
FAIL: gcc.dg/tree-ssa/pr23294.c scan-tree-dump-times a \\* 5 3
FAIL: gcc.dg/tree-ssa/pr23294.c scan-tree-dump \\(a - b \\* 3\\) \\* 2
FAIL: gcc.dg/tree-ssa/pr23294.c scan-tree-dump \\(a \\* 3 - b\\) \\* 2
FAIL: gcc.dg/tree-ssa/vrp22.c scan-tree-dump-times link_error 0
=== gcc Summary for unix ===
# of expected passes 38324
# of unexpected failures 5
# of expected failures 105
# of untested testcases 28
# of unsupported tests 357
=== gcc Summary ===
# of expected passes 76751
# of unexpected failures 10
# of expected failures 211
# of untested testcases 56
# of unsupported tests 612
/export/build/gnu/gcc-4.1-redhat/build-x86_64-redhat-linux/gcc/xgcc version 4.1.1 20060228 (Red Hat 4.1.0-1) [redhat/gcc-4_1-branch revision 111679 clean]
=== gfortran tests ===
Running target unix/-m32
=== gfortran Summary for unix/-m32 ===
# of expected passes 11963
# of expected failures 17
# of unsupported tests 16
Running target unix
=== gfortran Summary for unix ===
# of expected passes 11960
# of expected failures 20
# of unsupported tests 16
=== gfortran Summary ===
# of expected passes 23923
# of expected failures 37
# of unsupported tests 32
/export/build/gnu/gcc-4.1-redhat/build-x86_64-redhat-linux/gcc/testsuite/gfortran/../../gfortran version 4.1.1 20060228 (Red Hat 4.1.0-1) [redhat/gcc-4_1-branch revision 111679 clean]
=== g++ tests ===
Running target unix/-m32
XPASS: g++.dg/tree-ssa/pr14814.C scan-tree-dump-times &this 0
=== g++ Summary for unix/-m32 ===
# of expected passes 12294
# of unexpected successes 1
# of expected failures 68
# of unsupported tests 66
Running target unix
XPASS: g++.dg/tree-ssa/pr14814.C scan-tree-dump-times &this 0
=== g++ Summary for unix ===
# of expected passes 12209
# of unexpected successes 1
# of expected failures 68
# of unsupported tests 95
=== g++ Summary ===
# of expected passes 24503
# of unexpected successes 2
# of expected failures 136
# of unsupported tests 161
/export/build/gnu/gcc-4.1-redhat/build-x86_64-redhat-linux/gcc/testsuite/g++/../../g++ version 4.1.1 20060228 (Red Hat 4.1.0-1) [redhat/gcc-4_1-branch revision 111679 clean]
=== objc tests ===
Running target unix/-m32
=== objc Summary for unix/-m32 ===
# of expected passes 1683
# of unsupported tests 23
Running target unix
=== objc Summary for unix ===
# of expected passes 1683
# of unsupported tests 23
=== objc Summary ===
# of expected passes 3366
# of unsupported tests 46
/export/build/gnu/gcc-4.1-redhat/build-x86_64-redhat-linux/gcc/xgcc version 4.1.1 20060228 (Red Hat 4.1.0-1) [redhat/gcc-4_1-branch revision 111679 clean]
=== libffi tests ===
Running target unix/-m32
=== libffi Summary for unix/-m32 ===
# of expected passes 228
# of unsupported tests 2
Running target unix
=== libffi Summary for unix ===
# of expected passes 228
# of unsupported tests 2
=== libffi Summary ===
# of expected passes 456
# of unsupported tests 4
=== libgomp tests ===
Running target unix/-m32
WARNING: libgomp.c/ordered-2.c compilation failed to produce executable
FAIL: libgomp.fortran/lib1.f90 execution test
FAIL: libgomp.fortran/lib1.f90 execution test
FAIL: libgomp.fortran/lib1.f90 execution test
FAIL: libgomp.fortran/lib2.f execution test
FAIL: libgomp.fortran/lib2.f execution test
FAIL: libgomp.fortran/lib2.f execution test
FAIL: libgomp.fortran/lib3.f execution test
FAIL: libgomp.fortran/lib3.f execution test
FAIL: libgomp.fortran/lib3.f execution test
=== libgomp Summary for unix/-m32 ===
# of expected passes 1348
# of unexpected failures 9
Running target unix
=== libgomp Summary for unix ===
# of expected passes 1358
=== libgomp Summary ===
# of expected passes 2706
# of unexpected failures 9
=== libjava tests ===
Running target unix/-m32
=== libjava Summary for unix/-m32 ===
# of expected passes 4011
# of expected failures 10
# of untested testcases 8
Running target unix
=== libjava Summary for unix ===
# of expected passes 4011
# of expected failures 10
# of untested testcases 8
=== libjava Summary ===
# of expected passes 8022
# of expected failures 20
# of untested testcases 16
=== libmudflap tests ===
Running target unix/-m32
=== libmudflap Summary for unix/-m32 ===
# of expected passes 1789
Running target unix
=== libmudflap Summary for unix ===
# of expected passes 1789
=== libmudflap Summary ===
# of expected passes 3578
=== libstdc++ tests ===
Running target unix/-m32
FAIL: 22_locale/messages/members/char/1.cc execution test
FAIL: 22_locale/messages/members/char/2.cc execution test
FAIL: 22_locale/messages/members/char/wrapped_env.cc execution test
FAIL: 22_locale/messages/members/char/wrapped_locale.cc execution test
FAIL: 22_locale/messages_byname/named_equivalence.cc execution test
XPASS: 26_numerics/cmath/c99_classification_macros_c.cc (test for excess errors)
=== libstdc++ Summary for unix/-m32 ===
# of expected passes 4016
# of unexpected failures 5
# of unexpected successes 1
# of expected failures 12
# of unsupported tests 4
Running target unix
XPASS: 26_numerics/cmath/c99_classification_macros_c.cc (test for excess errors)
XPASS: 27_io/fpos/14320-1.cc execution test
=== libstdc++ Summary for unix ===
# of expected passes 4021
# of unexpected successes 2
# of expected failures 11
# of unsupported tests 4
=== libstdc++ Summary ===
# of expected passes 8037
# of unexpected failures 5
# of unexpected successes 3
# of expected failures 23
# of unsupported tests 8
Compiler version: 4.1.1 20060228 (Red Hat 4.1.0-1) [redhat/gcc-4_1-branch revision 111679 clean]
Platform: x86_64-redhat-linux-gnu
configure flags: x86_64-redhat-linux --enable-clocale=gnu --with-system-zlib --with-cpu=generic --with-demangler-in-ld --enable-shared --enable-threads=posix --enable-haifa --disable-checking --prefix=/usr/gcc-4.1-redhat --with-local-prefix=/usr/local --enable-languages=c,ada,c++,fortran,java,objc
More information about the Gcc-testresults
mailing list