Results for 4.2.0 20060304 (experimental) testsuite on x86_64-suse-linux-gnu
Robert Schiele
rschiele@uni-mannheim.de
Sat Mar 4 04:33:00 GMT 2006
# Some comments about the system:
# SuSE Linux 9.3 (x86-64)
# VERSION = 9.3
# bash-3.0-15
# binutils-2.15.94.0.2.2-3.3
# dejagnu-1.4.4-4
# expect-5.41-3
# gcc-3.3.5-5
# glibc-2.3.4-23.4
# kernel-default-2.6.11.4-21.11
# make-3.80-187
# tcl-8.4.9-7
# texinfo-4.8-7.2
# Linux 2.6.11.4-21.9-default #1 Fri Aug 19 11:58:59 UTC 2005 x86_64 x86_64 x86_64 GNU/Linux
# 5:33am up 113 days 23:53, 14 users, load average: 4.51, 4.45, 4.30
# Reading specs from /usr/lib64/gcc-lib/x86_64-suse-linux/3.3.5/specs
# Configured with: ../configure --enable-threads=posix --prefix=/usr --with-local-prefix=/usr/local --infodir=/usr/share/info --mandir=/usr/share/man --enable-languages=c,c++,f77,objc,java,ada --disable-checking --libdir=/usr/lib64 --enable-libgcj --with-slibdir=/lib64 --with-system-zlib --enable-shared --enable-__cxa_atexit x86_64-suse-linux
# Thread model: posix
# gcc version 3.3.5 20050117 (prerelease) (SUSE Linux)
# GNU C Library stable release version 2.3.4 (20050218), by Roland McGrath et al.
# Configured for x86_64-suse-linux.
# Compiled by GNU CC version 3.3.5 20050117 (prerelease) (SUSE Linux).
# Compiled on a Linux 2.6.9 system on 2005-06-10.
# Available extensions:
# GNU libio by Per Bothner
# crypt add-on version 2.1 by Michael Glad and others
# linuxthreads-0.10 by Xavier Leroy
# GNU Libidn by Simon Josefsson
# BIND-8.2.3-T5B
# libthread_db work sponsored by Alpha Processor Inc
# NIS(YP)/NIS+ NSS modules 0.19 by Thorsten Kukuk
# Thread-local storage support included.
# pthread library is compiled with floating stack support enabled.
# For bug reporting instructions, please see:
# <http://www.gnu.org/software/libc/bugs.html>.
LAST_UPDATED: Sat Mar 4 02:33:08 UTC 2006 (revision 111702)
Native configuration is x86_64-suse-linux-gnu
=== gcc tests ===
Running target unix
WARNING: gcc.dg/torture/fp-int-convert-float128-timode.c -O0 compilation failed to produce executable
WARNING: gcc.dg/torture/fp-int-convert-float128-timode.c -O1 compilation failed to produce executable
WARNING: gcc.dg/torture/fp-int-convert-float128-timode.c -O2 compilation failed to produce executable
WARNING: gcc.dg/torture/fp-int-convert-float128-timode.c -O3 -fomit-frame-pointer compilation failed to produce executable
WARNING: gcc.dg/torture/fp-int-convert-float128-timode.c -O3 -g compilation failed to produce executable
WARNING: gcc.dg/torture/fp-int-convert-float128-timode.c -Os compilation failed to produce executable
WARNING: gcc.dg/torture/fp-int-convert-float128.c -O0 compilation failed to produce executable
WARNING: gcc.dg/torture/fp-int-convert-float128.c -O1 compilation failed to produce executable
WARNING: gcc.dg/torture/fp-int-convert-float128.c -O2 compilation failed to produce executable
WARNING: gcc.dg/torture/fp-int-convert-float128.c -O3 -fomit-frame-pointer compilation failed to produce executable
WARNING: gcc.dg/torture/fp-int-convert-float128.c -O3 -g compilation failed to produce executable
WARNING: gcc.dg/torture/fp-int-convert-float128.c -Os compilation failed to produce executable
FAIL: gcc.dg/tree-ssa/20030730-1.c scan-tree-dump-times if 0
FAIL: gcc.dg/tree-ssa/20030730-2.c scan-tree-dump-times if 0
FAIL: gcc.dg/tree-ssa/20030807-2.c scan-tree-dump-times if 0
=== gcc Summary ===
# of expected passes 38926
# of unexpected failures 3
# of expected failures 121
# of untested testcases 28
# of unsupported tests 378
/home/robert/stuff/gcc/build/gcc/xgcc version 4.2.0 20060304 (experimental)
=== gfortran tests ===
Running target unix
FAIL: gfortran.fortran-torture/execute/forall_4.f90 execution, -O0
FAIL: gfortran.fortran-torture/execute/forall_4.f90 execution, -O1
FAIL: gfortran.fortran-torture/execute/forall_4.f90 execution, -O2
FAIL: gfortran.fortran-torture/execute/forall_4.f90 execution, -O3 -fomit-frame-pointer
FAIL: gfortran.fortran-torture/execute/forall_4.f90 execution, -O3 -fomit-frame-pointer -funroll-loops
FAIL: gfortran.fortran-torture/execute/forall_4.f90 execution, -O3 -fomit-frame-pointer -funroll-all-loops -finline-functions
FAIL: gfortran.fortran-torture/execute/forall_4.f90 execution, -O3 -g
FAIL: gfortran.fortran-torture/execute/forall_4.f90 execution, -Os
FAIL: gfortran.fortran-torture/execute/forall_7.f90 execution, -O0
FAIL: gfortran.fortran-torture/execute/forall_7.f90 execution, -O1
FAIL: gfortran.fortran-torture/execute/forall_7.f90 execution, -O2
FAIL: gfortran.fortran-torture/execute/forall_7.f90 execution, -O3 -fomit-frame-pointer
FAIL: gfortran.fortran-torture/execute/forall_7.f90 execution, -O3 -fomit-frame-pointer -funroll-loops
FAIL: gfortran.fortran-torture/execute/forall_7.f90 execution, -O3 -fomit-frame-pointer -funroll-all-loops -finline-functions
FAIL: gfortran.fortran-torture/execute/forall_7.f90 execution, -O3 -g
FAIL: gfortran.fortran-torture/execute/forall_7.f90 execution, -Os
=== gfortran Summary ===
# of expected passes 12247
# of unexpected failures 16
# of expected failures 18
# of unsupported tests 16
/home/robert/stuff/gcc/build/gcc/testsuite/gfortran/../../gfortran version 4.2.0 20060304 (experimental)
=== g++ tests ===
Running target unix
FAIL: g++.dg/init/ctor4.C (test for excess errors)
FAIL: g++.dg/parse/register1.C (test for excess errors)
FAIL: g++.old-deja/g++.brendan/warnings4.C (test for excess errors)
FAIL: g++.old-deja/g++.jason/overload34.C (test for excess errors)
FAIL: g++.old-deja/g++.mike/p11110.C (test for excess errors)
XPASS: g++.old-deja/g++.other/init5.C execution test
=== g++ Summary ===
# of expected passes 11983
# of unexpected failures 5
# of unexpected successes 1
# of expected failures 65
# of unsupported tests 98
/home/robert/stuff/gcc/build/gcc/testsuite/g++/../../g++ version 4.2.0 20060304 (experimental)
=== objc tests ===
Running target unix
FAIL: objc.dg/objc-nofilename-1.m scan-assembler-not objc-nofilename-1.m
=== objc Summary ===
# of expected passes 1751
# of unexpected failures 1
# of expected failures 7
# of unsupported tests 23
/home/robert/stuff/gcc/build/gcc/xgcc version 4.2.0 20060304 (experimental)
=== libgomp tests ===
Running target unix
FAIL: libgomp.fortran/omp_parse4.f90 -O0 execution test
FAIL: libgomp.fortran/omp_parse4.f90 -O1 execution test
FAIL: libgomp.fortran/omp_parse4.f90 -O2 execution test
FAIL: libgomp.fortran/omp_parse4.f90 -O3 -fomit-frame-pointer execution test
FAIL: libgomp.fortran/omp_parse4.f90 -O3 -fomit-frame-pointer -funroll-loops execution test
FAIL: libgomp.fortran/omp_parse4.f90 -O3 -fomit-frame-pointer -funroll-all-loops -finline-functions execution test
FAIL: libgomp.fortran/omp_parse4.f90 -O3 -g execution test
FAIL: libgomp.fortran/omp_parse4.f90 -Os execution test
=== libgomp Summary ===
# of expected passes 1063
# of unexpected failures 8
=== libmudflap tests ===
Running target unix
=== libmudflap Summary ===
# of expected passes 1789
=== libstdc++ tests ===
Running target unix
XPASS: 26_numerics/cmath/c99_classification_macros_c.cc (test for excess errors)
XPASS: 27_io/fpos/14320-1.cc execution test
=== libstdc++ Summary ===
# of expected passes 4141
# of unexpected successes 2
# of expected failures 11
Compiler version: 4.2.0 20060304 (experimental)
Platform: x86_64-suse-linux-gnu
configure flags: --enable-threads=posix --prefix=/home/robert/stuff/gcc/inst/gcc420 --libexecdir=/home/robert/stuff/gcc/inst/gcc420/lib --disable-checking --disable-libgcj --with-gxx-include-dir=/home/robert/stuff/gcc/inst/gcc420/include/g++ --with-system-zlib --enable-shared --enable-__cxa_atexit x86_64-suse-linux --enable-languages=c,c++,fortran,objc
More information about the Gcc-testresults
mailing list