Results for 4.2.0 20060627 (experimental) testsuite on i686-pc-cygwin
David Billinghurst
David.Billinghurst@riotinto.com
Wed Jun 28 05:00:00 GMT 2006
CYGWIN_NT-5.1 calttws189 1.5.19(0.150/4/2) 2006-01-20 13:28 i686 Cygwin
Using local build of gmp-4.2 and mfpr-2.2
cxg2014 added to gcc/gcc/testsuite/ada/acats/norun.lst
treelang testsuite failure is PR 27376
LAST_UPDATED: Tue Jun 27 08:18:58 UTC 2006 (revision 115032)
Native configuration is i686-pc-cygwin
=== g++ tests ===
Running target unix
FAIL: g++.dg/abi/local1.C execution test
FAIL: g++.dg/abi/rtti1.C scan-assembler-dem-not \\ntypeinfo for A[:
\\t\\n]
FAIL: g++.dg/abi/thunk4.C scan-assembler .weak[
\\t]_?_ZThn._N7Derived3FooEv
FAIL: g++.dg/opt/complex3.C (internal compiler error)
FAIL: g++.dg/opt/complex3.C (test for excess errors)
FAIL: g++.dg/opt/vt1.C scan-assembler-not
section[^\\n\\r]*_ZTV1S[^\\n\\r]*"[^w"\\n\\r]*"
FAIL: g++.dg/other/unused1.C scan-assembler stringz?\\t"class2"
FAIL: g++.dg/other/unused1.C scan-assembler stringz?\\t"printer"
FAIL: g++.dg/pch/externc-1.C -g assembly comparison
FAIL: g++.dg/pch/externc-1.C -O2 -g assembly comparison
FAIL: g++.dg/pch/static-1.C -g assembly comparison
FAIL: g++.dg/pch/static-1.C -O2 -g assembly comparison
FAIL: g++.dg/pch/system-1.C -g assembly comparison
FAIL: g++.dg/pch/system-1.C -O2 -g assembly comparison
FAIL: g++.dg/pch/system-2.C -g assembly comparison
FAIL: g++.dg/pch/system-2.C -O2 -g assembly comparison
FAIL: g++.dg/pch/uninst.C -g assembly comparison
FAIL: g++.dg/pch/uninst.C -O2 -g assembly comparison
FAIL: g++.dg/pch/wchar-1.C -g assembly comparison
FAIL: g++.dg/pch/wchar-1.C -O2 -g assembly comparison
FAIL: g++.old-deja/g++.eh/badalloc1.C execution test
XPASS: g++.old-deja/g++.ext/attrib5.C execution test
FAIL: g++.old-deja/g++.other/init18.C execution test
FAIL: g++.old-deja/g++.other/init19.C execution test
FAIL: g++.old-deja/g++.other/init5.C execution test
=== g++ Summary ===
# of expected passes 12879
# of unexpected failures 24
# of unexpected successes 1
# of expected failures 67
# of unsupported tests 140
/usr/local/obj/gcc/gcc/testsuite/g++/../../g++ version 4.2.0 20060627
(experimental)
=== gcc tests ===
Running target unix
FAIL: gcc.c-torture/compile/20001226-1.c (test for excess errors)
XPASS: gcc.dg/cpp/cmdlne-dI-M.c scan-file
(^|\\\\n)cmdlne-dI-M.*:[^\\\\n]*cmdlne-dI-M.c
XPASS: gcc.dg/cpp/cmdlne-dM-M.c scan-file
(^|\\\\n)cmdlne-dM-M[^\\\\n]*:[^\\\\n]*cmdlne-dM-M.c
FAIL: gcc.dg/20021014-1.c (test for excess errors)
WARNING: gcc.dg/20021014-1.c compilation failed to produce executable
FAIL: gcc.dg/pr17957.c (test for excess errors)
FAIL: largefile.c (test for excess errors)
FAIL: largefile.c (test for excess errors)
FAIL: largefile.c (test for excess errors)
FAIL: largefile.c (test for excess errors)
FAIL: largefile.c (test for excess errors)
FAIL: largefile.c (test for excess errors)
FAIL: largefile.c (test for excess errors)
FAIL: gcc.dg/tree-ssa/loop-1.c scan-assembler-times foo 5
FAIL: compiler driver --coverage option(s) (compiler options)
FAIL: gcc.target/i386/pic-1.c (test for errors, line 10)
=== gcc Summary ===
# of expected passes 41341
# of unexpected failures 13
# of unexpected successes 2
# of expected failures 109
# of untested testcases 35
# of unsupported tests 339
/usr/local/obj/gcc/gcc/xgcc version 4.2.0 20060627 (experimental)
=== gfortran tests ===
Running target unix
FAIL: gfortran.dg/array-1.f90 (test for excess errors)
WARNING: gfortran.dg/array-1.f90 compilation failed to produce executable
FAIL: gfortran.dg/array-1.f90 (test for excess errors)
WARNING: gfortran.dg/array-1.f90 compilation failed to produce executable
FAIL: gfortran.dg/array-1.f90 (test for excess errors)
WARNING: gfortran.dg/array-1.f90 compilation failed to produce executable
FAIL: gfortran.dg/array-1.f90 (test for excess errors)
WARNING: gfortran.dg/array-1.f90 compilation failed to produce executable
FAIL: gfortran.dg/array-1.f90 (test for excess errors)
WARNING: gfortran.dg/array-1.f90 compilation failed to produce executable
FAIL: gfortran.dg/array-1.f90 (test for excess errors)
WARNING: gfortran.dg/array-1.f90 compilation failed to produce executable
FAIL: gfortran.dg/array-1.f90 (test for excess errors)
WARNING: gfortran.dg/array-1.f90 compilation failed to produce executable
FAIL: gfortran.dg/array-1.f90 (test for excess errors)
WARNING: gfortran.dg/array-1.f90 compilation failed to produce executable
FAIL: gfortran.dg/direct_io_5.f90 execution test
FAIL: gfortran.dg/direct_io_5.f90 execution test
FAIL: gfortran.dg/direct_io_5.f90 execution test
FAIL: gfortran.dg/direct_io_5.f90 execution test
FAIL: gfortran.dg/direct_io_5.f90 execution test
FAIL: gfortran.dg/direct_io_5.f90 execution test
FAIL: gfortran.dg/direct_io_5.f90 execution test
FAIL: gfortran.dg/direct_io_5.f90 execution test
FAIL: gfortran.dg/matmul_3.f90 execution test
FAIL: gfortran.dg/matmul_3.f90 execution test
FAIL: gfortran.dg/matmul_3.f90 execution test
FAIL: gfortran.dg/matmul_3.f90 execution test
FAIL: gfortran.dg/matmul_3.f90 execution test
FAIL: gfortran.dg/matmul_3.f90 execution test
FAIL: gfortran.dg/matmul_3.f90 execution test
FAIL: gfortran.dg/matmul_3.f90 execution test
FAIL: gfortran.dg/nested_reshape.f90 (test for excess errors)
WARNING: gfortran.dg/nested_reshape.f90 compilation failed to produce
executable
FAIL: gfortran.dg/nested_reshape.f90 (test for excess errors)
WARNING: gfortran.dg/nested_reshape.f90 compilation failed to produce
executable
FAIL: gfortran.dg/nested_reshape.f90 (test for excess errors)
WARNING: gfortran.dg/nested_reshape.f90 compilation failed to produce
executable
FAIL: gfortran.dg/nested_reshape.f90 (test for excess errors)
WARNING: gfortran.dg/nested_reshape.f90 compilation failed to produce
executable
FAIL: gfortran.dg/nested_reshape.f90 (test for excess errors)
WARNING: gfortran.dg/nested_reshape.f90 compilation failed to produce
executable
FAIL: gfortran.dg/nested_reshape.f90 (test for excess errors)
WARNING: gfortran.dg/nested_reshape.f90 compilation failed to produce
executable
FAIL: gfortran.dg/nested_reshape.f90 (test for excess errors)
WARNING: gfortran.dg/nested_reshape.f90 compilation failed to produce
executable
FAIL: gfortran.dg/nested_reshape.f90 (test for excess errors)
WARNING: gfortran.dg/nested_reshape.f90 compilation failed to produce
executable
FAIL: gfortran.dg/reshape.f90 (test for excess errors)
WARNING: gfortran.dg/reshape.f90 compilation failed to produce executable
FAIL: gfortran.dg/reshape.f90 (test for excess errors)
WARNING: gfortran.dg/reshape.f90 compilation failed to produce executable
FAIL: gfortran.dg/reshape.f90 (test for excess errors)
WARNING: gfortran.dg/reshape.f90 compilation failed to produce executable
FAIL: gfortran.dg/reshape.f90 (test for excess errors)
WARNING: gfortran.dg/reshape.f90 compilation failed to produce executable
FAIL: gfortran.dg/reshape.f90 (test for excess errors)
WARNING: gfortran.dg/reshape.f90 compilation failed to produce executable
FAIL: gfortran.dg/reshape.f90 (test for excess errors)
WARNING: gfortran.dg/reshape.f90 compilation failed to produce executable
FAIL: gfortran.dg/reshape.f90 (test for excess errors)
WARNING: gfortran.dg/reshape.f90 compilation failed to produce executable
FAIL: gfortran.dg/reshape.f90 (test for excess errors)
WARNING: gfortran.dg/reshape.f90 compilation failed to produce executable
FAIL: gfortran.dg/secnds.f execution test
FAIL: gfortran.dg/string_null_compare_1.f execution test
FAIL: gfortran.dg/string_null_compare_1.f execution test
FAIL: gfortran.dg/string_null_compare_1.f execution test
FAIL: gfortran.dg/string_null_compare_1.f execution test
FAIL: gfortran.dg/string_null_compare_1.f execution test
FAIL: gfortran.dg/string_null_compare_1.f execution test
FAIL: gfortran.dg/string_null_compare_1.f execution test
FAIL: gfortran.dg/string_null_compare_1.f execution test
FAIL: gfortran.dg/transfer_array_intrinsic_2.f90 (test for excess errors)
WARNING: gfortran.dg/transfer_array_intrinsic_2.f90 compilation failed to
produce executable
FAIL: gfortran.dg/transfer_array_intrinsic_2.f90 (test for excess errors)
WARNING: gfortran.dg/transfer_array_intrinsic_2.f90 compilation failed to
produce executable
FAIL: gfortran.dg/transfer_array_intrinsic_2.f90 (test for excess errors)
WARNING: gfortran.dg/transfer_array_intrinsic_2.f90 compilation failed to
produce executable
FAIL: gfortran.dg/transfer_array_intrinsic_2.f90 (test for excess errors)
WARNING: gfortran.dg/transfer_array_intrinsic_2.f90 compilation failed to
produce executable
FAIL: gfortran.dg/transfer_array_intrinsic_2.f90 (test for excess errors)
WARNING: gfortran.dg/transfer_array_intrinsic_2.f90 compilation failed to
produce executable
FAIL: gfortran.dg/transfer_array_intrinsic_2.f90 (test for excess errors)
WARNING: gfortran.dg/transfer_array_intrinsic_2.f90 compilation failed to
produce executable
FAIL: gfortran.dg/transfer_array_intrinsic_2.f90 (test for excess errors)
WARNING: gfortran.dg/transfer_array_intrinsic_2.f90 compilation failed to
produce executable
FAIL: gfortran.dg/transfer_array_intrinsic_2.f90 (test for excess errors)
WARNING: gfortran.dg/transfer_array_intrinsic_2.f90 compilation failed to
produce executable
FAIL: gfortran.fortran-torture/execute/intrinsic_matmul.f90
ompilation, -O0
FAIL: gfortran.fortran-torture/execute/intrinsic_matmul.f90
ompilation, -O1
FAIL: gfortran.fortran-torture/execute/intrinsic_matmul.f90
ompilation, -O2
FAIL: gfortran.fortran-torture/execute/intrinsic_matmul.f90
ompilation, -O3 -fomit-frame-pointer
FAIL: gfortran.fortran-torture/execute/intrinsic_matmul.f90
ompilation, -O3 -fomit-frame-pointer -funroll-loops
FAIL: gfortran.fortran-torture/execute/intrinsic_matmul.f90
ompilation, -O3 -fomit-frame-pointer -funroll-all-loops -finline-function
s
FAIL: gfortran.fortran-torture/execute/intrinsic_matmul.f90
ompilation, -O3 -g
FAIL: gfortran.fortran-torture/execute/intrinsic_matmul.f90
ompilation, -Os
=== gfortran Summary ===
# of expected passes 13271
# of unexpected failures 65
# of expected failures 7
# of untested testcases 8
# of unsupported tests 78
/usr/local/obj/gcc/gcc/testsuite/gfortran/../../gfortran version 4.2.0
20060627 (experimental)
=== gnat tests ===
Running target unix
FAIL: gnat.dg/scalar_mode_agg_compare.adb (test for excess errors)
WARNING: gnat.dg/scalar_mode_agg_compare.adb compilation failed to produce
executable
FAIL: gnat.dg/varsize_temp.adb (test for excess errors)
=== gnat Summary ===
# of expected passes 2
# of unexpected failures 2
=== objc tests ===
Running target unix
=== objc Summary ===
# of expected passes 1818
# of expected failures 7
# of unsupported tests 24
/usr/local/obj/gcc/gcc/xgcc version 4.2.0 20060627 (experimental)
=== treelang tests ===
Running target unix
ERROR: tcl error sourcing
/usr/local/src/gcc/gcc/testsuite/treelang/output/output.exp.
ERROR: rm: cannot remove \`treelang/output-1': No such file or directory
=== treelang Summary ===
# of expected passes 50
=== libstdc++ tests ===
Running target unix
FAIL: 26_numerics/cmath/c99_classification_macros_c.cc (test for excess
errors)
FAIL: 27_io/basic_filebuf/seekoff/char/1-io.cc execution test
FAIL: 27_io/basic_filebuf/seekoff/char/1-io.cc execution test
FAIL: 27_io/basic_filebuf/seekoff/char/2-io.cc execution test
FAIL: 27_io/basic_filebuf/seekoff/char/2-io.cc execution test
FAIL: 27_io/basic_filebuf/seekpos/char/1-io.cc execution test
FAIL: 27_io/basic_filebuf/seekpos/char/1-io.cc execution test
FAIL: 27_io/basic_filebuf/seekpos/char/2-io.cc execution test
FAIL: 27_io/basic_filebuf/seekpos/char/2-io.cc execution test
FAIL: 27_io/basic_filebuf/sgetn/char/1-in.cc execution test
FAIL: 27_io/basic_filebuf/sgetn/char/1-in.cc execution test
FAIL: 27_io/basic_filebuf/sgetn/char/1-in.cc execution test
FAIL: 27_io/basic_filebuf/sgetn/char/1-io.cc execution test
FAIL: 27_io/basic_filebuf/sgetn/char/1-io.cc execution test
FAIL: 27_io/basic_filebuf/sgetn/char/1-io.cc execution test
FAIL: 27_io/basic_filebuf/sgetn/char/2-in.cc execution test
FAIL: 27_io/basic_filebuf/sgetn/char/2-in.cc execution test
FAIL: 27_io/basic_filebuf/sgetn/char/2-in.cc execution test
FAIL: 27_io/basic_filebuf/sgetn/char/2-io.cc execution test
FAIL: 27_io/basic_filebuf/sgetn/char/2-io.cc execution test
FAIL: 27_io/basic_filebuf/sgetn/char/2-io.cc execution test
FAIL: 27_io/basic_istream/extractors_arithmetic/char/12.cc execution test
FAIL: 27_io/basic_istream/extractors_arithmetic/char/12.cc execution test
FAIL: 27_io/basic_istream/extractors_arithmetic/char/12.cc execution test
FAIL: 27_io/basic_istream/readsome/char/6746-2.cc execution test
FAIL: 27_io/basic_istream/readsome/char/6746-2.cc execution test
FAIL: 27_io/basic_istream/readsome/char/6746-2.cc execution test
FAIL: 27_io/objects/char/6.cc execution test
FAIL: 27_io/objects/char/6.cc execution test
FAIL: ext/pb_ds/example/priority_queue_dijkstra.cc execution test
FAIL: ext/pb_ds/example/priority_queue_dijkstra.cc execution test
FAIL: ext/pb_ds/regression/priority_queue_rand.cc execution test
FAIL: ext/pb_ds/regression/priority_queue_rand.cc execution test
=== libstdc++ Summary ===
# of expected passes 6519
# of unexpected failures 33
# of expected failures 29
# of unsupported tests 445
Compiler version: 4.2.0 20060627 (experimental)
Platform: i686-pc-cygwin
configure
flags: --prefix=/usr/local/gcc-4_2 --enable-threads=posix --disable-libgcj
--enable-sjlj-exceptions --with-system-zlib --enable-nls --disable-libmud
flap --enable-version-specific-runtime-libs --without-included-gettext --d
isable-shared --enable-languages=c,ada,c++,fortran,java,objc,treelang
Counting all warnings,
there are 0 warnings in stage3 of this bootstrap.
Number of warnings per file:
Number of warning types:
NOTICE
This e-mail and any attachments are private and confidential and may
contain privileged information. If you are not an authorised recipient,
the copying or distribution of this e-mail and any attachments is
prohibited and you must not read, print or act in reliance on this e-mail
or attachments.
This notice should not be removed.
More information about the Gcc-testresults
mailing list