Results for 4.2.0 20060621 (experimental) testsuite on x86_64-unknown-linux-gnu [r114865]
Laurent GUERBY
laurent@guerby.net
Wed Jun 21 22:57:00 GMT 2006
LAST_UPDATED: Wed Jun 21 20:02:16 UTC 2006 (revision 114865)
=== acats tests ===
FAIL: c35507m
FAIL: cd2a23e
FAIL: cdd2a02
FAIL: cxh1001
=== acats Summary ===
# of expected passes 2313
# of unexpected failures 4
Native configuration is x86_64-unknown-linux-gnu
=== gcc tests ===
Running target unix
FAIL: gcc.dg/visibility-11.c scan-assembler memcpy@PLT
WARNING: gcc.dg/torture/fp-int-convert-float128-timode.c -O0 compilation failed to produce executable
WARNING: gcc.dg/torture/fp-int-convert-float128-timode.c -O1 compilation failed to produce executable
WARNING: gcc.dg/torture/fp-int-convert-float128-timode.c -O2 compilation failed to produce executable
WARNING: gcc.dg/torture/fp-int-convert-float128-timode.c -O3 -fomit-frame-pointer compilation failed to produce executable
WARNING: gcc.dg/torture/fp-int-convert-float128-timode.c -O3 -g compilation failed to produce executable
WARNING: gcc.dg/torture/fp-int-convert-float128-timode.c -Os compilation failed to produce executable
WARNING: gcc.dg/torture/fp-int-convert-float128.c -O0 compilation failed to produce executable
WARNING: gcc.dg/torture/fp-int-convert-float128.c -O1 compilation failed to produce executable
WARNING: gcc.dg/torture/fp-int-convert-float128.c -O2 compilation failed to produce executable
WARNING: gcc.dg/torture/fp-int-convert-float128.c -O3 -fomit-frame-pointer compilation failed to produce executable
WARNING: gcc.dg/torture/fp-int-convert-float128.c -O3 -g compilation failed to produce executable
WARNING: gcc.dg/torture/fp-int-convert-float128.c -Os compilation failed to produce executable
FAIL: gcc.dg/tree-ssa/inline-1.c scan-tree-dump-times (struct interval) 0
=== gcc Summary ===
# of expected passes 39646
# of unexpected failures 2
# of expected failures 123
# of untested testcases 28
# of unsupported tests 384
/home/guerby/work/gcc/build/build-head-20060621T220423/gcc/xgcc version 4.2.0 20060621 (experimental)
=== gnat tests ===
Running target unix
=== gnat Summary ===
# of expected passes 1
Compiler version: 4.2.0 20060621 (experimental)
Platform: x86_64-unknown-linux-gnu
configure flags: --prefix=/home/guerby/work/gcc/install/install-head-20060621T220423 --enable-__cxa_atexit --disable-nls --enable-threads=posix --disable-multilib --enable-checking --enable-languages=c,ada
More information about the Gcc-testresults
mailing list