Results for 4.1.0 20060117 (prerelease) testsuite on sparc-sun-solaris2.8
Rainer Orth
ro@TechFak.Uni-Bielefeld.DE
Tue Jan 31 20:49:00 GMT 2006
LAST_UPDATED: Tue Jan 17 12:21:11 UTC 2006 (revision 109816M)
=== acats tests ===
FAIL: c52103x
FAIL: c52104x
FAIL: c52104y
FAIL: c9a011b
FAIL: ce3810b
=== acats Summary ===
# of expected passes 2314
# of unexpected failures 5
Native configuration is sparc-sun-solaris2.8
=== g++ tests ===
Running target unix
WARNING: g++.dg/other/ucnid-1.C compilation failed to produce executable
XPASS: g++.dg/tree-ssa/pr14814.C scan-tree-dump-times &this 0
=== g++ Summary for unix ===
# of expected passes 11761
# of unexpected successes 1
# of expected failures 68
# of unsupported tests 140
Running target unix/-m64
WARNING: g++.dg/other/ucnid-1.C compilation failed to produce executable
XPASS: g++.dg/tree-ssa/pr14814.C scan-tree-dump-times &this 0
=== g++ Summary for unix/-m64 ===
# of expected passes 11729
# of unexpected successes 1
# of expected failures 68
# of unsupported tests 142
=== g++ Summary ===
# of expected passes 23490
# of unexpected successes 2
# of expected failures 136
# of unsupported tests 282
/amnt/figaro/volumes/obj-gcc/gcc/obj.sol2/gcc-4.1.0-20060117/8-gcc/gcc/testsuite/../g++ version 4.1.0 20060117 (prerelease)
=== gcc tests ===
Running target unix
WARNING: program timed out.
FAIL: gcc.c-torture/compile/20001226-1.c (test for excess errors)
WARNING: program timed out.
FAIL: gcc.c-torture/compile/20001226-1.c (test for excess errors)
WARNING: program timed out.
FAIL: gcc.c-torture/compile/20001226-1.c (test for excess errors)
WARNING: program timed out.
FAIL: gcc.c-torture/compile/20001226-1.c (test for excess errors)
WARNING: gcc.dg/ucnid-2.c compilation failed to produce executable
WARNING: gcc.dg/ucnid-3.c compilation failed to produce executable
WARNING: gcc.dg/ucnid-4.c compilation failed to produce executable
FAIL: gcc.dg/tree-ssa/gen-vect-11.c scan-tree-dump-times vectorized 1 loops 1
XPASS: gcc.dg/vect/pr20122.c scan-tree-dump-times vectorized 1 loops 2
XPASS: gcc.dg/vect/vect-105.c scan-tree-dump-times vectorized 1 loops 1
XPASS: gcc.dg/vect/vect-75.c scan-tree-dump-times vectorized 1 loops 1
=== gcc Summary for unix ===
# of expected passes 37133
# of unexpected failures 5
# of unexpected successes 3
# of expected failures 110
# of untested testcases 28
# of unsupported tests 397
Running target unix/-m64
WARNING: program timed out.
FAIL: gcc.c-torture/compile/20001226-1.c (test for excess errors)
WARNING: program timed out.
FAIL: gcc.c-torture/compile/20001226-1.c (test for excess errors)
WARNING: program timed out.
FAIL: gcc.c-torture/compile/20001226-1.c (test for excess errors)
WARNING: program timed out.
FAIL: gcc.c-torture/compile/20001226-1.c (test for excess errors)
WARNING: gcc.dg/ucnid-2.c compilation failed to produce executable
WARNING: gcc.dg/ucnid-3.c compilation failed to produce executable
WARNING: gcc.dg/ucnid-4.c compilation failed to produce executable
FAIL: gcc.dg/tree-ssa/gen-vect-11.c scan-tree-dump-times vectorized 1 loops 1
XPASS: gcc.dg/vect/pr20122.c scan-tree-dump-times vectorized 1 loops 2
XPASS: gcc.dg/vect/vect-105.c scan-tree-dump-times vectorized 1 loops 1
XPASS: gcc.dg/vect/vect-75.c scan-tree-dump-times vectorized 1 loops 1
=== gcc Summary for unix/-m64 ===
# of expected passes 37127
# of unexpected failures 5
# of unexpected successes 3
# of expected failures 110
# of untested testcases 28
# of unsupported tests 400
=== gcc Summary ===
# of expected passes 74260
# of unexpected failures 10
# of unexpected successes 6
# of expected failures 220
# of untested testcases 56
# of unsupported tests 797
/amnt/figaro/volumes/obj-gcc/gcc/obj.sol2/gcc-4.1.0-20060117/8-gcc/gcc/xgcc version 4.1.0 20060117 (prerelease)
=== gfortran tests ===
Running target unix
=== gfortran Summary for unix ===
# of expected passes 11206
# of expected failures 6
# of unsupported tests 71
Running target unix/-m64
FAIL: gfortran.dg/char_result_11.f90 (test for excess errors)
=== gfortran Summary for unix/-m64 ===
# of expected passes 11219
# of unexpected failures 1
# of expected failures 7
# of unsupported tests 63
=== gfortran Summary ===
# of expected passes 22425
# of unexpected failures 1
# of expected failures 13
# of unsupported tests 134
/amnt/figaro/volumes/obj-gcc/gcc/obj.sol2/gcc-4.1.0-20060117/8-gcc/gcc/testsuite/../gfortran version 4.1.0 20060117 (prerelease)
=== objc tests ===
Running target unix
=== objc Summary for unix ===
# of expected passes 1684
# of unsupported tests 22
Running target unix/-m64
=== objc Summary for unix/-m64 ===
# of expected passes 1684
# of unsupported tests 22
=== objc Summary ===
# of expected passes 3368
# of unsupported tests 44
/amnt/figaro/volumes/obj-gcc/gcc/obj.sol2/gcc-4.1.0-20060117/8-gcc/gcc/xgcc version 4.1.0 20060117 (prerelease)
=== libffi tests ===
Running target unix
=== libffi Summary for unix ===
# of expected passes 228
# of unsupported tests 2
Running target unix/-m64
=== libffi Summary for unix/-m64 ===
# of expected passes 228
# of unsupported tests 2
=== libffi Summary ===
# of expected passes 456
# of unsupported tests 4
=== libjava tests ===
Running target unix
FAIL: Array_3 execution - gij test
FAIL: Array_3 execution - gij test
FAIL: Class_1 execution - source compiled test
FAIL: Class_1 execution - bytecode->native test
FAIL: Class_1 -O3 execution - source compiled test
FAIL: Class_1 -O3 execution - bytecode->native test
FAIL: ExtraClassLoader output - source compiled test
FAIL: ExtraClassLoader output - gij test
FAIL: ExtraClassLoader output - bytecode->native test
FAIL: ExtraClassLoader -O3 output - source compiled test
FAIL: ExtraClassLoader output - gij test
FAIL: ExtraClassLoader -O3 output - bytecode->native test
FAIL: FileHandleGcTest execution - source compiled test
FAIL: FileHandleGcTest execution - gij test
FAIL: FileHandleGcTest execution - bytecode->native test
FAIL: FileHandleGcTest -O3 execution - source compiled test
FAIL: FileHandleGcTest execution - gij test
FAIL: FileHandleGcTest -O3 execution - bytecode->native test
FAIL: InvokeInterface execution - bytecode->native test
FAIL: InvokeInterface -O3 execution - bytecode->native test
FAIL: PR12416 execution - bytecode->native test
FAIL: PR12416 -O3 execution - bytecode->native test
FAIL: PR260 execution - bytecode->native test
FAIL: PR260 -O3 execution - bytecode->native test
FAIL: SyncTest execution - bytecode->native test
FAIL: SyncTest -O3 execution - bytecode->native test
FAIL: invokethrow execution - bytecode->native test
FAIL: invokethrow -O3 execution - bytecode->native test
FAIL: pr179 execution - bytecode->native test
FAIL: pr179 -O3 execution - bytecode->native test
FAIL: pr8415 execution - bytecode->native test
FAIL: pr8415 -O3 execution - bytecode->native test
FAIL: stringconst2 output - source compiled test
FAIL: stringconst2 output - bytecode->native test
FAIL: stringconst2 -O3 output - source compiled test
FAIL: stringconst2 -O3 output - bytecode->native test
FAIL: pr21115 run
=== libjava Summary for unix ===
# of expected passes 3948
# of unexpected failures 37
# of expected failures 10
# of untested testcases 35
Running target unix/-m64
FAIL: PR16923 run
FAIL: Array_3 execution - gij test
FAIL: Array_3 execution - gij test
FAIL: Class_1 execution - source compiled test
FAIL: Class_1 execution - bytecode->native test
FAIL: Class_1 -O3 execution - source compiled test
FAIL: Class_1 -O3 execution - bytecode->native test
FAIL: ExtraClassLoader output - source compiled test
FAIL: ExtraClassLoader output - gij test
FAIL: ExtraClassLoader output - bytecode->native test
FAIL: ExtraClassLoader -O3 output - source compiled test
FAIL: ExtraClassLoader output - gij test
FAIL: ExtraClassLoader -O3 output - bytecode->native test
FAIL: FileHandleGcTest execution - source compiled test
FAIL: FileHandleGcTest execution - gij test
FAIL: FileHandleGcTest execution - bytecode->native test
FAIL: FileHandleGcTest -O3 execution - source compiled test
FAIL: FileHandleGcTest execution - gij test
FAIL: FileHandleGcTest -O3 execution - bytecode->native test
FAIL: InvokeInterface execution - bytecode->native test
FAIL: InvokeInterface -O3 execution - bytecode->native test
FAIL: PR12416 execution - bytecode->native test
FAIL: PR12416 -O3 execution - bytecode->native test
FAIL: PR260 execution - bytecode->native test
FAIL: PR260 -O3 execution - bytecode->native test
FAIL: SyncTest execution - bytecode->native test
FAIL: SyncTest -O3 execution - bytecode->native test
FAIL: Throw_2 execution - gij test
FAIL: Throw_2 execution - gij test
FAIL: invokethrow execution - bytecode->native test
FAIL: invokethrow -O3 execution - bytecode->native test
FAIL: pr179 execution - bytecode->native test
FAIL: pr179 -O3 execution - bytecode->native test
FAIL: pr8415 execution - bytecode->native test
FAIL: pr8415 -O3 execution - bytecode->native test
FAIL: stringconst2 output - source compiled test
FAIL: stringconst2 output - bytecode->native test
FAIL: stringconst2 -O3 output - source compiled test
FAIL: stringconst2 -O3 output - bytecode->native test
FAIL: pr21115 run
=== libjava Summary for unix/-m64 ===
# of expected passes 3943
# of unexpected failures 40
# of expected failures 10
# of untested testcases 38
=== libjava Summary ===
# of expected passes 7891
# of unexpected failures 77
# of expected failures 20
# of untested testcases 73
=== libstdc++ tests ===
Running target unix
=== libstdc++ Summary for unix ===
# of expected passes 1491
# of expected failures 5
# of unsupported tests 22
Running target unix/-m64
=== libstdc++ Summary for unix/-m64 ===
# of expected passes 1491
# of expected failures 5
# of unsupported tests 22
=== libstdc++ Summary ===
# of expected passes 2982
# of expected failures 10
# of unsupported tests 44
Compiler version: 4.1.0 20060117 (prerelease)
Platform: sparc-sun-solaris2.8
configure flags: --prefix=/vol/gcc --with-local-prefix=/vol/gcc --disable-nls --with-gmp-dir=/vol/gnu/obj/gmp-4.1.3 --with-mpfr-dir=/vol/gnu/obj/gmp-4.1.3/mpfr --enable-languages=c,ada,c++,fortran,java,objc
BOOT_CFLAGS=-g -O2
More information about the Gcc-testresults
mailing list