Results for 4.2.0 20060127 (experimental) testsuite on i686-pc-linux-gnu
CodeSourcery Automatic Testing System
gcc@codesourcery.com
Fri Jan 27 13:23:00 GMT 2006
LAST_UPDATED: Fri Jan 27 08:09:56 UTC 2006 (revision 110296)
Native configuration is i686-pc-linux-gnu
=== g++ tests ===
Running target unix
=== g++ Summary ===
# of expected passes 12050
# of expected failures 66
# of unsupported tests 66
/scratch/gcc/nightly-2006-01-27-mainline/i686-pc-linux-gnu/build_gcc/install/bin/c++ version 4.2.0 20060127 (experimental)
=== gcc tests ===
Running target unix
WARNING: program timed out.
FAIL: gcc.c-torture/compile/20001226-1.c -O0 (test for excess errors)
=== gcc Summary ===
# of expected passes 38838
# of unexpected failures 1
# of expected failures 115
# of untested testcases 28
# of unsupported tests 258
/scratch/gcc/nightly-2006-01-27-mainline/i686-pc-linux-gnu/build_gcc/install/bin/gcc version 4.2.0 20060127 (experimental)
=== libstdc++ tests ===
Running target unix
FAIL: 22_locale/locale/cons/12658_thread-1.cc execution test
FAIL: 22_locale/locale/cons/12658_thread-2.cc execution test
FAIL: 22_locale/messages/members/char/1.cc execution test
FAIL: 22_locale/messages/members/char/2.cc execution test
FAIL: 22_locale/messages/members/char/wrapped_env.cc execution test
FAIL: 22_locale/messages/members/char/wrapped_locale.cc execution test
FAIL: 22_locale/messages_byname/named_equivalence.cc execution test
FAIL: thread/pthread3.cc execution test
=== libstdc++ Summary ===
# of expected passes 4084
# of unexpected failures 8
# of expected failures 13
# of unsupported tests 6
Compiler version: 4.2.0 20060127 (experimental)
Platform: i686-pc-linux-gnu
configure flags: --disable-nls --build=i686-pc-linux-gnu --host=i686-pc-linux-gnu --target=i686-pc-linux-gnu --enable-shared --enable-threads --disable-libmudflap --disable-libssp --disable-libstdcxx-pch --with-gnu-as --with-as=/scratch/gcc/nightly-2006-01-27-mainline/i686-pc-linux-gnu/build_gcc/install/bin/as --with-gnu-ld --with-ld=/scratch/gcc/nightly-2006-01-27-mainline/i686-pc-linux-gnu/build_gcc/install/bin/ld --prefix=/scratch/gcc/nightly-2006-01-27-mainline/i686-pc-linux-gnu/build_gcc/install --enable-languages=c,c++
More information about the Gcc-testresults
mailing list