Results for 4.1.0 20060125 (prerelease) testsuite on hppa2.0w-hp-hpux11.00
John David Anglin
dave@hiauly2.hia.nrc.ca
Fri Jan 27 00:47:00 GMT 2006
LAST_UPDATED: Wed Jan 25 18:25:28 UTC 2006 (revision 110217)
Native configuration is hppa2.0w-hp-hpux11.00
=== g++ tests ===
Running target unix
XPASS: g++.dg/tree-ssa/pr14814.C scan-tree-dump-times &this 0
=== g++ Summary ===
# of expected passes 11536
# of unexpected successes 1
# of expected failures 66
# of unsupported tests 152
/home/gnu/gcc-3.4/objdir/gcc/testsuite/../g++ version 4.1.0 20060125 (prerelease)
=== gcc tests ===
Running target unix
WARNING: program timed out.
FAIL: gcc.c-torture/compile/20001226-1.c -O2 (test for excess errors)
WARNING: program timed out.
FAIL: gcc.c-torture/compile/20001226-1.c -O3 -fomit-frame-pointer (test for excess errors)
WARNING: program timed out.
FAIL: gcc.c-torture/compile/20001226-1.c -O3 -g (test for excess errors)
WARNING: program timed out.
FAIL: gcc.c-torture/compile/20001226-1.c -Os (test for excess errors)
=== gcc Summary ===
# of expected passes 36300
# of unexpected failures 4
# of expected failures 78
# of untested testcases 28
# of unsupported tests 410
/home/gnu/gcc-3.4/objdir/gcc/xgcc version 4.1.0 20060125 (prerelease)
=== objc tests ===
Running target unix
=== objc Summary ===
# of expected passes 1682
# of unsupported tests 23
/home/gnu/gcc-3.4/objdir/gcc/xgcc version 4.1.0 20060125 (prerelease)
=== libstdc++ tests ===
Running target unix
=== libstdc++ Summary ===
# of expected passes 2608
# of expected failures 10
# of unsupported tests 145
Compiler version: 4.1.0 20060125 (prerelease)
Platform: hppa2.0w-hp-hpux11.00
configure flags: --with-gnu-as --with-as=/opt/gnu/bin/as --enable-shared --with-local-prefix=/opt/gnu --prefix=/opt/gnu/gcc/gcc-4.1.0 --enable-debug=no --disable-nls --enable-languages=c,c++,java,objc
More information about the Gcc-testresults
mailing list