Results for 4.2.0 20060125 (experimental) testsuite on x86_64-unknown-linux-gnu
Diego Novillo
dnovillo@redhat.com
Wed Jan 25 08:50:00 GMT 2006
LAST_UPDATED:
Native configuration is x86_64-unknown-linux-gnu
=== g++ tests ===
Running target unix
=== g++ Summary ===
# of expected passes 11965
# of expected failures 66
# of unsupported tests 95
/notnfs/dnovillo/sbox/gcc/bld.ton/gcc/testsuite/g++/../../g++ version 4.2.0 20060125 (experimental)
=== gcc tests ===
Running target unix
WARNING: gcc.dg/torture/fp-int-convert-float128-timode.c -O0 compilation failed to produce executable
WARNING: gcc.dg/torture/fp-int-convert-float128-timode.c -O1 compilation failed to produce executable
WARNING: gcc.dg/torture/fp-int-convert-float128-timode.c -O2 compilation failed to produce executable
WARNING: gcc.dg/torture/fp-int-convert-float128-timode.c -O3 -fomit-frame-pointer compilation failed to produce executable
WARNING: gcc.dg/torture/fp-int-convert-float128-timode.c -O3 -g compilation failed to produce executable
WARNING: gcc.dg/torture/fp-int-convert-float128-timode.c -Os compilation failed to produce executable
WARNING: gcc.dg/torture/fp-int-convert-float128.c -O0 compilation failed to produce executable
WARNING: gcc.dg/torture/fp-int-convert-float128.c -O1 compilation failed to produce executable
WARNING: gcc.dg/torture/fp-int-convert-float128.c -O2 compilation failed to produce executable
WARNING: gcc.dg/torture/fp-int-convert-float128.c -O3 -fomit-frame-pointer compilation failed to produce executable
WARNING: gcc.dg/torture/fp-int-convert-float128.c -O3 -g compilation failed to produce executable
WARNING: gcc.dg/torture/fp-int-convert-float128.c -Os compilation failed to produce executable
=== gcc Summary ===
# of expected passes 38669
# of expected failures 126
# of untested testcases 28
# of unsupported tests 360
/notnfs/dnovillo/sbox/gcc/bld.ton/gcc/xgcc version 4.2.0 20060125 (experimental)
=== gfortran tests ===
Running target unix
FAIL: gfortran.dg/char_result_11.f90 -O (test for excess errors)
=== gfortran Summary ===
# of expected passes 11417
# of unexpected failures 1
# of expected failures 18
# of unsupported tests 16
/notnfs/dnovillo/sbox/gcc/bld.ton/gcc/testsuite/gfortran/../../gfortran version 4.2.0 20060125 (experimental)
=== objc tests ===
Running target unix
=== objc Summary ===
# of expected passes 1745
# of expected failures 7
# of unsupported tests 23
/notnfs/dnovillo/sbox/gcc/bld.ton/gcc/xgcc version 4.2.0 20060125 (experimental)
=== libffi tests ===
Running target unix
=== libffi Summary ===
# of expected passes 228
# of unsupported tests 2
=== libgomp tests ===
Running target unix
FAIL: libgomp.c/appendix-a/a.4.1.c execution test
FAIL: libgomp.c/atomic-2.c (test for excess errors)
WARNING: libgomp.c/atomic-2.c compilation failed to produce executable
FAIL: libgomp.c/nested-1.c execution test
FAIL: libgomp.c/nestedfn-1.c execution test
FAIL: libgomp.c/omp_workshare1.c execution test
FAIL: libgomp.c/sections-1.c execution test
FAIL: libgomp.c/single-1.c execution test
=== libgomp Summary ===
# of expected passes 123
# of unexpected failures 7
=== libjava tests ===
Running target unix
FAIL: shortfield run
FAIL: PR15133 run
FAIL: PR18116 run
FAIL: bytebuffer run
FAIL: cxxtest execution - gij test
FAIL: directbuffer execution - gij test
FAIL: final_method run
FAIL: findclass run
FAIL: iface run
FAIL: overload execution - gij test
FAIL: pr11951 execution - gij test
FAIL: pr23739 run
FAIL: simple_int execution - gij test
FAIL: virtual run
FAIL: PR16923 run
FAIL: ArrayStore execution - gij test
FAIL: ArrayStore execution - bytecode->native test
FAIL: ArrayStore execution - gij test
FAIL: Array_1 execution - source compiled test
FAIL: Array_1 execution - bytecode->native test
FAIL: CompareNaN execution - gij test
FAIL: CompareNaN -O3 execution - source compiled test
FAIL: ExtraClassLoader execution - source compiled test
FAIL: ExtraClassLoader execution - gij test
FAIL: FileHandleGcTest execution - source compiled test
FAIL: FileHandleGcTest execution - gij test
FAIL: FileHandleGcTest execution - bytecode->native test
FAIL: FileHandleGcTest -O3 execution - bytecode->native test
FAIL: Final execution - source compiled test
FAIL: Float_1 execution - source compiled test
FAIL: G19990301_01 execution - gij test
FAIL: G19990302_02 execution - source compiled test
FAIL: G19990302_02 -O3 execution - source compiled test
FAIL: G19990302_02 -O3 execution - bytecode->native test
FAIL: G19990303_01 execution - source compiled test
FAIL: G19990303_01 -O3 execution - source compiled test
FAIL: G19990303_01 execution - gij test
FAIL: G19990303_02 execution - source compiled test
FAIL: G19990303_02 execution - gij test
FAIL: G19990303_02 execution - bytecode->native test
FAIL: G19990303_02 execution - gij test
FAIL: G19990303_02 -O3 execution - bytecode->native test
FAIL: G19990310_01 execution - gij test
FAIL: G19990310_01 execution - bytecode->native test
FAIL: II execution - gij test
FAIL: InvokeInterface execution - source compiled test
FAIL: InvokeInterface execution - gij test
FAIL: InvokeInterface -O3 execution - source compiled test
FAIL: InvokeReturn execution - source compiled test
FAIL: InvokeReturn execution - gij test
FAIL: Invoke_1 execution - gij test
FAIL: Invoke_1 execution - gij test
FAIL: Invoke_2 execution - gij test
FAIL: Invoke_2 -O3 execution - source compiled test
FAIL: KeepInline execution - source compiled test
FAIL: KeepInline -O3 execution - bytecode->native test
FAIL: LargeFile execution - source compiled test
FAIL: LargeFile execution - gij test
FAIL: LargeFile execution - bytecode->native test
FAIL: LargeFile -O3 execution - source compiled test
FAIL: LargeFile execution - gij test
FAIL: LargeFile -O3 execution - bytecode->native test
FAIL: MathBuiltin execution - source compiled test
FAIL: MathBuiltin -O3 execution - bytecode->native test
FAIL: Matrix4f execution - source compiled test
FAIL: Matrix4f execution - bytecode->native test
FAIL: Matrix4f -O3 execution - bytecode->native test
FAIL: N19990310_02 execution - source compiled test
FAIL: N19990310_02 execution - bytecode->native test
FAIL: N19990310_3 execution - bytecode->native test
FAIL: N19990310_5 -O3 execution - source compiled test
FAIL: Overflow execution - bytecode->native test
FAIL: Overflow -O3 execution - source compiled test
FAIL: PR12350 -O3 execution - source compiled test
FAIL: PR12656 execution - source compiled test
FAIL: PR12656 execution - gij test
FAIL: PR12656 -O3 execution - source compiled test
FAIL: PR12656 execution - gij test
FAIL: PR12656 -O3 execution - bytecode->native test
FAIL: PR12915 -O3 execution - source compiled test
FAIL: PR141 -O3 execution - source compiled test
FAIL: PR160 execution - source compiled test
FAIL: PR160 execution - bytecode->native test
FAIL: PR160 -O3 execution - source compiled test
FAIL: PR162 execution - gij test
FAIL: PR162 -O3 execution - bytecode->native test
FAIL: PR16867 execution - gij test
FAIL: PR16867 -O3 execution - bytecode->native test
FAIL: PR19921 execution - source compiled test
FAIL: PR19921 -O3 execution - source compiled test
FAIL: PR218 execution - gij test
FAIL: PR218 execution - gij test
FAIL: PR218 -O3 execution - bytecode->native test
FAIL: PR25535 -O3 execution - bytecode->native test
FAIL: PR260 -O3 execution - source compiled test
FAIL: PR3096 execution - gij test
FAIL: PR3096 execution - bytecode->native test
FAIL: PR5057 execution - source compiled test
FAIL: PR5057 execution - bytecode->native test
FAIL: PR5057_2 -O3 execution - source compiled test
FAIL: PR5057_2 -O3 execution - bytecode->native test
FAIL: PR55 execution - source compiled test
FAIL: PR56 execution - gij test
FAIL: PR56 -O3 execution - source compiled test
FAIL: PR6204 execution - source compiled test
FAIL: PR6204 execution - gij test
FAIL: PR6820 execution - gij test
FAIL: PR7482 execution - gij test
FAIL: Process_1 -O3 execution - source compiled test
FAIL: Process_3 execution - bytecode->native test
FAIL: Process_3 execution - gij test
FAIL: Process_4 execution - source compiled test
FAIL: Process_5 execution - source compiled test
FAIL: Process_5 execution - gij test
FAIL: Process_5 -O3 execution - source compiled test
FAIL: Process_6 execution - gij test
FAIL: Process_6 execution - bytecode->native test
FAIL: Process_6 -O3 execution - bytecode->native test
FAIL: Serialization -O3 execution - bytecode->native test
FAIL: StaticConstructor execution - gij test
FAIL: StringBuffer_1 -O3 execution - source compiled test
FAIL: StringBuffer_1 execution - gij test
FAIL: Synch execution - source compiled test
FAIL: Synch execution - bytecode->native test
FAIL: Thread_Monitor -O3 execution - source compiled test
FAIL: Thread_Sleep execution - bytecode->native test
FAIL: Throw_2 execution - gij test
FAIL: anfi execution - source compiled test
FAIL: anfi execution - gij test
FAIL: anon2 execution - gij test
FAIL: anon3 execution - gij test
FAIL: anon_ctor_itf_arg execution - gij test
FAIL: anon_ctor_itf_arg -O3 execution - source compiled test
FAIL: anonarray execution - source compiled test
FAIL: anonarray2 execution - bytecode->native test
FAIL: anonarray3 -O3 execution - source compiled test
FAIL: assign execution - gij test
FAIL: assign2 execution - source compiled test
FAIL: bclink execution - gij test
FAIL: bclink execution - bytecode->native test
FAIL: bytearray execution - source compiled test
FAIL: direct_read execution - gij test
FAIL: direct_write execution - source compiled test
FAIL: direct_write execution - gij test
FAIL: emptystring execution - source compiled test
FAIL: emptystring execution - gij test
FAIL: err1 execution - source compiled test
FAIL: err1 execution - gij test
FAIL: err10 execution - gij test
FAIL: err11 execution - gij test
FAIL: err11 execution - bytecode->native test
FAIL: err14 -O3 execution - source compiled test
FAIL: err4 execution - source compiled test
FAIL: err6 execution - gij test
FAIL: final_int execution - source compiled test
FAIL: final_int execution - gij test
FAIL: final_static_and_friend execution - source compiled test
FAIL: final_static_and_friend execution - bytecode->native test
FAIL: final_static_and_friend execution - gij test
FAIL: final_static_and_friend -O3 execution - bytecode->native test
FAIL: indirect execution - gij test
FAIL: indirect_read execution - source compiled test
FAIL: indirect_read execution - bytecode->native test
FAIL: inline execution - bytecode->native test
FAIL: inner1 execution - bytecode->native test
FAIL: inner1 -O3 execution - source compiled test
FAIL: inner2 -O3 execution - bytecode->native test
FAIL: inner3 -O3 execution - source compiled test
FAIL: inner_array execution - gij test
FAIL: inner_array execution - bytecode->native test
FAIL: inner_interface execution - source compiled test
FAIL: instance execution - bytecode->native test
FAIL: instance -O3 execution - bytecode->native test
FAIL: instinit -O3 execution - bytecode->native test
FAIL: invoke_from_inner execution - gij test
FAIL: invokethrow -O3 execution - source compiled test
FAIL: override execution - bytecode->native test
FAIL: pr13107_2 execution - source compiled test
FAIL: pr13107_2 execution - gij test
FAIL: pr17536 execution - gij test
FAIL: pr17536 execution - bytecode->native test
FAIL: pr17536 -O3 execution - source compiled test
FAIL: pr184 execution - bytecode->native test
FAIL: pr21844 execution - gij test
FAIL: pr21844 -O3 execution - bytecode->native test
FAIL: pr6388 execution - source compiled test
FAIL: pr6388 execution - gij test
FAIL: pr8676 execution - source compiled test
FAIL: pr8676 execution - gij test
FAIL: pr8676 execution - bytecode->native test
FAIL: pr8676 -O3 execution - bytecode->native test
FAIL: pr8823 execution - gij test
FAIL: pr8823 -O3 execution - bytecode->native test
FAIL: pr8945 execution - source compiled test
FAIL: private_direct_read execution - gij test
FAIL: private_direct_read execution - bytecode->native test
FAIL: search_outer execution - bytecode->native test
FAIL: search_outer execution - gij test
FAIL: shatest execution - source compiled test
FAIL: shatest execution - gij test
FAIL: stringconst2 execution - gij test
FAIL: stub execution - gij test
FAIL: test_long execution - gij test
FAIL: tmi execution - source compiled test
FAIL: tmi execution - gij test
FAIL: tp -O3 execution - source compiled test
FAIL: tp execution - gij test
=== libjava Summary ===
# of expected passes 3610
# of unexpected failures 207
# of expected failures 9
# of untested testcases 215
=== libmudflap tests ===
Running target unix
=== libmudflap Summary ===
# of expected passes 1789
=== libstdc++ tests ===
Running target unix
XPASS: 26_numerics/cmath/c99_classification_macros_c.cc (test for excess errors)
XPASS: 27_io/fpos/14320-1.cc execution test
=== libstdc++ Summary ===
# of expected passes 4095
# of unexpected successes 2
# of expected failures 11
# of unsupported tests 4
Compiler version: 4.2.0 20060125 (experimental)
Platform: x86_64-unknown-linux-gnu
configure flags: --prefix=/home/cygnus/dnovillo/perf/sbox/gcc/local.x86_64/inst.ton --srcdir=/home/cygnus/dnovillo/perf/sbox/gcc/local.x86_64/src --enable-mpfr --disable-multilib --with-gmp=/home/cygnus/dnovillo/x86_64 --enable-languages=c,c++,fortran,java,objc
More information about the Gcc-testresults
mailing list