Results for 4.2.0 20060124 (experimental) testsuite on x86_64-unknown-linux-gnu [r110178]
Laurent GUERBY
laurent@guerby.net
Wed Jan 25 07:34:00 GMT 2006
LAST_UPDATED: Tue Jan 24 19:38:06 UTC 2006 (revision 110178)
=== acats tests ===
FAIL: cdd2a02
=== acats Summary ===
# of expected passes 2315
# of unexpected failures 1
Native configuration is x86_64-unknown-linux-gnu
=== gcc tests ===
Running target unix
WARNING: gcc.dg/torture/fp-int-convert-float128-timode.c -O0 compilation failed to produce executable
WARNING: gcc.dg/torture/fp-int-convert-float128-timode.c -O1 compilation failed to produce executable
WARNING: gcc.dg/torture/fp-int-convert-float128-timode.c -O2 compilation failed to produce executable
WARNING: gcc.dg/torture/fp-int-convert-float128-timode.c -O3 -fomit-frame-pointer compilation failed to produce executable
WARNING: gcc.dg/torture/fp-int-convert-float128-timode.c -O3 -g compilation failed to produce executable
WARNING: gcc.dg/torture/fp-int-convert-float128-timode.c -Os compilation failed to produce executable
WARNING: gcc.dg/torture/fp-int-convert-float128.c -O0 compilation failed to produce executable
WARNING: gcc.dg/torture/fp-int-convert-float128.c -O1 compilation failed to produce executable
WARNING: gcc.dg/torture/fp-int-convert-float128.c -O2 compilation failed to produce executable
WARNING: gcc.dg/torture/fp-int-convert-float128.c -O3 -fomit-frame-pointer compilation failed to produce executable
WARNING: gcc.dg/torture/fp-int-convert-float128.c -O3 -g compilation failed to produce executable
WARNING: gcc.dg/torture/fp-int-convert-float128.c -Os compilation failed to produce executable
=== gcc Summary ===
# of expected passes 38668
# of expected failures 126
# of untested testcases 28
# of unsupported tests 360
/home/guerby/work/gcc/build/build-head-20060124T234437/gcc/xgcc version 4.2.0 20060124 (experimental)
Compiler version: 4.2.0 20060124 (experimental)
Platform: x86_64-unknown-linux-gnu
configure flags: --prefix=/home/guerby/work/gcc/install/install-head-20060124T234437 --enable-__cxa_atexit --disable-nls --enable-threads=posix --disable-multilib --enable-checking --enable-languages=c,ada
More information about the Gcc-testresults
mailing list