Results for 4.2.0 20060123 (experimental) testsuite on hppa64-hp-hpux11.11
CodeSourcery Automatic Testing System
gcc@codesourcery.com
Mon Jan 23 19:29:00 GMT 2006
LAST_UPDATED: Mon Jan 23 08:12:25 UTC 2006 (revision 110108)
Native configuration is hppa64-hp-hpux11.11
=== g++ tests ===
Running target unix
FAIL: g++.dg/opt/inline4.C (test for excess errors)
=== g++ Summary ===
# of expected passes 11323
# of unexpected failures 1
# of expected failures 66
# of unsupported tests 130
/scratch/gcc/nightly-2006-01-23-mainline/hppa64-hp-hpux11.11/build_gcc/install/bin/c++ version 4.2.0 20060123 (experimental)
=== gcc tests ===
Running target unix
FAIL: gcc.dg/20020425-1.c (test for excess errors)
XPASS: gcc.dg/funcorder.c scan-assembler-not link_error,%r
FAIL: gcc.dg/torture/asm-subreg-1.c -O1 (test for excess errors)
FAIL: gcc.dg/torture/asm-subreg-1.c -O2 (test for excess errors)
FAIL: gcc.dg/torture/asm-subreg-1.c -O3 -fomit-frame-pointer (test for excess errors)
FAIL: gcc.dg/torture/asm-subreg-1.c -O3 -g (test for excess errors)
FAIL: gcc.dg/torture/asm-subreg-1.c -Os (test for excess errors)
FAIL: gcc.dg/tree-ssa/gen-vect-11.c scan-tree-dump-times vectorized 1 loops 1
=== gcc Summary ===
# of expected passes 36842
# of unexpected failures 7
# of unexpected successes 1
# of expected failures 83
# of untested testcases 28
# of unsupported tests 394
/scratch/gcc/nightly-2006-01-23-mainline/hppa64-hp-hpux11.11/build_gcc/install/bin/gcc version 4.2.0 20060123 (experimental)
=== libstdc++ tests ===
Running target unix
FAIL: 26_numerics/cmath/c99_classification_macros_c.cc (test for excess errors)
FAIL: 27_io/basic_ostream/inserters_character/char/9555-oc.cc execution test
=== libstdc++ Summary ===
# of expected passes 2691
# of unexpected failures 2
# of expected failures 10
# of unsupported tests 159
Compiler version: 4.2.0 20060123 (experimental)
Platform: hppa64-hp-hpux11.11
configure flags: --disable-nls --build=hppa64-hp-hpux11.11 --host=hppa64-hp-hpux11.11 --target=hppa64-hp-hpux11.11 --enable-shared --enable-threads --disable-libmudflap --disable-libssp --disable-libstdcxx-pch --with-gnu-as --with-as=/scratch/gcc/nightly-2006-01-23-mainline/hppa64-hp-hpux11.11/build_gcc/install/bin/as --without-gnu-ld --with-ld=/usr/ccs/bin/ld --prefix=/scratch/gcc/nightly-2006-01-23-mainline/hppa64-hp-hpux11.11/build_gcc/install --enable-languages=c,c++
More information about the Gcc-testresults
mailing list