Results for 4.2.0 20060119 (experimental) [trunk revision 109969 clean] testsuite on i686-pc-linux-gnu
H.J. Lu
hjl@gnu-67.sc.intel.com
Sun Jan 22 20:41:00 GMT 2006
LAST_UPDATED: Sun Jan 22 17:15:09 UTC 2006 (revision 109969)
=== acats tests ===
FAIL: c32001e
FAIL: c52103x
FAIL: c52104x
FAIL: c52104y
FAIL: c64105b
FAIL: c95086b
FAIL: cdd2a02
FAIL: cxa4024
=== acats Summary ===
# of expected passes 2311
# of unexpected failures 8
Native configuration is i686-pc-linux-gnu
=== gcc tests ===
Running target unix
FAIL: gcc.dg/tree-ssa/gen-vect-11.c scan-tree-dump-times vectorized 1 loops 1
=== gcc Summary ===
# of expected passes 38767
# of unexpected failures 1
# of expected failures 115
# of untested testcases 28
# of unsupported tests 257
/export/build/gnu/gcc-last/build-i686-linux/gcc/xgcc version 4.2.0 20060119 (experimental) [trunk revision 109969 clean]
=== libgomp tests ===
Running target unix
=== libgomp Summary ===
# of expected passes 131
=== libmudflap tests ===
Running target unix
=== libmudflap Summary ===
# of expected passes 1680
# of unsupported tests 2
Compiler version: 4.2.0 20060119 (experimental) [trunk revision 109969 clean]
Platform: i686-pc-linux-gnu
configure flags: --enable-clocale=gnu --with-system-zlib --disable-libunwind-exceptions --with-demangler-in-ld --enable-shared --enable-threads=posix --enable-haifa --disable-checking --prefix=/usr/gcc-last --with-local-prefix=/usr/local --enable-languages=c,ada
More information about the Gcc-testresults
mailing list