Results for 4.2.0 20060122 (experimental) [trunk revision 110084 clean] testsuite on ia64-unknown-linux-gnu
H.J. Lu
hjl@gnu-11.sc.intel.com
Sun Jan 22 07:00:00 GMT 2006
LAST_UPDATED: Sun Jan 22 04:42:42 UTC 2006 (revision 110084)
=== acats tests ===
FAIL: c32001e
FAIL: c52103x
FAIL: c52104x
FAIL: c52104y
FAIL: c64105b
FAIL: c95086b
=== acats Summary ===
# of expected passes 2313
# of unexpected failures 6
Native configuration is ia64-unknown-linux-gnu
=== gcc tests ===
Running target unix
FAIL: gcc.dg/builtin-apply4.c execution test
WARNING: gcc.dg/torture/fp-int-convert-float128-timode.c -O0 compilation failed to produce executable
WARNING: gcc.dg/torture/fp-int-convert-float128-timode.c -O1 compilation failed to produce executable
WARNING: gcc.dg/torture/fp-int-convert-float128-timode.c -O2 compilation failed to produce executable
WARNING: gcc.dg/torture/fp-int-convert-float128-timode.c -O3 -fomit-frame-pointer compilation failed to produce executable
WARNING: gcc.dg/torture/fp-int-convert-float128-timode.c -O3 -g compilation failed to produce executable
WARNING: gcc.dg/torture/fp-int-convert-float128-timode.c -Os compilation failed to produce executable
FAIL: gcc.dg/torture/fp-int-convert-float128.c -O0 (test for excess errors)
WARNING: gcc.dg/torture/fp-int-convert-float128.c -O0 compilation failed to produce executable
FAIL: gcc.dg/torture/fp-int-convert-float128.c -O1 (test for excess errors)
WARNING: gcc.dg/torture/fp-int-convert-float128.c -O1 compilation failed to produce executable
FAIL: gcc.dg/torture/fp-int-convert-float128.c -O2 (test for excess errors)
WARNING: gcc.dg/torture/fp-int-convert-float128.c -O2 compilation failed to produce executable
FAIL: gcc.dg/torture/fp-int-convert-float128.c -O3 -fomit-frame-pointer (test for excess errors)
WARNING: gcc.dg/torture/fp-int-convert-float128.c -O3 -fomit-frame-pointer compilation failed to produce executable
FAIL: gcc.dg/torture/fp-int-convert-float128.c -O3 -g (test for excess errors)
WARNING: gcc.dg/torture/fp-int-convert-float128.c -O3 -g compilation failed to produce executable
FAIL: gcc.dg/torture/fp-int-convert-float128.c -Os (test for excess errors)
WARNING: gcc.dg/torture/fp-int-convert-float128.c -Os compilation failed to produce executable
XPASS: gcc.dg/tree-ssa/loop-1.c scan-assembler-times foo 5
XPASS: gcc.dg/vect/pr16105.c scan-tree-dump-times vectorized 1 loops 1
XPASS: gcc.dg/vect/pr20122.c scan-tree-dump-times vectorized 1 loops 2
XPASS: gcc.dg/vect/vect-105.c scan-tree-dump-times vectorized 1 loops 1
XPASS: gcc.dg/vect/vect-30.c scan-tree-dump-times vectorized 1 loops 2
XPASS: gcc.dg/vect/vect-42.c scan-tree-dump-times vectorized 1 loops 1
XPASS: gcc.dg/vect/vect-43.c scan-tree-dump-times vectorized 1 loops 1
XPASS: gcc.dg/vect/vect-74.c scan-tree-dump-times vectorized 1 loops 1
XPASS: gcc.dg/vect/vect-75.c scan-tree-dump-times vectorized 1 loops 1
XPASS: gcc.dg/vect/vect-8.c scan-tree-dump-times vectorized 1 loops 1
FAIL: gcc.dg/vect/vect-reduc-dot-s16.c scan-tree-dump-times vectorized 1 loops 1
XPASS: gcc.dg/vect/vect-reduc-dot-u16.c scan-tree-dump-times vectorized 1 loops 1
FAIL: gcc.dg/vect/vect-reduc-pattern-2.c scan-tree-dump-times vectorized 2 loops 1
=== gcc Summary ===
# of expected passes 37645
# of unexpected failures 9
# of unexpected successes 11
# of expected failures 151
# of untested testcases 28
# of unsupported tests 319
/export/build/gnu/gcc-ada/build-ia64-linux/gcc/xgcc version 4.2.0 20060122 (experimental) [trunk revision 110084 clean]
=== gfortran tests ===
Running target unix
FAIL: gfortran.dg/char_result_11.f90 -O (test for excess errors)
FAIL: gfortran.dg/vect/vect-4.f90 -O scan-tree-dump-times Alignment of access forced using peeling 1
FAIL: gfortran.dg/vect/vect-4.f90 -O scan-tree-dump-times Vectorizing an unaligned access 1
=== gfortran Summary ===
# of expected passes 11375
# of unexpected failures 3
# of expected failures 20
# of unsupported tests 18
/export/build/gnu/gcc-ada/build-ia64-linux/gcc/testsuite/gfortran/../../gfortran version 4.2.0 20060122 (experimental) [trunk revision 110084 clean]
=== g++ tests ===
Running target unix
FAIL: g++.dg/other/pr22003.C (test for excess errors)
=== g++ Summary ===
# of expected passes 11449
# of unexpected failures 1
# of expected failures 66
# of unsupported tests 103
/export/build/gnu/gcc-ada/build-ia64-linux/gcc/testsuite/g++/../../g++ version 4.2.0 20060122 (experimental) [trunk revision 110084 clean]
=== objc tests ===
Running target unix
=== objc Summary ===
# of expected passes 1743
# of expected failures 7
# of unsupported tests 24
/export/build/gnu/gcc-ada/build-ia64-linux/gcc/xgcc version 4.2.0 20060122 (experimental) [trunk revision 110084 clean]
=== treelang tests ===
Running target unix
=== treelang Summary ===
# of expected passes 50
=== libffi tests ===
Running target unix
=== libffi Summary ===
# of expected passes 228
# of unsupported tests 2
=== libgomp tests ===
Running target unix
=== libgomp Summary ===
# of expected passes 131
=== libjava tests ===
Running target unix
=== libjava Summary ===
# of expected passes 4029
# of expected failures 10
# of untested testcases 8
=== libmudflap tests ===
Running target unix
=== libmudflap Summary ===
# of expected passes 1789
=== libstdc++ tests ===
Running target unix
XPASS: 26_numerics/cmath/c99_classification_macros_c.cc (test for excess errors)
FAIL: 27_io/basic_ostream/inserters_character/char/9555-oc.cc execution test
FAIL: 27_io/basic_ostream/inserters_character/wchar_t/9555-oc.cc execution test
XPASS: 27_io/fpos/14320-1.cc execution test
=== libstdc++ Summary ===
# of expected passes 4093
# of unexpected failures 2
# of unexpected successes 2
# of expected failures 11
# of unsupported tests 4
Compiler version: 4.2.0 20060122 (experimental) [trunk revision 110084 clean]
Platform: ia64-unknown-linux-gnu
configure flags: --enable-clocale=gnu --with-system-zlib --with-demangler-in-ld --enable-threads=posix --enable-haifa --disable-checking --prefix=/usr/gcc-4.2 --with-local-prefix=/usr/local --enable-languages=c,ada,c++,fortran,java,objc,treelang
More information about the Gcc-testresults
mailing list