Results for 4.0.3 20060119 (prerelease) testsuite on i686-pc-cygwin
Tim Prince
tprince@myrealbox.com
Sat Jan 21 13:38:00 GMT 2006
LAST_UPDATED: Obtained from SVN: branches/gcc-4_0-branch revision 109984
Native configuration is i686-pc-cygwin
=== g++ tests ===
Running target unix
FAIL: g++.dg/abi/local1.C execution test
FAIL: g++.dg/abi/rtti1.C scan-assembler-dem-not \\ntypeinfo for A[: \\t\\n]
FAIL: g++.dg/ext/dllexport-MI1.C scan-assembler-not -export:_ZN2D1C2ERKS_
FAIL: g++.dg/ext/dllexport-MI1.C scan-assembler-not -export:_ZN2D1D2Ev
FAIL: g++.dg/ext/dllimport2.C (test for warnings, line 18)
FAIL: g++.dg/ext/dllimport2.C (test for warnings, line 22)
FAIL: g++.dg/ext/dllimport2.C (test for warnings, line 23)
FAIL: g++.dg/ext/dllimport2.C (test for warnings, line 24)
FAIL: g++.dg/ext/dllimport3.C (test for warnings, line 18)
FAIL: g++.dg/opt/mmx2.C (test for excess errors)
FAIL: g++.dg/opt/vt1.C scan-assembler-not
section[^\\n\\r]*_ZTV1S[^\\n\\r]*"[^w"\\n\\r]*"
FAIL: g++.dg/other/default2.C (test for errors, line 4)
FAIL: g++.dg/other/default2.C (test for excess errors)
FAIL: g++.dg/other/default3.C (test for errors, line 22)
FAIL: g++.dg/other/default3.C (test for errors, line 28)
FAIL: g++.dg/other/default3.C (test for errors, line 34)
FAIL: g++.dg/other/default3.C (test for errors, line 37)
FAIL: g++.dg/other/default3.C (test for errors, line 42)
FAIL: g++.dg/other/default3.C (test for errors, line 44)
FAIL: g++.dg/other/default3.C (test for errors, line 49)
FAIL: g++.dg/other/default3.C (test for errors, line 52)
FAIL: g++.dg/other/default3.C (test for errors, line 54)
FAIL: g++.dg/other/default3.C (test for errors, line 56)
FAIL: g++.dg/other/default3.C (test for errors, line 61)
FAIL: g++.dg/other/default3.C (test for errors, line 64)
FAIL: g++.dg/other/default3.C (test for errors, line 67)
FAIL: g++.dg/other/default3.C (test for errors, line 72)
FAIL: g++.dg/other/default3.C (test for errors, line 77)
FAIL: g++.dg/other/default3.C (test for errors, line 79)
FAIL: g++.dg/other/default3.C (test for errors, line 84)
FAIL: g++.dg/other/default3.C (test for errors, line 87)
FAIL: g++.dg/other/default3.C (test for errors, line 89)
FAIL: g++.dg/other/default3.C (test for errors, line 91)
FAIL: g++.dg/other/default3.C (test for errors, line 96)
FAIL: g++.dg/other/default3.C (test for errors, line 99)
FAIL: g++.dg/other/default3.C (test for errors, line 102)
FAIL: g++.dg/other/default3.C (test for errors, line 106)
FAIL: g++.dg/other/default3.C (test for errors, line 109)
FAIL: g++.dg/rtti/repo1.C (test for excess errors)
FAIL: g++.dg/template/ctor6.C (test for excess errors)
FAIL: g++.dg/template/init6.C (test for excess errors)
FAIL: g++.dg/template/repo1.C (test for excess errors)
FAIL: g++.dg/template/repo3.C (test for excess errors)
FAIL: g++.dg/template/repo4.C (test for excess errors)
FAIL: g++.dg/template/spec28.C (test for excess errors)
ERROR: g++.dg/tree-ssa/pr15791-3.C: error executing dg-final: no files
matched glob pattern "pr15791-3.C.t??.gimple"
UNRESOLVED: g++.dg/tree-ssa/pr15791-3.C: error executing dg-final: no
files matched glob pattern "pr15791-3.C.t??.gimple"
ERROR: g++.dg/tree-ssa/pr15791-4.C: error executing dg-final: no files
matched glob pattern "pr15791-4.C.t??.gimple"
UNRESOLVED: g++.dg/tree-ssa/pr15791-4.C: error executing dg-final: no
files matched glob pattern "pr15791-4.C.t??.gimple"
ERROR: g++.dg/tree-ssa/pr15791-5.C: error executing dg-final: no files
matched glob pattern "pr15791-5.C.t??.gimple"
UNRESOLVED: g++.dg/tree-ssa/pr15791-5.C: error executing dg-final: no
files matched glob pattern "pr15791-5.C.t??.gimple"
FAIL: g++.dg/pch/externc-1.C -g assembly comparison
FAIL: g++.dg/pch/externc-1.C -O2 -g assembly comparison
FAIL: g++.dg/pch/static-1.C -g assembly comparison
FAIL: g++.dg/pch/static-1.C -O2 -g assembly comparison
FAIL: g++.dg/pch/system-1.C -g assembly comparison
FAIL: g++.dg/pch/system-1.C -O2 -g assembly comparison
FAIL: g++.dg/pch/system-2.C -g assembly comparison
FAIL: g++.dg/pch/system-2.C -O2 -g assembly comparison
FAIL: g++.dg/pch/uninst.C -g assembly comparison
FAIL: g++.dg/pch/uninst.C -O2 -g assembly comparison
FAIL: g++.dg/pch/wchar-1.C -g assembly comparison
FAIL: g++.dg/pch/wchar-1.C -O2 -g assembly comparison
FAIL: g++.old-deja/g++.eh/badalloc1.C execution test
XPASS: g++.old-deja/g++.ext/attrib5.C execution test
FAIL: g++.old-deja/g++.pt/instantiate4.C (test for excess errors)
FAIL: g++.old-deja/g++.pt/instantiate6.C (test for excess errors)
FAIL: g++.old-deja/g++.pt/repo1.C (test for excess errors)
FAIL: g++.old-deja/g++.pt/repo2.C (test for excess errors)
FAIL: g++.old-deja/g++.pt/repo3.C (test for excess errors)
FAIL: g++.old-deja/g++.pt/repo4.C (test for excess errors)
=== g++ Summary ===
# of expected passes 11520
# of unexpected failures 64
# of unexpected successes 1
# of expected failures 69
# of unresolved testcases 3
# of unsupported tests 106
/cygdrive/c/gnu/gcc-4.0-20050818/xp/gcc/testsuite/../g++ version 4.0.3
20060119 (prerelease)
=== gcc tests ===
Running target unix
FAIL: gcc.c-torture/compile/20011119-1.c (test for excess errors)
FAIL: gcc.c-torture/compile/20011119-1.c (test for excess errors)
FAIL: gcc.c-torture/compile/20011119-1.c (test for excess errors)
FAIL: gcc.c-torture/compile/20011119-1.c (test for excess errors)
FAIL: gcc.c-torture/compile/20011119-1.c (test for excess errors)
FAIL: gcc.c-torture/compile/20011119-1.c (test for excess errors)
FAIL: gcc.c-torture/compile/20011119-2.c (test for excess errors)
FAIL: gcc.c-torture/compile/20011119-2.c (test for excess errors)
FAIL: gcc.c-torture/compile/20011119-2.c (test for excess errors)
FAIL: gcc.c-torture/compile/20011119-2.c (test for excess errors)
FAIL: gcc.c-torture/compile/20011119-2.c (test for excess errors)
FAIL: gcc.c-torture/compile/20011119-2.c (test for excess errors)
FAIL: gcc.dg/alias-7.c (test for excess errors)
WARNING: gcc.dg/alias-7.c compilation failed to produce executable
FAIL: gcc.dg/i386-pic-1.c (test for errors, line 10)
FAIL: gcc.dg/pr17957.c (test for excess errors)
FAIL: gcc.dg/tree-ssa/loop-1.c scan-assembler-times foo 5
XPASS: gcc.dg/vect/vect-22.c scan-tree-dump-times vectorized 3 loops 1
=== gcc Summary ===
# of expected passes 36916
# of unexpected failures 16
# of unexpected successes 1
# of expected failures 93
# of untested testcases 28
# of unsupported tests 348
/cygdrive/c/gnu/gcc-4.0-20050818/xp/gcc/xgcc version 4.0.3 20060119
(prerelease)
=== gfortran tests ===
Running target unix
=== gfortran Summary ===
# of expected passes 8857
# of expected failures 1
/cygdrive/c/gnu/gcc-4.0-20050818/xp/gcc/testsuite/../gfortran version
4.0.3 20060119 (prerelease)
=== objc tests ===
Running target unix
=== objc Summary ===
# of expected passes 1548
# of unsupported tests 10
/cygdrive/c/gnu/gcc-4.0-20050818/xp/gcc/xgcc version 4.0.3 20060119
(prerelease)
=== treelang tests ===
Running target unix
ERROR: tcl error sourcing
/cygdrive/c/gnu/gcc-4.0-20050818/gcc/testsuite/treelang/output/output.exp.
ERROR: rm: cannot remove \`treelang/output-1': No such file or directory
=== treelang Summary ===
# of expected passes 48
=== libstdc++ tests ===
Running target unix
FAIL: 26_numerics/cmath/c99_classification_macros_c.cc (test for excess
errors)
FAIL: 27_io/basic_filebuf/sgetn/char/1-in.cc execution test
FAIL: 27_io/basic_filebuf/sgetn/char/1-io.cc execution test
FAIL: 27_io/basic_filebuf/sgetn/char/2-in.cc execution test
FAIL: 27_io/basic_filebuf/sgetn/char/2-io.cc execution test
FAIL: 27_io/basic_istream/extractors_arithmetic/char/12.cc execution test
FAIL: 27_io/basic_istream/readsome/char/6746-2.cc execution test
=== libstdc++ Summary ===
# of expected passes 2607
# of unexpected failures 7
# of expected failures 11
# of unsupported tests 9
Compiler version: 4.0.3 20060119 (prerelease)
Platform: i686-pc-cygwin
configure flags: '--enable-languages=fortran objc treelang c++'
--enable-threads=posix --enable-sjlj-exceptions --disable-libmudflap
--disable-shared --enable-maintainer-mode
--enable-languages=c,c++,f95,objc,treelang
BOOT_CFLAGS=-O2 -march=pentium-m -pipe
More information about the Gcc-testresults
mailing list