Results for 4.2.0 20060118 (experimental) testsuite on sh4-unknown-linux-gnu
Kaz Kojima
kkojima@rr.iij4u.or.jp
Wed Jan 18 14:12:00 GMT 2006
Remote host: linux 2.6.12 sh4
GNU C Library version 2.3.5
LAST_UPDATED: Wed Jan 18 02:40:28 UTC 2006 (revision 109866)
Target is sh4-unknown-linux-gnu
Host is i686-pc-linux-gnu
=== g++ tests ===
Running target unix
WARNING: Assuming target board is the local machine (which is probably wrong).
=== g++ Summary ===
# of expected passes 11890
# of expected failures 66
# of unsupported tests 113
/exp/ldroot/dodes/xsh-gcc-orig/gcc/testsuite/g++/../../g++ version 4.2.0 20060118 (experimental)
Host is i686-pc-linux-gnu
=== gcc tests ===
Running target unix
WARNING: Assuming target board is the local machine (which is probably wrong).
FAIL: gcc.c-torture/execute/builtin-prefetch-6.c execution, -O0
FAIL: gcc.c-torture/execute/builtin-prefetch-6.c execution, -O1
FAIL: gcc.c-torture/execute/builtin-prefetch-6.c execution, -O2
FAIL: gcc.c-torture/execute/builtin-prefetch-6.c execution, -O3 -fomit-frame-pointer
FAIL: gcc.c-torture/execute/builtin-prefetch-6.c execution, -O3 -fomit-frame-pointer -funroll-loops
FAIL: gcc.c-torture/execute/builtin-prefetch-6.c execution, -O3 -fomit-frame-pointer -funroll-all-loops -finline-functions
FAIL: gcc.c-torture/execute/builtin-prefetch-6.c execution, -O3 -g
FAIL: gcc.c-torture/execute/builtin-prefetch-6.c execution, -Os
WARNING: program timed out.
FAIL: gcc.dg/c99-intconst-1.c (test for excess errors)
FAIL: gcc.dg/tree-ssa/gen-vect-11.c scan-tree-dump-times vectorized 1 loops 1
=== gcc Summary ===
# of expected passes 37199
# of unexpected failures 10
# of expected failures 77
# of untested testcases 28
# of unsupported tests 336
/exp/ldroot/dodes/xsh-gcc-orig/gcc/xgcc version 4.2.0 20060118 (experimental)
Host is i686-pc-linux-gnu
=== gfortran tests ===
Running target unix
WARNING: Assuming target board is the local machine (which is probably wrong).
FAIL: gfortran.dg/common_5.f -O (test for warnings, line 6)
=== gfortran Summary ===
# of expected passes 11203
# of unexpected failures 1
# of expected failures 12
# of unsupported tests 66
/exp/ldroot/dodes/xsh-gcc-orig/gcc/testsuite/gfortran/../../gfortran version 4.2.0 20060118 (experimental)
Host is i686-pc-linux-gnu
=== objc tests ===
Running target unix
WARNING: Assuming target board is the local machine (which is probably wrong).
WARNING: Could not execute objc.dg/gnu-encoding/struct-layout-encoding-1 generator
=== objc Summary ===
# of expected passes 1690
# of unsupported tests 23
/exp/ldroot/dodes/xsh-gcc-orig/gcc/xgcc version 4.2.0 20060118 (experimental)
Host is sh4-unknown-linux-gnu
=== libffi tests ===
Running target unix
WARNING: Assuming target board is the local machine (which is probably wrong).
=== libffi Summary ===
# of expected passes 228
# of unsupported tests 2
Host is sh4-unknown-linux-gnu
=== libjava tests ===
Running target unix
WARNING: Assuming target board is the local machine (which is probably wrong).
FAIL: ExtraClassLoader -O3 execution - source compiled test
=== libjava Summary ===
# of expected passes 3145
# of unexpected failures 1
# of expected failures 10
# of untested testcases 11
Host is sh4-unknown-linux-gnu
=== libmudflap tests ===
Running target unix
WARNING: Assuming target board is the local machine (which is probably wrong).
=== libmudflap Summary ===
# of expected passes 1789
Host is sh4-unknown-linux-gnu
=== libstdc++ tests ===
Running target unix
WARNING: Assuming target board is the local machine (which is probably wrong).
XPASS: 26_numerics/cmath/c99_classification_macros_c.cc (test for excess errors)
FAIL: 27_io/basic_ostream/inserters_character/char/9555-oc.cc execution test
FAIL: 27_io/basic_ostream/inserters_character/wchar_t/9555-oc.cc execution test
=== libstdc++ Summary ===
# of expected passes 4086
# of unexpected failures 2
# of unexpected successes 1
# of expected failures 12
# of unsupported tests 6
Compiler version: 4.2.0 20060118 (experimental)
Platform: sh4-unknown-linux-gnu
configure flags: --host=i686-pc-linux-gnu --target=sh4-unknown-linux-gnu --enable-shared --enable-threads=posix --enable-clocale=gnu --enable-libgcj --with-ld=/usr/local/bin/sh4-unknown-linux-gnu-ld --with-sysroot=/exp/ldroot --enable-languages=c,c++,for
tran,java,objc
More information about the Gcc-testresults
mailing list