Results for 4.1.0 20060117 (prerelease) testsuite on x86_64-unknown-linux-gnu
Toon Moene
toon@moene.indiv.nluug.nl
Wed Jan 18 06:12:00 GMT 2006
LAST_UPDATED: Tue Jan 17 21:12:53 UTC 2006 (revision 109840)
=== acats tests ===
=== acats Summary ===
# of expected passes 2319
# of unexpected failures 0
Native configuration is x86_64-unknown-linux-gnu
=== gcc tests ===
Running target unix
=== gcc Summary ===
# of expected passes 37894
# of expected failures 100
# of untested testcases 28
# of unsupported tests 346
/home/toon/compilers/obj-41/gcc/xgcc version 4.1.0 20060117 (prerelease)
=== gfortran tests ===
Running target unix
FAIL: gfortran.dg/char_result_11.f90 -O (test for excess errors)
=== gfortran Summary ===
# of expected passes 11312
# of unexpected failures 1
# of expected failures 18
# of unsupported tests 16
/home/toon/compilers/obj-41/gcc/testsuite/../gfortran version 4.1.0 20060117 (prerelease)
=== g++ tests ===
Running target unix
ERROR: tcl error sourcing /home/toon/compilers/gcc-4_1-branch/gcc/testsuite/g++.dg/dg.exp.
ERROR: unmatched open brace in list
=== g++ Summary ===
# of expected passes 8124
# of expected failures 31
# of unsupported tests 32
/home/toon/compilers/obj-41/gcc/testsuite/../g++ version 4.1.0 20060117 (prerelease)
=== objc tests ===
Running target unix
=== objc Summary ===
# of expected passes 1684
# of unsupported tests 22
/home/toon/compilers/obj-41/gcc/xgcc version 4.1.0 20060117 (prerelease)
=== libffi tests ===
Running target unix
=== libffi Summary ===
# of expected passes 228
# of unsupported tests 2
=== libjava tests ===
Running target unix
=== libjava Summary ===
# of expected passes 4011
# of expected failures 10
# of untested testcases 8
=== libmudflap tests ===
Running target unix
=== libmudflap Summary ===
# of expected passes 1789
=== libstdc++ tests ===
Running target unix
FAIL: abi_check
XPASS: 26_numerics/cmath/c99_classification_macros_c.cc (test for excess errors)
XPASS: 27_io/fpos/14320-1.cc execution test
=== libstdc++ Summary ===
# of expected passes 3389
# of unexpected failures 1
# of unexpected successes 2
# of expected failures 11
# of unsupported tests 319
Compiler version: 4.1.0 20060117 (prerelease)
Platform: x86_64-unknown-linux-gnu
configure flags: --disable-nls --disable-multilib --prefix=/usr/rel --enable-languages=c,ada,c++,fortran,java,objc
More information about the Gcc-testresults
mailing list