Results for gcc testsuite on i386-unknown-netbsdelf2.1
Krister Walfridsson
cato@df.lth.se
Tue Jan 17 21:32:00 GMT 2006
LAST_UPDATED: Tue Jan 17 18:02:51 UTC 2006 (revision 109830)
Native configuration is i386-unknown-netbsdelf2.1
=== g++ tests ===
Running target unix
=== g++ Summary ===
=== gcc tests ===
Running target unix
=== gcc Summary ===
=== objc tests ===
Running target unix
=== objc Summary ===
=== libffi tests ===
Running target unix
=== libffi Summary ===
# of expected passes 228
# of unsupported tests 2
=== libjava tests ===
Running target unix
FAIL: PR16923.c compilation
FAIL: PR18699 execution - source compiled test
FAIL: PR18699 execution - gij test
FAIL: PR18699 execution - bytecode->native test
FAIL: PR18699 -O3 execution - source compiled test
FAIL: PR18699 execution - gij test
FAIL: PR18699 -O3 execution - bytecode->native test
FAIL: Process_3 execution - source compiled test
FAIL: Process_3 execution - bytecode->native test
FAIL: Process_3 -O3 execution - source compiled test
FAIL: Process_3 -O3 execution - bytecode->native test
FAIL: Thread_Wait_2 execution - source compiled test
FAIL: Thread_Wait_2 execution - bytecode->native test
FAIL: Thread_Wait_2 -O3 execution - source compiled test
FAIL: Thread_Wait_2 -O3 execution - bytecode->native test
FAIL: Throw_2 execution - source compiled test
FAIL: Throw_2 execution - gij test
FAIL: Throw_2 execution - bytecode->native test
FAIL: Throw_2 -O3 execution - source compiled test
FAIL: Throw_2 execution - gij test
FAIL: Throw_2 -O3 execution - bytecode->native test
FAIL: /gcctmp/gcc060117/build/i386-unknown-netbsdelf2.1/libjava/testsuite/TestEarlyGC.exe execution - /gcctmp/gcc060117/build/i386-unknown-netbsdelf2.1/libjava/testsuite/TestEarlyGC.exe
FAIL: /gcctmp/gcc060117/build/i386-unknown-netbsdelf2.1/libjava/testsuite/TestLeak.exe execution - /gcctmp/gcc060117/build/i386-unknown-netbsdelf2.1/libjava/testsuite/TestLeak.exe
=== libjava Summary ===
# of expected passes 3983
# of unexpected failures 23
# of expected failures 10
# of untested testcases 30
=== libstdc++ tests ===
Running target unix
FAIL: 26_numerics/cmath/c99_classification_macros_c++.cc (test for excess errors)
FAIL: 26_numerics/cmath/c99_classification_macros_c.cc (test for excess errors)
=== libstdc++ Summary ===
# of expected passes 2713
# of unexpected failures 2
# of expected failures 10
# of unsupported tests 147
Compiler version: gcc
Platform: i386-unknown-netbsdelf2.1
configure flags: --enable-languages=c,c++,java,objc
More information about the Gcc-testresults
mailing list