Results for 4.1.0 20060113 (prerelease) testsuite on i686-pc-linux-gnu
Chris Douty
Chris_Douty@ampex.com
Fri Jan 13 18:10:00 GMT 2006
Host is RHEL3
Bootstrap compiler is gcc 3.4.5
Fortran not configured because I don't have the correct GMP on this
host.
LAST_UPDATED: Fri Jan 13 01:59:49 UTC 2006 (revision 109660)
=== acats tests ===
FAIL: c52103x
FAIL: c52104x
FAIL: c52104y
=== acats Summary ===
# of expected passes 2316
# of unexpected failures 3
Native configuration is i686-pc-linux-gnu
=== gcc tests ===
Running target unix
FAIL: gcc.dg/tree-ssa/gen-vect-11.c scan-tree-dump-times vectorized 1
loops 1
=== gcc Summary ===
# of expected passes 38025
# of unexpected failures 1
# of expected failures 101
# of untested testcases 28
# of unsupported tests 233
/local/work/gcc-stuff/i686-pc-linux-gnu-410/gcc/xgcc version 4.1.0
20060113 (prerelease)
=== g++ tests ===
Running target unix
FAIL: g++.dg/abi/mangle25.C (test for excess errors)
ERROR: g++.dg/abi/mangle25.C: error executing dg-final: couldn't open
"mangle25.s": no such file or directory
UNRESOLVED: g++.dg/abi/mangle25.C: error executing dg-final: couldn't
open "mangle25.s": no such file or directory
XPASS: g++.dg/tree-ssa/pr14814.C scan-tree-dump-times &this 0
XPASS: g++.old-deja/g++.other/init5.C execution test
=== g++ Summary ===
# of expected passes 11929
# of unexpected failures 1
# of unexpected successes 2
# of expected failures 65
# of unresolved testcases 1
# of unsupported tests 64
/local/work/gcc-stuff/i686-pc-linux-gnu-410/gcc/testsuite/../g++
version 4.1.0 20060113 (prerelease)
=== obj-c++ tests ===
Running target unix
FAIL: obj-c++.dg/cxx-ivars-2.mm execution test
FAIL: obj-c++.dg/encode-8.mm execution test
FAIL: obj-c++.dg/isa-field-1.mm (test for excess errors)
FAIL: obj-c++.dg/lookup-2.mm (test for excess errors)
WARNING: obj-c++.dg/lookup-2.mm compilation failed to produce executable
FAIL: obj-c++.dg/try-catch-2.mm (test for excess errors)
WARNING: obj-c++.dg/try-catch-2.mm compilation failed to produce
executable
FAIL: obj-c++.dg/try-catch-9.mm (test for excess errors)
WARNING: obj-c++.dg/try-catch-9.mm compilation failed to produce
executable
=== obj-c++ Summary ===
# of expected passes 423
# of unexpected failures 6
# of unsupported tests 13
/local/work/gcc-stuff/i686-pc-linux-gnu-410/gcc/testsuite/../g++
version 4.1.0 20060113 (prerelease)
=== objc tests ===
Running target unix
=== objc Summary ===
# of expected passes 1684
# of unsupported tests 22
/local/work/gcc-stuff/i686-pc-linux-gnu-410/gcc/xgcc version 4.1.0
20060113 (prerelease)
=== libffi tests ===
Running target unix
=== libffi Summary ===
# of expected passes 228
# of unsupported tests 2
=== libjava tests ===
Running target unix
=== libjava Summary ===
# of expected passes 4011
# of expected failures 10
# of untested testcases 8
=== libmudflap tests ===
Running target unix
FAIL: libmudflap.cth/pass39-frag.c (rerun 14) execution test
FAIL: libmudflap.cth/pass39-frag.c (rerun 14) output pattern test
=== libmudflap Summary ===
# of expected passes 1787
# of unexpected failures 2
=== libstdc++ tests ===
Running target unix
XPASS: 26_numerics/cmath/c99_classification_macros_c.cc (test for
excess errors)
=== libstdc++ Summary ===
# of expected passes 4028
# of unexpected successes 1
# of expected failures 12
Compiler version: 4.1.0 20060113 (prerelease)
Platform: i686-pc-linux-gnu
configure flags: --prefix=/opt/gcc410 --enable-shared --enable-
threads=posix --enable-__cxa_atexit --enable-languages=c,ada,c+
+,java,objc,obj-c++
--
Christopher Douty <Chris_Douty@ampexdata.com> +1-650-367-3129
Senior Engineer, Software & Systems - AMPEX Data Systems Corp.
More information about the Gcc-testresults
mailing list