Results for 4.2.0 20060113 (experimental) testsuite on i686-pc-linux-gnu
CodeSourcery Automatic Testing System
gcc@codesourcery.com
Fri Jan 13 12:48:00 GMT 2006
LAST_UPDATED: Fri Jan 13 08:11:57 UTC 2006 (revision 109662)
Native configuration is i686-pc-linux-gnu
=== g++ tests ===
Running target unix
FAIL: g++.dg/abi/mangle25.C (test for excess errors)
ERROR: g++.dg/abi/mangle25.C: error executing dg-final: couldn't open "mangle25.s": no such file or directory
UNRESOLVED: g++.dg/abi/mangle25.C: error executing dg-final: couldn't open "mangle25.s": no such file or directory
FAIL: g++.dg/ext/instantiate1.C (test for excess errors)
ERROR: g++.dg/ext/instantiate1.C: error executing dg-final: couldn't open "instantiate1.s": no such file or directory
UNRESOLVED: g++.dg/ext/instantiate1.C: error executing dg-final: couldn't open "instantiate1.s": no such file or directory
FAIL: g++.dg/opt/switch1.C (test for excess errors)
FAIL: g++.dg/template/crash39.C (test for excess errors)
FAIL: g++.dg/template/enum3.C (test for errors, line 8)
FAIL: g++.dg/template/enum3.C (test for excess errors)
FAIL: g++.dg/template/explicit-instantiation2.C (test for excess errors)
ERROR: g++.dg/template/explicit-instantiation2.C: error executing dg-final: couldn't open "explicit-instantiation2.s": no such file or directory
UNRESOLVED: g++.dg/template/explicit-instantiation2.C: error executing dg-final: couldn't open "explicit-instantiation2.s": no such file or directory
FAIL: g++.dg/template/explicit-instantiation3.C (test for excess errors)
FAIL: g++.dg/template/ptrmem6.C (test for errors, line 7)
FAIL: g++.dg/template/ptrmem6.C (test for errors, line 10)
FAIL: g++.dg/template/ptrmem6.C (test for excess errors)
FAIL: g++.dg/template/spec3.C (test for excess errors)
FAIL: g++.dg/template/unify2.C (test for errors, line 9)
FAIL: g++.dg/template/unify2.C (test for errors, line 10)
FAIL: g++.dg/template/unify2.C (test for errors, line 12)
FAIL: g++.dg/template/unify2.C (test for errors, line 13)
FAIL: g++.dg/template/unify2.C (test for excess errors)
FAIL: g++.dg/template/unify3.C (test for excess errors)
FAIL: g++.old-deja/g++.jason/bool.C (test for excess errors)
FAIL: g++.old-deja/g++.jason/explicit.C (test for excess errors)
FAIL: g++.old-deja/g++.oliva/ns1.C (test for bogus messages, line 11)
FAIL: g++.old-deja/g++.oliva/typeof1.C (test for excess errors)
FAIL: g++.old-deja/g++.other/cond1.C (test for excess errors)
FAIL: g++.old-deja/g++.other/defarg1.C (test for excess errors)
FAIL: g++.old-deja/g++.other/friend7.C (test for excess errors)
FAIL: g++.old-deja/g++.other/null1.C (test for warnings, line 25)
FAIL: g++.old-deja/g++.other/null1.C (test for warnings, line 26)
FAIL: g++.old-deja/g++.other/null1.C (test for warnings, line 29)
FAIL: g++.old-deja/g++.other/null1.C (test for warnings, line 30)
FAIL: g++.old-deja/g++.other/null1.C (test for warnings, line 33)
FAIL: g++.old-deja/g++.other/null1.C (test for warnings, line 34)
FAIL: g++.old-deja/g++.other/null1.C (test for warnings, line 35)
FAIL: g++.old-deja/g++.other/null1.C (test for warnings, line 36)
FAIL: g++.old-deja/g++.other/null1.C (test for warnings, line 37)
FAIL: g++.old-deja/g++.other/null1.C (test for warnings, line 38)
FAIL: g++.old-deja/g++.other/null1.C (test for warnings, line 39)
FAIL: g++.old-deja/g++.other/null1.C (test for warnings, line 40)
FAIL: g++.old-deja/g++.other/null1.C (test for warnings, line 42)
FAIL: g++.old-deja/g++.other/null1.C (test for excess errors)
FAIL: g++.old-deja/g++.pt/derived2.C (test for excess errors)
FAIL: g++.old-deja/g++.pt/enum6.C (test for errors, line 11)
FAIL: g++.old-deja/g++.pt/enum6.C (test for excess errors)
FAIL: g++.old-deja/g++.pt/explicit26.C (test for excess errors)
FAIL: g++.old-deja/g++.pt/explicit27.C (test for excess errors)
FAIL: g++.old-deja/g++.pt/explicit28.C (test for excess errors)
FAIL: g++.old-deja/g++.pt/explicit33.C (test for excess errors)
FAIL: g++.old-deja/g++.pt/explicit34.C (test for errors, line 10)
FAIL: g++.old-deja/g++.pt/explicit36.C (test for excess errors)
FAIL: g++.old-deja/g++.pt/explicit6.C (test for excess errors)
FAIL: g++.old-deja/g++.pt/explicit70.C (test for errors, line 15)
FAIL: g++.old-deja/g++.pt/explicit70.C (test for errors, line 17)
FAIL: g++.old-deja/g++.pt/explicit70.C (test for errors, line 19)
FAIL: g++.old-deja/g++.pt/explicit70.C (test for warnings, line 21)
FAIL: g++.old-deja/g++.pt/explicit70.C (test for warnings, line 22)
FAIL: g++.old-deja/g++.pt/explicit70.C (test for errors, line 43)
FAIL: g++.old-deja/g++.pt/explicit70.C (test for excess errors)
FAIL: g++.old-deja/g++.pt/friend30.C (test for excess errors)
FAIL: g++.old-deja/g++.pt/friend32.C (test for excess errors)
FAIL: g++.old-deja/g++.pt/spec13.C (test for excess errors)
WARNING: g++.old-deja/g++.pt/spec13.C compilation failed to produce executable
FAIL: g++.old-deja/g++.pt/spec18.C (test for excess errors)
FAIL: g++.old-deja/g++.pt/spec19.C (test for excess errors)
FAIL: g++.old-deja/g++.pt/spec5.C (test for errors, line 16)
FAIL: g++.old-deja/g++.pt/spec5.C (test for errors, line 17)
FAIL: g++.old-deja/g++.pt/spec5.C (test for excess errors)
FAIL: g++.old-deja/g++.pt/spec7.C (test for excess errors)
WARNING: g++.old-deja/g++.pt/spec7.C compilation failed to produce executable
FAIL: g++.old-deja/g++.pt/spec9.C (test for errors, line 17)
FAIL: g++.old-deja/g++.pt/spec9.C (test for excess errors)
FAIL: g++.old-deja/g++.pt/typename16.C (test for errors, line 30)
FAIL: g++.old-deja/g++.pt/typename16.C (test for excess errors)
FAIL: g++.old-deja/g++.pt/unify1.C (test for excess errors)
FAIL: g++.old-deja/g++.robertl/eb44.C (test for excess errors)
=== g++ Summary ===
# of expected passes 11902
# of unexpected failures 71
# of expected failures 66
# of unresolved testcases 3
# of unsupported tests 64
/scratch/gcc/nightly-2006-01-13-mainline/i686-pc-linux-gnu/build_gcc/install/bin/c++ version 4.2.0 20060113 (experimental)
=== gcc tests ===
Running target unix
WARNING: program timed out.
FAIL: gcc.c-torture/compile/20001226-1.c -O0 (test for excess errors)
WARNING: gcc.dg/torture/fp-int-convert-float128-timode.c -O0 compilation failed to produce executable
WARNING: gcc.dg/torture/fp-int-convert-float128-timode.c -O1 compilation failed to produce executable
WARNING: gcc.dg/torture/fp-int-convert-float128-timode.c -O2 compilation failed to produce executable
WARNING: gcc.dg/torture/fp-int-convert-float128-timode.c -O3 -fomit-frame-pointer compilation failed to produce executable
WARNING: gcc.dg/torture/fp-int-convert-float128-timode.c -O3 -g compilation failed to produce executable
WARNING: gcc.dg/torture/fp-int-convert-float128-timode.c -Os compilation failed to produce executable
WARNING: gcc.dg/torture/fp-int-convert-float128.c -O0 compilation failed to produce executable
WARNING: gcc.dg/torture/fp-int-convert-float128.c -O1 compilation failed to produce executable
WARNING: gcc.dg/torture/fp-int-convert-float128.c -O2 compilation failed to produce executable
WARNING: gcc.dg/torture/fp-int-convert-float128.c -O3 -fomit-frame-pointer compilation failed to produce executable
WARNING: gcc.dg/torture/fp-int-convert-float128.c -O3 -g compilation failed to produce executable
WARNING: gcc.dg/torture/fp-int-convert-float128.c -Os compilation failed to produce executable
FAIL: gcc.dg/tree-ssa/gen-vect-11.c scan-tree-dump-times vectorized 1 loops 1
=== gcc Summary ===
# of expected passes 38338
# of unexpected failures 2
# of expected failures 112
# of untested testcases 28
# of unsupported tests 246
/scratch/gcc/nightly-2006-01-13-mainline/i686-pc-linux-gnu/build_gcc/install/bin/gcc version 4.2.0 20060113 (experimental)
=== libstdc++ tests ===
Running target unix
FAIL: 22_locale/locale/cons/12658_thread-1.cc execution test
FAIL: 22_locale/locale/cons/12658_thread-2.cc execution test
FAIL: 22_locale/messages/members/char/1.cc execution test
FAIL: 22_locale/messages/members/char/2.cc execution test
FAIL: 22_locale/messages/members/char/wrapped_env.cc execution test
FAIL: 22_locale/messages/members/char/wrapped_locale.cc execution test
FAIL: 22_locale/messages_byname/named_equivalence.cc execution test
FAIL: ext/pb_assoc/example/ds_traits.cc (test for excess errors)
WARNING: ext/pb_assoc/example/ds_traits.cc compilation failed to produce executable
FAIL: thread/pthread3.cc execution test
=== libstdc++ Summary ===
# of expected passes 4074
# of unexpected failures 9
# of expected failures 13
# of unsupported tests 6
Compiler version: 4.2.0 20060113 (experimental)
Platform: i686-pc-linux-gnu
configure flags: --disable-nls --build=i686-pc-linux-gnu --host=i686-pc-linux-gnu --target=i686-pc-linux-gnu --enable-shared --enable-threads --disable-libmudflap --disable-libssp --disable-libstdcxx-pch --with-gnu-as --with-as=/scratch/gcc/nightly-2006-01-13-mainline/i686-pc-linux-gnu/build_gcc/install/bin/as --with-gnu-ld --with-ld=/scratch/gcc/nightly-2006-01-13-mainline/i686-pc-linux-gnu/build_gcc/install/bin/ld --prefix=/scratch/gcc/nightly-2006-01-13-mainline/i686-pc-linux-gnu/build_gcc/install --enable-languages=c,c++
More information about the Gcc-testresults
mailing list