Results for 4.2.0 20060112 (experimental) testsuite on x86_64-unknown-linux-gnu
Diego Novillo
dnovillo@redhat.com
Thu Jan 12 07:53:00 GMT 2006
LAST_UPDATED:
Native configuration is x86_64-unknown-linux-gnu
=== g++ tests ===
Running target unix
=== g++ Summary ===
# of expected passes 11867
# of expected failures 66
# of unsupported tests 94
/notnfs/dnovillo/sbox/gcc/bld.ton/gcc/testsuite/../g++ version 4.2.0 20060112 (experimental)
=== gcc tests ===
Running target unix
WARNING: gcc.dg/torture/fp-int-convert-float128-timode.c -O0 compilation failed to produce executable
WARNING: gcc.dg/torture/fp-int-convert-float128-timode.c -O1 compilation failed to produce executable
WARNING: gcc.dg/torture/fp-int-convert-float128-timode.c -O2 compilation failed to produce executable
WARNING: gcc.dg/torture/fp-int-convert-float128-timode.c -O3 -fomit-frame-pointer compilation failed to produce executable
WARNING: gcc.dg/torture/fp-int-convert-float128-timode.c -O3 -g compilation failed to produce executable
WARNING: gcc.dg/torture/fp-int-convert-float128-timode.c -Os compilation failed to produce executable
WARNING: gcc.dg/torture/fp-int-convert-float128.c -O0 compilation failed to produce executable
WARNING: gcc.dg/torture/fp-int-convert-float128.c -O1 compilation failed to produce executable
WARNING: gcc.dg/torture/fp-int-convert-float128.c -O2 compilation failed to produce executable
WARNING: gcc.dg/torture/fp-int-convert-float128.c -O3 -fomit-frame-pointer compilation failed to produce executable
WARNING: gcc.dg/torture/fp-int-convert-float128.c -O3 -g compilation failed to produce executable
WARNING: gcc.dg/torture/fp-int-convert-float128.c -Os compilation failed to produce executable
=== gcc Summary ===
# of expected passes 38200
# of expected failures 111
# of untested testcases 28
# of unsupported tests 358
/notnfs/dnovillo/sbox/gcc/bld.ton/gcc/xgcc version 4.2.0 20060112 (experimental)
=== gfortran tests ===
Running target unix
FAIL: gfortran.dg/char_result_11.f90 -O (test for excess errors)
=== gfortran Summary ===
# of expected passes 11304
# of unexpected failures 1
# of expected failures 18
# of unsupported tests 16
/notnfs/dnovillo/sbox/gcc/bld.ton/gcc/testsuite/../gfortran version 4.2.0 20060112 (experimental)
=== objc tests ===
Running target unix
FAIL: objc.dg-struct-layout-encoding-1/t025_main.m execution test
FAIL: objc.dg-struct-layout-encoding-1/t026_main.m execution test
FAIL: objc.dg-struct-layout-encoding-1/t027_main.m execution test
FAIL: objc.dg-struct-layout-encoding-1/t028_main.m execution test
FAIL: objc.dg-struct-layout-encoding-1/t029_main.m execution test
FAIL: objc.dg-struct-layout-encoding-1/t030_main.m execution test
FAIL: objc.dg-struct-layout-encoding-1/t031_main.m execution test
=== objc Summary ===
# of expected passes 1745
# of unexpected failures 7
# of unsupported tests 23
/notnfs/dnovillo/sbox/gcc/bld.ton/gcc/xgcc version 4.2.0 20060112 (experimental)
=== libffi tests ===
Running target unix
=== libffi Summary ===
# of expected passes 228
# of unsupported tests 2
=== libjava tests ===
Running target unix
FAIL: PR9577 run
FAIL: longfield run
FAIL: simple run
FAIL: PR18116 run
FAIL: bytebuffer run
FAIL: cxxtest run
FAIL: field run
FAIL: final_method run
FAIL: findclass run
FAIL: invoke run
FAIL: jniutf run
FAIL: martin run
FAIL: pr18278 execution - gij test
FAIL: pr23739 execution - gij test
FAIL: register run
FAIL: simple_int execution - gij test
FAIL: throwit run
FAIL: virtual execution - gij test
FAIL: ArrayStore execution - source compiled test
FAIL: ArrayStore -O3 execution - source compiled test
FAIL: ArrayStore execution - gij test
FAIL: ArrayStore -O3 execution - bytecode->native test
FAIL: ArrayStore2 execution - source compiled test
FAIL: ArrayStore2 -O3 execution - source compiled test
FAIL: Array_1 execution - source compiled test
FAIL: Array_2 execution - gij test
FAIL: Array_2 -O3 execution - source compiled test
FAIL: Array_3 execution - gij test
FAIL: Array_3 execution - bytecode->native test
FAIL: Array_3 -O3 execution - source compiled test
FAIL: Array_3 -O3 execution - bytecode->native test
FAIL: Class_1 execution - bytecode->native test
FAIL: Class_1 -O3 execution - source compiled test
FAIL: Class_1 -O3 execution - bytecode->native test
FAIL: CompareNaN execution - source compiled test
FAIL: CompareNaN execution - gij test
FAIL: EvaluationOrder execution - gij test
FAIL: EvaluationOrder -O3 execution - bytecode->native test
FAIL: ExtraClassLoader execution - source compiled test
FAIL: ExtraClassLoader execution - gij test
FAIL: ExtraClassLoader execution - bytecode->native test
FAIL: ExtraClassLoader -O3 output - source compiled test
FAIL: ExtraClassLoader output - gij test
FAIL: ExtraClassLoader -O3 output - bytecode->native test
FAIL: FileHandleGcTest execution - source compiled test
FAIL: FileHandleGcTest execution - gij test
FAIL: FileHandleGcTest -O3 execution - bytecode->native test
FAIL: Final execution - source compiled test
FAIL: Float_1 execution - source compiled test
FAIL: Float_1 execution - bytecode->native test
FAIL: Float_1 -O3 execution - source compiled test
FAIL: G19990301_01 execution - source compiled test
FAIL: G19990301_01 execution - gij test
FAIL: G19990301_01 execution - bytecode->native test
FAIL: G19990301_01 -O3 execution - source compiled test
FAIL: G19990301_01 execution - gij test
FAIL: G19990302_02 execution - source compiled test
FAIL: G19990302_02 execution - gij test
FAIL: G19990302_02 execution - bytecode->native test
FAIL: G19990303_01 execution - gij test
FAIL: G19990303_01 -O3 execution - bytecode->native test
FAIL: G19990303_02 execution - source compiled test
FAIL: G19990303_02 execution - gij test
FAIL: G19990303_02 -O3 execution - source compiled test
FAIL: G19990303_02 -O3 execution - bytecode->native test
FAIL: G19990304_01 -O3 execution - bytecode->native test
FAIL: G19990310_01 execution - bytecode->native test
FAIL: G19990310_01 execution - gij test
FAIL: G19990310_01 -O3 execution - bytecode->native test
FAIL: II -O3 execution - bytecode->native test
FAIL: InterfaceDispatch -O3 execution - bytecode->native test
FAIL: InvokeInterface execution - source compiled test
FAIL: InvokeInterface execution - bytecode->native test
FAIL: InvokeInterface -O3 execution - source compiled test
FAIL: InvokeReturn execution - bytecode->native test
FAIL: InvokeReturn -O3 execution - source compiled test
FAIL: InvokeReturn execution - gij test
FAIL: Invoke_1 execution - gij test
FAIL: Invoke_1 -O3 execution - source compiled test
FAIL: Invoke_1 execution - gij test
FAIL: Invoke_2 execution - gij test
FAIL: Invoke_2 execution - gij test
FAIL: Invoke_2 -O3 execution - bytecode->native test
FAIL: KeepInline execution - source compiled test
FAIL: KeepInline execution - bytecode->native test
FAIL: KeepInline -O3 execution - bytecode->native test
FAIL: LargeFile execution - source compiled test
FAIL: LargeFile execution - gij test
FAIL: LargeFile execution - bytecode->native test
FAIL: LargeFile -O3 execution - source compiled test
FAIL: LargeFile execution - gij test
FAIL: LargeFile -O3 execution - bytecode->native test
FAIL: MathBuiltin execution - source compiled test
FAIL: Matrix4f execution - gij test
FAIL: Matrix4f execution - gij test
FAIL: N19990310_02 execution - bytecode->native test
FAIL: N19990310_3 execution - gij test
FAIL: N19990310_3 -O3 execution - source compiled test
FAIL: N19990310_5 execution - source compiled test
FAIL: Overflow execution - bytecode->native test
FAIL: PR12350 execution - gij test
FAIL: PR12350 execution - gij test
FAIL: PR12350 -O3 execution - bytecode->native test
FAIL: PR12416 execution - bytecode->native test
FAIL: PR12656 execution - gij test
FAIL: PR12656 -O3 execution - bytecode->native test
FAIL: PR12915 execution - gij test
FAIL: PR141 execution - source compiled test
FAIL: PR141 execution - gij test
FAIL: PR160 execution - gij test
FAIL: PR162 execution - gij test
FAIL: PR162 execution - gij test
FAIL: PR18699 execution - source compiled test
FAIL: PR19921 -O3 execution - bytecode->native test
FAIL: PR20056 execution - source compiled test
FAIL: PR218 execution - source compiled test
FAIL: PR218 execution - gij test
FAIL: PR242 execution - bytecode->native test
FAIL: PR242 execution - gij test
FAIL: PR25535 execution - source compiled test
FAIL: PR25535 execution - gij test
FAIL: PR25535 execution - bytecode->native test
FAIL: PR25535 execution - gij test
FAIL: PR260 -O3 execution - source compiled test
FAIL: PR260 execution - gij test
FAIL: PR260 -O3 execution - bytecode->native test
FAIL: PR3096 execution - gij test
FAIL: PR3731 execution - source compiled test
FAIL: PR5057 -O3 execution - source compiled test
FAIL: PR5057_2 execution - gij test
FAIL: PR5057_2 execution - bytecode->native test
FAIL: PR5057_2 -O3 execution - bytecode->native test
FAIL: PR55 execution - bytecode->native test
FAIL: PR55 -O3 execution - bytecode->native test
FAIL: PR56 execution - source compiled test
FAIL: PR56 execution - gij test
FAIL: PR6085 execution - gij test
FAIL: PR6085 -O3 execution - bytecode->native test
FAIL: PR6729 execution - gij test
FAIL: PR6729 execution - bytecode->native test
FAIL: PR6820 -O3 execution - bytecode->native test
FAIL: PR7482 execution - source compiled test
FAIL: PR7482 -O3 execution - bytecode->native test
FAIL: Process_1 execution - source compiled test
FAIL: Process_3 -O3 execution - bytecode->native test
FAIL: Process_4 execution - source compiled test
FAIL: Process_4 execution - gij test
FAIL: Process_4 execution - gij test
FAIL: Process_5 execution - gij test
FAIL: Process_6 execution - bytecode->native test
FAIL: Process_6 execution - gij test
FAIL: Serialization execution - source compiled test
FAIL: Serialization execution - gij test
FAIL: Serialization -O3 execution - bytecode->native test
FAIL: Shazam execution - gij test
FAIL: Shazam execution - bytecode->native test
FAIL: StaticConstructor execution - source compiled test
FAIL: StaticConstructor execution - gij test
FAIL: SyncGlobal -O3 execution - bytecode->native test
FAIL: TestProxy execution - source compiled test
FAIL: TestProxy execution - gij test
FAIL: Thread_Alive -O3 execution - source compiled test
FAIL: Thread_Alive execution - gij test
FAIL: Thread_HoldsLock -O3 execution - bytecode->native test
FAIL: Thread_Monitor execution - bytecode->native test
FAIL: Thread_Monitor -O3 execution - source compiled test
FAIL: Thread_Monitor -O3 execution - bytecode->native test
FAIL: Thread_Sleep execution - bytecode->native test
FAIL: Throw_2 -O3 execution - bytecode->native test
FAIL: anfi execution - bytecode->native test
FAIL: anon -O3 execution - bytecode->native test
FAIL: anon2 -O3 execution - source compiled test
FAIL: anon2 execution - gij test
FAIL: anon4 execution - source compiled test
FAIL: anon_ctor_itf_arg execution - source compiled test
FAIL: anonarray execution - bytecode->native test
FAIL: anonarray2 execution - gij test
FAIL: anonarray2 execution - gij test
FAIL: anonarray3 execution - source compiled test
FAIL: anonarray3 -O3 execution - source compiled test
FAIL: bclink -O3 execution - source compiled test
FAIL: bclink execution - gij test
FAIL: bytearray execution - gij test
FAIL: direct_write execution - bytecode->native test
FAIL: emptystring execution - gij test
FAIL: err1 execution - gij test
FAIL: err10 execution - source compiled test
FAIL: err10 execution - gij test
FAIL: err10 -O3 execution - bytecode->native test
FAIL: err11 execution - source compiled test
FAIL: err11 execution - bytecode->native test
FAIL: err11 execution - gij test
FAIL: err13 execution - gij test
FAIL: err14 execution - gij test
FAIL: err14 -O3 execution - bytecode->native test
FAIL: err2 execution - bytecode->native test
FAIL: err2 execution - gij test
FAIL: err5 execution - bytecode->native test
FAIL: err5 execution - gij test
FAIL: err6 execution - gij test
FAIL: err7 execution - source compiled test
FAIL: err8 -O3 execution - source compiled test
FAIL: err9 execution - gij test
FAIL: err9 execution - gij test
FAIL: final_inner -O3 execution - source compiled test
FAIL: final_inner execution - gij test
FAIL: final_static_and_friend execution - gij test
FAIL: inner4 execution - bytecode->native test
FAIL: inner_array -O3 execution - bytecode->native test
FAIL: inner_interface execution - gij test
FAIL: inner_interface execution - bytecode->native test
FAIL: inner_interface -O3 execution - bytecode->native test
FAIL: instance execution - source compiled test
FAIL: instance -O3 execution - source compiled test
FAIL: instinit -O3 execution - source compiled test
FAIL: instinit2 -O3 execution - source compiled test
FAIL: invokethrow execution - source compiled test
FAIL: invokethrow -O3 execution - source compiled test
FAIL: invokethrow -O3 execution - bytecode->native test
FAIL: klass execution - bytecode->native test
FAIL: multiple_finit -O3 execution - bytecode->native test
FAIL: negzero execution - gij test
FAIL: negzero -O3 execution - bytecode->native test
FAIL: newarray_overflow execution - bytecode->native test
FAIL: newarray_overflow -O3 execution - bytecode->native test
FAIL: pr109 -O3 execution - source compiled test
FAIL: pr109 execution - gij test
FAIL: pr13107 -O3 execution - bytecode->native test
FAIL: pr13107_3 -O3 execution - source compiled test
FAIL: pr13107_3 -O3 execution - bytecode->native test
FAIL: pr133 execution - bytecode->native test
FAIL: pr133 -O3 execution - source compiled test
FAIL: pr133 execution - gij test
FAIL: pr16789 execution - source compiled test
FAIL: pr16789 execution - gij test
FAIL: pr16789 execution - bytecode->native test
FAIL: pr179 execution - gij test
FAIL: pr21785 execution - gij test
FAIL: pr21785 -O3 execution - bytecode->native test
FAIL: pr21844 execution - source compiled test
FAIL: pr21844 execution - gij test
FAIL: pr21844 -O3 execution - bytecode->native test
FAIL: pr6388 execution - source compiled test
FAIL: pr6388 -O3 execution - source compiled test
FAIL: pr8415 -O3 execution - source compiled test
FAIL: pr8415 execution - gij test
FAIL: pr8415 -O3 execution - bytecode->native test
FAIL: pr8676 execution - gij test
FAIL: pr8676 -O3 execution - bytecode->native test
FAIL: pr8823 -O3 execution - source compiled test
FAIL: pr8945 execution - gij test
FAIL: pr8945 execution - bytecode->native test
FAIL: search_outer execution - gij test
FAIL: shatest -O3 execution - bytecode->native test
FAIL: stringconst -O3 execution - bytecode->native test
FAIL: stub execution - source compiled test
FAIL: stub execution - gij test
FAIL: tmi -O3 execution - source compiled test
FAIL: utilTest execution - gij test
FAIL: utilTest -O3 execution - bytecode->native test
FAIL: verify execution - source compiled test
FAIL: verify execution - bytecode->native test
FAIL: /home/cygnus/dnovillo/perf/sbox/gcc/local.x86_64/bld.ton/x86_64-unknown-linux-gnu/libjava/testsuite/TestEarlyGC.exe execution - /home/cygnus/dnovillo/perf/sbox/gcc/local.x86_64/bld.ton/x86_64-unknown-linux-gnu/libjava/testsuite/TestEarlyGC.exe
FAIL: /home/cygnus/dnovillo/perf/sbox/gcc/local.x86_64/bld.ton/x86_64-unknown-linux-gnu/libjava/testsuite/TestLeak.exe execution - /home/cygnus/dnovillo/perf/sbox/gcc/local.x86_64/bld.ton/x86_64-unknown-linux-gnu/libjava/testsuite/TestLeak.exe
=== libjava Summary ===
# of expected passes 3499
# of unexpected failures 264
# of expected failures 7
# of untested testcases 269
=== libmudflap tests ===
Running target unix
=== libmudflap Summary ===
# of expected passes 1789
=== libstdc++ tests ===
Running target unix
XPASS: 26_numerics/cmath/c99_classification_macros_c.cc (test for excess errors)
XPASS: 27_io/fpos/14320-1.cc execution test
=== libstdc++ Summary ===
# of expected passes 4089
# of unexpected successes 2
# of expected failures 11
# of unsupported tests 4
Compiler version: 4.2.0 20060112 (experimental)
Platform: x86_64-unknown-linux-gnu
configure flags: --prefix=/home/cygnus/dnovillo/perf/sbox/gcc/local.x86_64/inst.ton --srcdir=/home/cygnus/dnovillo/perf/sbox/gcc/local.x86_64/src --enable-mpfr --disable-multilib --with-gmp=/home/cygnus/dnovillo/x86_64 --enable-languages=c,c++,fortran,java,objc
More information about the Gcc-testresults
mailing list