Results for 4.1.0 20060109 (prerelease) [gcc-4_1-branch revision 109502 clean] testsuite on ia64-unknown-linux-gnu
H.J. Lu
hjl@gnu-11.sc.intel.com
Wed Jan 11 14:26:00 GMT 2006
LAST_UPDATED: Mon Jan 9 19:50:27 UTC 2006 (revision 109502)
Native configuration is ia64-unknown-linux-gnu
=== gcc tests ===
Running target unix
FAIL: gcc.dg/builtin-apply4.c execution test
XPASS: gcc.dg/tree-ssa/loop-1.c scan-assembler-times foo 5
XPASS: gcc.dg/vect/pr16105.c scan-tree-dump-times vectorized 1 loops 1
XPASS: gcc.dg/vect/pr20122.c scan-tree-dump-times vectorized 1 loops 2
XPASS: gcc.dg/vect/vect-105.c scan-tree-dump-times vectorized 1 loops 1
XPASS: gcc.dg/vect/vect-30.c scan-tree-dump-times vectorized 1 loops 2
XPASS: gcc.dg/vect/vect-42.c scan-tree-dump-times vectorized 1 loops 1
XPASS: gcc.dg/vect/vect-43.c scan-tree-dump-times vectorized 1 loops 1
XPASS: gcc.dg/vect/vect-74.c scan-tree-dump-times vectorized 1 loops 1
XPASS: gcc.dg/vect/vect-75.c scan-tree-dump-times vectorized 1 loops 1
XPASS: gcc.dg/vect/vect-8.c scan-tree-dump-times vectorized 1 loops 1
=== gcc Summary ===
# of expected passes 36870
# of unexpected failures 1
# of unexpected successes 10
# of expected failures 131
# of untested testcases 28
# of unsupported tests 307
/export/build/gnu/gcc-4.1/build-ia64-linux/gcc/xgcc version 4.1.0 20060109 (prerelease) [gcc-4_1-branch revision 109502 clean]
=== gfortran tests ===
Running target unix
FAIL: gfortran.dg/char_result_11.f90 -O (test for excess errors)
FAIL: gfortran.dg/vect/vect-4.f90 -O scan-tree-dump-times Alignment of access forced using peeling 1
FAIL: gfortran.dg/vect/vect-4.f90 -O scan-tree-dump-times Vectorizing an unaligned access 1
=== gfortran Summary ===
# of expected passes 11208
# of unexpected failures 3
# of expected failures 20
# of unsupported tests 18
/export/build/gnu/gcc-4.1/build-ia64-linux/gcc/testsuite/gfortran/../../gfortran version 4.1.0 20060109 (prerelease) [gcc-4_1-branch revision 109502 clean]
=== g++ tests ===
Running target unix
FAIL: g++.dg/other/pr22003.C (test for excess errors)
XPASS: g++.dg/tree-ssa/pr14814.C scan-tree-dump-times &this 0
=== g++ Summary ===
# of expected passes 11340
# of unexpected failures 1
# of unexpected successes 1
# of expected failures 66
# of unsupported tests 102
/export/build/gnu/gcc-4.1/build-ia64-linux/gcc/testsuite/g++/../../g++ version 4.1.0 20060109 (prerelease) [gcc-4_1-branch revision 109502 clean]
=== objc tests ===
Running target unix
=== objc Summary ===
# of expected passes 1682
# of unsupported tests 23
/export/build/gnu/gcc-4.1/build-ia64-linux/gcc/xgcc version 4.1.0 20060109 (prerelease) [gcc-4_1-branch revision 109502 clean]
Compiler version: 4.1.0 20060109 (prerelease) [gcc-4_1-branch revision 109502 clean]
Platform: ia64-unknown-linux-gnu
configure flags: --enable-clocale=gnu --with-system-zlib --with-demangler-in-ld --enable-threads=posix --enable-haifa --disable-checking --prefix=/usr/gcc-4.1 --with-local-prefix=/usr/local --enable-languages=c,c++,fortran,java,objc
More information about the Gcc-testresults
mailing list