Results for 4.2.0 20060107 (experimental) testsuite on i686-pc-cygwin
Tim Prince
tprince@myrealbox.com
Sun Jan 8 23:01:00 GMT 2006
LAST_UPDATED: Obtained from SVN: trunk revision 109451
Native configuration is i686-pc-cygwin
=== gcc tests ===
Running target unix
FAIL: gcc.c-torture/compile/20001226-1.c (test for excess errors)
WARNING: program timed out.
FAIL: gcc.c-torture/unsorted/xi.c, -O0
FAIL: gcc.dg/pr17957.c (test for excess errors)
WARNING: gcc.dg/torture/fp-int-convert-float128-timode.c compilation
failed to produce executable
WARNING: gcc.dg/torture/fp-int-convert-float128-timode.c compilation
failed to produce executable
WARNING: gcc.dg/torture/fp-int-convert-float128-timode.c compilation
failed to produce executable
WARNING: gcc.dg/torture/fp-int-convert-float128-timode.c compilation
failed to produce executable
WARNING: gcc.dg/torture/fp-int-convert-float128-timode.c compilation
failed to produce executable
WARNING: gcc.dg/torture/fp-int-convert-float128-timode.c compilation
failed to produce executable
WARNING: gcc.dg/torture/fp-int-convert-float128.c compilation failed to
produceexecutable
WARNING: gcc.dg/torture/fp-int-convert-float128.c compilation failed to
produceexecutable
WARNING: gcc.dg/torture/fp-int-convert-float128.c compilation failed to
produceexecutable
WARNING: gcc.dg/torture/fp-int-convert-float128.c compilation failed to
produceexecutable
WARNING: gcc.dg/torture/fp-int-convert-float128.c compilation failed to
produceexecutable
WARNING: gcc.dg/torture/fp-int-convert-float128.c compilation failed to
produceexecutable
FAIL: gcc.dg/tree-ssa/gen-vect-11.c scan-tree-dump-times vectorized 1
loops 1
FAIL: gcc.dg/tree-ssa/loop-1.c scan-assembler-times foo 5
FAIL: gcc.dg/tree-ssa/loop-15.c (test for excess errors)
ERROR: gcc.dg/tree-ssa/loop-15.c: error executing dg-final: no files
matched glob pattern "loop-15.c.t[0-9][0-9].vars"
UNRESOLVED: gcc.dg/tree-ssa/loop-15.c: error executing dg-final: no
files matched glob pattern "loop-15.c.t[0-9][0-9].vars"
FAIL: compiler driver --coverage option(s) (compiler options)
FAIL: gcc.target/i386/pic-1.c (test for errors, line 10)
=== gcc Summary ===
# of expected passes 39885
# of unexpected failures 8
# of expected failures 110
# of unresolved testcases 1
# of untested testcases 28
# of unsupported tests 290
/cygdrive/c/gnu/gcc-4.2-20060107/xp/gcc/xgcc version 4.2.0 20060107
(experimental)
=== gfortran tests ===
Running target unix
FAIL: gfortran.dg/edit_real_1.f90 execution test
FAIL: gfortran.dg/edit_real_1.f90 execution test
FAIL: gfortran.dg/edit_real_1.f90 execution test
FAIL: gfortran.dg/edit_real_1.f90 execution test
FAIL: gfortran.dg/edit_real_1.f90 execution test
FAIL: gfortran.dg/edit_real_1.f90 execution test
FAIL: gfortran.dg/edit_real_1.f90 execution test
FAIL: gfortran.dg/edit_real_1.f90 execution test
FAIL: gfortran.dg/output_exponents_1.f90 execution test
FAIL: gfortran.dg/output_exponents_1.f90 execution test
FAIL: gfortran.dg/output_exponents_1.f90 execution test
FAIL: gfortran.dg/output_exponents_1.f90 execution test
FAIL: gfortran.dg/output_exponents_1.f90 execution test
FAIL: gfortran.dg/output_exponents_1.f90 execution test
FAIL: gfortran.dg/output_exponents_1.f90 execution test
FAIL: gfortran.dg/output_exponents_1.f90 execution test
=== gfortran Summary ===
# of expected passes 11134
# of unexpected failures 16
# of expected failures 7
# of unsupported tests 48
/cygdrive/c/gnu/gcc-4.2-20060107/xp/gcc/testsuite/../gfortran version
4.2.0 20060107 (experimental)
=== objc tests ===
Running target unix
FAIL: objc/execute/exceptions/foward-1.m execution, -Os -fgnu-runtime
FAIL: objc/execute/exceptions/foward-1.m execution, -Os -fgnu-runtime
FAIL: objc.dg-struct-layout-encoding-1/t025_main.m execution test
FAIL: objc.dg-struct-layout-encoding-1/t026_main.m execution test
FAIL: objc.dg-struct-layout-encoding-1/t027_main.m execution test
FAIL: objc.dg-struct-layout-encoding-1/t028_main.m execution test
FAIL: objc.dg-struct-layout-encoding-1/t029_main.m execution test
FAIL: objc.dg-struct-layout-encoding-1/t030_main.m execution test
FAIL: objc.dg-struct-layout-encoding-1/t031_main.m execution test
=== objc Summary ===
# of expected passes 1807
# of unexpected failures 9
# of unsupported tests 23
/cygdrive/c/gnu/gcc-4.2-20060107/xp/gcc/xgcc version 4.2.0 20060107
(experimental)
=== treelang tests ===
Running target unix
ERROR: tcl error sourcing
/cygdrive/c/gnu/gcc-4.2-20060107/gcc/testsuite/treelang/output/output.exp.
ERROR: rm: cannot remove \`treelang/output-1': No such file or directory
=== treelang Summary ===
# of expected passes 50
Compiler version: 4.2.0 20060107 (experimental)
Platform: i686-pc-cygwin
configure flags: '--enable-languages=fortran objc treelang c'
--enable-threads=posix --enable-sjlj-exceptions --disable-libmudflap
--disable-shared --enable-maintainer-mode --prefix=/usr/local/gcc42
--enable-bootstrap --enable-languages=c,fortran,objc,treelang
BOOT_CFLAGS=-O2 -march=pentium-m -pipe
More information about the Gcc-testresults
mailing list