Results for 4.1.0 20060225 (prerelease) testsuite on hppa2.0w-hp-hpux11.00
John David Anglin
dave@hiauly2.hia.nrc.ca
Mon Feb 27 04:17:00 GMT 2006
LAST_UPDATED: Sat Feb 25 17:55:43 UTC 2006 (revision 111438)
=== acats tests ===
=== acats Summary ===
# of expected passes 2316
# of unexpected failures 0
Native configuration is hppa2.0w-hp-hpux11.00
=== g++ tests ===
Running target unix
XPASS: g++.dg/tree-ssa/pr14814.C scan-tree-dump-times &this 0
=== g++ Summary ===
# of expected passes 11555
# of unexpected successes 1
# of expected failures 67
# of unsupported tests 152
/home/gnu/gcc-3.4/objdir/gcc/testsuite/../g++ version 4.1.0 20060225 (prerelease)
=== gcc tests ===
Running target unix
WARNING: program timed out.
FAIL: gcc.c-torture/compile/20001226-1.c -O2 (test for excess errors)
WARNING: program timed out.
FAIL: gcc.c-torture/compile/20001226-1.c -O3 -fomit-frame-pointer (test for excess errors)
WARNING: program timed out.
FAIL: gcc.c-torture/compile/20001226-1.c -O3 -g (test for excess errors)
WARNING: program timed out.
FAIL: gcc.c-torture/compile/20001226-1.c -Os (test for excess errors)
=== gcc Summary ===
# of expected passes 36376
# of unexpected failures 4
# of expected failures 78
# of untested testcases 28
# of unsupported tests 420
/home/gnu/gcc-3.4/objdir/gcc/xgcc version 4.1.0 20060225 (prerelease)
=== gfortran tests ===
Running target unix
FAIL: gfortran.dg/secnds.f -O0 execution test
=== gfortran Summary ===
# of expected passes 11524
# of unexpected failures 1
# of expected failures 4
# of unsupported tests 74
/home/gnu/gcc-3.4/objdir/gcc/testsuite/../gfortran version 4.1.0 20060225 (prerelease)
=== obj-c++ tests ===
Running target unix
FAIL: obj-c++.dg/cxx-ivars-2.mm execution test
FAIL: obj-c++.dg/encode-8.mm execution test
FAIL: obj-c++.dg/isa-field-1.mm (test for excess errors)
FAIL: obj-c++.dg/lookup-2.mm (test for excess errors)
WARNING: obj-c++.dg/lookup-2.mm compilation failed to produce executable
FAIL: obj-c++.dg/try-catch-2.mm (test for excess errors)
WARNING: obj-c++.dg/try-catch-2.mm compilation failed to produce executable
FAIL: obj-c++.dg/try-catch-9.mm (test for excess errors)
WARNING: obj-c++.dg/try-catch-9.mm compilation failed to produce executable
=== obj-c++ Summary ===
# of expected passes 423
# of unexpected failures 6
# of unsupported tests 13
/home/gnu/gcc-3.4/objdir/gcc/testsuite/../g++ version 4.1.0 20060225 (prerelease)
=== objc tests ===
Running target unix
=== objc Summary ===
# of expected passes 1682
# of unsupported tests 23
/home/gnu/gcc-3.4/objdir/gcc/xgcc version 4.1.0 20060225 (prerelease)
=== libstdc++ tests ===
Running target unix
=== libstdc++ Summary ===
# of expected passes 2609
# of expected failures 10
# of unsupported tests 145
Compiler version: 4.1.0 20060225 (prerelease)
Platform: hppa2.0w-hp-hpux11.00
configure flags: --with-gnu-as --with-as=/opt/gnu/bin/as --enable-shared --with-local-prefix=/opt/gnu --prefix=/opt/gnu/gcc/gcc-4.1.0 --with-gmp=/opt/gnu/gcc/gcc-4.1.0 --enable-debug=no --disable-nls --enable-languages=c,ada,c++,fortran,java,objc,obj-c++
More information about the Gcc-testresults
mailing list