Results for 4.2.0 20060224 (experimental) testsuite on arm-none-eabi
CodeSourcery Automatic Testing System
gcc@codesourcery.com
Fri Feb 24 20:47:00 GMT 2006
LAST_UPDATED: Fri Feb 24 08:14:36 UTC 2006 (revision 111415)
Target is arm-none-eabi
Host is i686-pc-linux-gnu
=== g++ tests ===
Running target arm-sim
FAIL: g++.dg/abi/local1.C execution test
WARNING: program timed out.
FAIL: g++.dg/init/array15.C execution test
WARNING: program timed out.
FAIL: g++.dg/init/array16.C execution test
FAIL: g++.dg/init/ctor4.C (test for excess errors)
FAIL: g++.dg/opt/switch4.C (test for excess errors)
XPASS: g++.dg/other/packed1.C execution test
FAIL: g++.dg/parse/register1.C (test for excess errors)
FAIL: g++.old-deja/g++.brendan/warnings4.C (test for excess errors)
FAIL: g++.old-deja/g++.jason/overload34.C (test for excess errors)
FAIL: g++.old-deja/g++.mike/p11110.C (test for excess errors)
XPASS: g++.old-deja/g++.other/init5.C execution test
=== g++ Summary for arm-sim ===
# of expected passes 11915
# of unexpected failures 9
# of unexpected successes 2
# of expected failures 66
# of unsupported tests 122
Running target arm-sim/-mthumb
FAIL: g++.dg/abi/local1.C execution test
WARNING: program timed out.
FAIL: g++.dg/eh/cleanup1.C (test for excess errors)
WARNING: program timed out.
FAIL: g++.dg/eh/forced1.C execution test
WARNING: program timed out.
FAIL: g++.dg/init/array15.C execution test
WARNING: program timed out.
FAIL: g++.dg/init/array16.C execution test
FAIL: g++.dg/init/ctor4.C (test for excess errors)
FAIL: g++.dg/opt/switch4.C (test for excess errors)
XPASS: g++.dg/other/packed1.C execution test
FAIL: g++.dg/parse/register1.C (test for excess errors)
FAIL: g++.old-deja/g++.brendan/warnings4.C (test for excess errors)
WARNING: program timed out.
FAIL: g++.old-deja/g++.eh/terminate2.C execution test
FAIL: g++.old-deja/g++.jason/overload34.C (test for excess errors)
FAIL: g++.old-deja/g++.mike/p11110.C (test for excess errors)
XPASS: g++.old-deja/g++.other/init5.C execution test
=== g++ Summary for arm-sim/-mthumb ===
# of expected passes 11912
# of unexpected failures 12
# of unexpected successes 2
# of expected failures 66
# of unsupported tests 122
=== g++ Summary ===
# of expected passes 23827
# of unexpected failures 21
# of unexpected successes 4
# of expected failures 132
# of unsupported tests 244
/scratch/gcc/nightly-2006-02-24-mainline/arm-none-eabi/build_gcc/install/bin/arm-none-eabi-c++ version 4.2.0 20060224 (experimental)
Host is i686-pc-linux-gnu
=== gcc tests ===
Running target arm-sim
FAIL: gcc.c-torture/execute/20030128-1.c execution, -O1
FAIL: gcc.c-torture/execute/20030128-1.c execution, -O2
FAIL: gcc.c-torture/execute/20030128-1.c execution, -O3 -fomit-frame-pointer
FAIL: gcc.c-torture/execute/20030128-1.c execution, -O3 -g
FAIL: gcc.c-torture/execute/20030128-1.c execution, -Os
FAIL: gcc.c-torture/execute/941014-2.c execution, -O1
FAIL: gcc.c-torture/execute/941014-2.c execution, -O2
FAIL: gcc.c-torture/execute/941014-2.c execution, -Os
FAIL: gcc.dg/compat/struct-layout-1 c_compat_x_tst.o compile
FAIL: gcc.dg/compat/struct-layout-1 c_compat_y_tst.o compile
UNRESOLVED: gcc.dg/compat/struct-layout-1 c_compat_x_tst.o-c_compat_y_tst.o link
UNRESOLVED: gcc.dg/compat/struct-layout-1 c_compat_x_tst.o-c_compat_y_tst.o execute
WARNING: program timed out.
FAIL: gcc.dg/c99-intconst-1.c (test for excess errors)
FAIL: gcc.dg/tree-ssa/20030730-1.c scan-tree-dump-times if 0
FAIL: gcc.dg/tree-ssa/20030730-2.c scan-tree-dump-times if 0
FAIL: gcc.dg/tree-ssa/20030807-2.c scan-tree-dump-times if 0
=== gcc Summary for arm-sim ===
# of expected passes 37339
# of unexpected failures 14
# of expected failures 73
# of unresolved testcases 2
# of untested testcases 28
# of unsupported tests 381
Running target arm-sim/-mthumb
WARNING: program timed out.
FAIL: gcc.c-torture/compile/20001226-1.c -O0 (test for excess errors)
FAIL: gcc.c-torture/execute/20030128-1.c execution, -O1
FAIL: gcc.c-torture/execute/20030128-1.c execution, -O2
FAIL: gcc.c-torture/execute/20030128-1.c execution, -O3 -fomit-frame-pointer
FAIL: gcc.c-torture/execute/20030128-1.c execution, -O3 -g
FAIL: gcc.c-torture/execute/20030128-1.c execution, -Os
XPASS: gcc.c-torture/execute/941014-1.c execution, -O0
FAIL: gcc.dg/compat/struct-layout-1 c_compat_x_tst.o compile
FAIL: gcc.dg/compat/struct-layout-1 c_compat_y_tst.o compile
UNRESOLVED: gcc.dg/compat/struct-layout-1 c_compat_x_tst.o-c_compat_y_tst.o link
UNRESOLVED: gcc.dg/compat/struct-layout-1 c_compat_x_tst.o-c_compat_y_tst.o execute
WARNING: program timed out.
FAIL: gcc.dg/c99-intconst-1.c (test for excess errors)
FAIL: gcc.dg/sibcall-3.c execution test
FAIL: gcc.dg/sibcall-4.c execution test
FAIL: gcc.dg/tls/opt-4.c (test for excess errors)
FAIL: gcc.dg/tls/opt-5.c (test for excess errors)
FAIL: gcc.dg/tree-ssa/20030730-1.c scan-tree-dump-times if 0
FAIL: gcc.dg/tree-ssa/20030730-2.c scan-tree-dump-times if 0
FAIL: gcc.dg/tree-ssa/20030807-2.c scan-tree-dump-times if 0
XPASS: gcc.dg/tree-ssa/20040204-1.c scan-tree-dump-times link_error 0
=== gcc Summary for arm-sim/-mthumb ===
# of expected passes 37295
# of unexpected failures 16
# of unexpected successes 2
# of expected failures 72
# of unresolved testcases 2
# of untested testcases 28
# of unsupported tests 385
=== gcc Summary ===
# of expected passes 74634
# of unexpected failures 30
# of unexpected successes 2
# of expected failures 145
# of unresolved testcases 4
# of untested testcases 56
# of unsupported tests 766
/scratch/gcc/nightly-2006-02-24-mainline/arm-none-eabi/build_gcc/install/bin/arm-none-eabi-gcc version 4.2.0 20060224 (experimental)
Host is i686-pc-linux-gnu
=== libstdc++ tests ===
Running target arm-sim
WARNING: program timed out.
FAIL: 21_strings/basic_string/append/char/3.cc execution test
WARNING: program timed out.
FAIL: 21_strings/basic_string/capacity/char/18654.cc execution test
WARNING: program timed out.
FAIL: 21_strings/basic_string/cons/char/6.cc execution test
WARNING: program timed out.
FAIL: 21_strings/basic_string/inserters_extractors/char/10.cc execution test
WARNING: program timed out.
FAIL: 21_strings/basic_string/inserters_extractors/char/11.cc execution test
FAIL: 23_containers/set/modifiers/16728.cc execution test
FAIL: 26_numerics/cmath/c99_classification_macros_c.cc (test for excess errors)
FAIL: 27_io/basic_istream/extractors_arithmetic/char/12.cc execution test
WARNING: program timed out.
FAIL: 27_io/basic_istream/extractors_character/char/4.cc execution test
WARNING: program timed out.
FAIL: 27_io/basic_istream/getline/char/5.cc execution test
WARNING: program timed out.
FAIL: 27_io/basic_istream/ignore/char/2.cc execution test
WARNING: program timed out.
FAIL: 27_io/basic_stringbuf/overflow/char/1.cc execution test
WARNING: program timed out.
FAIL: 27_io/basic_stringbuf/setbuf/char/4.cc execution test
FAIL: 27_io/ios_base/sync_with_stdio/1.cc execution test
FAIL: 27_io/objects/char/10.cc execution test
FAIL: ext/rope/3.cc execution test
XPASS: ext/stdio_filebuf/char/10063-2.cc execution test
XPASS: ext/stdio_filebuf/char/10063-3.cc execution test
WARNING: program timed out.
WARNING: program timed out.
FAIL: tr1/6_containers/unordered/hashtable/26132.cc execution test
=== libstdc++ Summary for arm-sim ===
# of expected passes 2676
# of unexpected failures 17
# of unexpected successes 2
# of expected failures 15
# of unsupported tests 150
Running target arm-sim/-mthumb
WARNING: program timed out.
FAIL: 21_strings/basic_string/append/char/3.cc execution test
WARNING: program timed out.
FAIL: 21_strings/basic_string/capacity/char/18654.cc execution test
WARNING: program timed out.
FAIL: 21_strings/basic_string/cons/char/6.cc execution test
WARNING: program timed out.
FAIL: 21_strings/basic_string/inserters_extractors/char/10.cc execution test
WARNING: program timed out.
FAIL: 21_strings/basic_string/inserters_extractors/char/11.cc execution test
WARNING: program timed out.
FAIL: 22_locale/money_put/put/char/12971.cc execution test
FAIL: 22_locale/money_put/put/char/5.cc execution test
WARNING: program timed out.
FAIL: 22_locale/money_put/put/char/6.cc execution test
FAIL: 22_locale/num_put/put/char/4.cc execution test
FAIL: 23_containers/set/modifiers/16728.cc execution test
FAIL: 26_numerics/cmath/c99_classification_macros_c.cc (test for excess errors)
FAIL: 27_io/basic_istream/extractors_arithmetic/char/12.cc execution test
WARNING: program timed out.
FAIL: 27_io/basic_istream/extractors_character/char/4.cc execution test
WARNING: program timed out.
FAIL: 27_io/basic_istream/getline/char/5.cc execution test
WARNING: program timed out.
FAIL: 27_io/basic_istream/ignore/char/2.cc execution test
WARNING: program timed out.
FAIL: 27_io/basic_stringbuf/overflow/char/1.cc execution test
WARNING: program timed out.
FAIL: 27_io/basic_stringbuf/setbuf/char/4.cc execution test
FAIL: 27_io/ios_base/sync_with_stdio/1.cc execution test
FAIL: 27_io/objects/char/10.cc execution test
FAIL: ext/rope/3.cc execution test
XPASS: ext/stdio_filebuf/char/10063-2.cc execution test
XPASS: ext/stdio_filebuf/char/10063-3.cc execution test
WARNING: program timed out.
FAIL: tr1/6_containers/unordered/hashtable/26132.cc execution test
=== libstdc++ Summary for arm-sim/-mthumb ===
# of expected passes 2672
# of unexpected failures 21
# of unexpected successes 2
# of expected failures 15
# of unsupported tests 150
=== libstdc++ Summary ===
# of expected passes 5348
# of unexpected failures 38
# of unexpected successes 4
# of expected failures 30
# of unsupported tests 300
Compiler version: 4.2.0 20060224 (experimental)
Platform: arm-none-eabi
configure flags: --disable-nls --build=i686-pc-linux-gnu --host=i686-pc-linux-gnu --target=arm-none-eabi --enable-shared --enable-threads --disable-libmudflap --disable-libssp --disable-libgomp --disable-libstdcxx-pch --with-gnu-as --with-gnu-ld --prefix=/scratch/gcc/nightly-2006-02-24-mainline/arm-none-eabi/build_gcc/install --with-newlib --with-sysroot=/scratch/gcc/nightly-2006-02-24-mainline/arm-none-eabi/build_gcc/install/arm-none-eabi --with-build-sysroot=/scratch/gcc/nightly-2006-02-24-mainline/arm-none-eabi/build_gcc/install/arm-none-eabi --enable-languages=c,c++
More information about the Gcc-testresults
mailing list