Results for 4.2.0 20060224 (experimental) testsuite on mips-sgi-irix6.5
David Billinghurst
David.Billinghurst@riotinto.com
Fri Feb 24 06:28:00 GMT 2006
This run on SGI Origin 300 cru300 running IRIX 6.5.22m
Bootstrap compiler gcc (GCC) 3.3.1
Using as from GNU binutils-2.16 with -mabi=32 multilib disabled
dejagnu version:
Expect version is 5.40.0
Tcl version is 8.4
Framework version is 1.4.4
LAST_UPDATED: Fri Feb 24 01:04:59 UTC 2006 (revision 111408)
Native configuration is mips-sgi-irix6.5
=== gcc tests ===
Running target unix
WARNING: program timed out.
FAIL: gcc.c-torture/compile/20001226-1.c -O2 (test for excess errors)
WARNING: program timed out.
FAIL: gcc.c-torture/compile/20001226-1.c -O3 -fomit-frame-pointer (test
for excess errors)
WARNING: program timed out.
FAIL: gcc.c-torture/compile/20001226-1.c -O3 -g (test for excess errors)
WARNING: program timed out.
FAIL: gcc.c-torture/compile/20001226-1.c -Os (test for excess errors)
FAIL: gcc.dg/attr-weakref-1.c (test for excess errors)
WARNING: gcc.dg/attr-weakref-1.c compilation failed to produce executable
FAIL: gcc.dg/single-precision-constant.c (test for excess errors)
WARNING: gcc.dg/single-precision-constant.c compilation failed to produce
executable
FAIL: gcc.dg/tls/opt-2.c (test for excess errors)
FAIL: gcc.dg/tree-ssa/20030730-1.c scan-tree-dump-times if 0
FAIL: gcc.dg/tree-ssa/20030730-2.c scan-tree-dump-times if 0
FAIL: gcc.dg/tree-ssa/20030807-2.c scan-tree-dump-times if 0
XPASS: gcc.dg/tree-ssa/20040204-1.c scan-tree-dump-times link_error 0
FAIL: gcc.target/mips/mips16e-extends.c scan-assembler seb
=== gcc Summary for unix ===
# of expected passes 37589
# of unexpected failures 11
# of unexpected successes 1
# of expected failures 72
# of untested testcases 28
# of unsupported tests 350
Running target unix/-mabi=64
WARNING: program timed out.
FAIL: gcc.c-torture/compile/20001226-1.c -O2 (test for excess errors)
WARNING: program timed out.
FAIL: gcc.c-torture/compile/20001226-1.c -O3 -fomit-frame-pointer (test
for excess errors)
WARNING: program timed out.
FAIL: gcc.c-torture/compile/20001226-1.c -O3 -g (test for excess errors)
WARNING: program timed out.
FAIL: gcc.c-torture/compile/20001226-1.c -Os (test for excess errors)
FAIL: gcc.dg/attr-weakref-1.c (test for excess errors)
WARNING: gcc.dg/attr-weakref-1.c compilation failed to produce executable
FAIL: gcc.dg/single-precision-constant.c (test for excess errors)
WARNING: gcc.dg/single-precision-constant.c compilation failed to produce
executable
FAIL: gcc.dg/tls/opt-2.c (test for excess errors)
FAIL: gcc.dg/tree-ssa/20030730-1.c scan-tree-dump-times if 0
FAIL: gcc.dg/tree-ssa/20030730-2.c scan-tree-dump-times if 0
FAIL: gcc.dg/tree-ssa/20030807-2.c scan-tree-dump-times if 0
XPASS: gcc.dg/tree-ssa/20040204-1.c scan-tree-dump-times link_error 0
=== gcc Summary for unix/-mabi=64 ===
# of expected passes 37483
# of unexpected failures 10
# of unexpected successes 1
# of expected failures 72
# of untested testcases 28
# of unsupported tests 356
=== gcc Summary ===
# of expected passes 75072
# of unexpected failures 21
# of unexpected successes 2
# of expected failures 144
# of untested testcases 56
# of unsupported tests 706
/disk4/billingd/obj/gcc/gcc/xgcc version 4.2.0 20060224 (experimental)
=== gfortran tests ===
Running target unix
FAIL: gfortran.dg/csqrt_2.f -O3 -fomit-frame-pointer -funroll-loops
execution test
FAIL:
gfortran.dg/csqrt_2.f -O3 -fomit-frame-pointer -funroll-all-loops -finlin
e-functions execution test
WARNING: program timed out.
FAIL:
gfortran.dg/large_real_kind_2.F90 -O3 -fomit-frame-pointer -funroll-loops
(test for excess errors)
WARNING:
gfortran.dg/large_real_kind_2.F90 -O3 -fomit-frame-pointer -funroll-loops
compilation failed to produce executable
WARNING: program timed out.
FAIL:
gfortran.dg/large_real_kind_2.F90 -O3 -fomit-frame-pointer -funroll-all-l
oops -finline-functions (test for excess errors)
WARNING:
gfortran.dg/large_real_kind_2.F90 -O3 -fomit-frame-pointer -funroll-all-l
oops -finline-functions compilation failed to produce executable
FAIL: gfortran.dg/large_real_kind_form_io_2.f90 -O0 execution test
FAIL: gfortran.dg/large_real_kind_form_io_2.f90 -O1 execution test
FAIL: gfortran.dg/large_real_kind_form_io_2.f90 -O2 execution test
FAIL: gfortran.dg/large_real_kind_form_io_2.f90 -O3 -fomit-frame-pointer
execution test
FAIL:
gfortran.dg/large_real_kind_form_io_2.f90 -O3 -fomit-frame-pointer -funro
ll-loops execution test
FAIL:
gfortran.dg/large_real_kind_form_io_2.f90 -O3 -fomit-frame-pointer -funro
ll-all-loops -finline-functions execution test
FAIL: gfortran.dg/large_real_kind_form_io_2.f90 -O3 -g execution test
FAIL: gfortran.dg/large_real_kind_form_io_2.f90 -Os execution test
FAIL: gfortran.dg/gomp/appendix-a/a.1.1.f90 -O (test for excess errors)
FAIL: gfortran.dg/gomp/appendix-a/a.11.1.f90 -O (test for excess errors)
FAIL: gfortran.dg/gomp/appendix-a/a.11.2.f90 -O (test for excess errors)
FAIL: gfortran.dg/gomp/appendix-a/a.11.3.f90 -O (test for excess errors)
FAIL: gfortran.dg/gomp/appendix-a/a.11.4.f90 -O (test for excess errors)
FAIL: gfortran.dg/gomp/appendix-a/a.11.5.f90 -O (test for excess errors)
FAIL: gfortran.dg/gomp/appendix-a/a.11.6.f90 -O (test for excess errors)
FAIL: gfortran.dg/gomp/appendix-a/a.11.7.f90 -O (test for excess errors)
FAIL: gfortran.dg/gomp/appendix-a/a.12.1.f90 -O (test for excess errors)
FAIL: gfortran.dg/gomp/appendix-a/a.13.1.f90 -O (test for excess errors)
FAIL: gfortran.dg/gomp/appendix-a/a.14.1.f90 -O (test for excess errors)
FAIL: gfortran.dg/gomp/appendix-a/a.17.1.f90 -O (test for excess errors)
FAIL: gfortran.dg/gomp/appendix-a/a.17.2.f90 -O (test for excess errors)
FAIL: gfortran.dg/gomp/appendix-a/a.17.3.f90 -O (test for excess errors)
FAIL: gfortran.dg/gomp/appendix-a/a.21.2.f90 -O (test for excess errors)
FAIL: gfortran.dg/gomp/appendix-a/a.21.3.f90 -O (test for excess errors)
FAIL: gfortran.dg/gomp/appendix-a/a.22.1.f90 -O (test for excess errors)
FAIL: gfortran.dg/gomp/appendix-a/a.22.4.f90 -O (test for excess errors)
FAIL: gfortran.dg/gomp/appendix-a/a.22.5.f90 -O (test for excess errors)
FAIL: gfortran.dg/gomp/appendix-a/a.22.6.f90 -O (test for excess errors)
FAIL: gfortran.dg/gomp/appendix-a/a.23.1.f90 -O (test for excess errors)
FAIL: gfortran.dg/gomp/appendix-a/a.23.2.f90 -O (test for excess errors)
FAIL: gfortran.dg/gomp/appendix-a/a.23.3.f90 -O (test for excess errors)
FAIL: gfortran.dg/gomp/appendix-a/a.23.4.f90 -O (test for excess errors)
FAIL: gfortran.dg/gomp/appendix-a/a.23.5.f90 -O (test for excess errors)
FAIL: gfortran.dg/gomp/appendix-a/a.24.1.f90 -O (test for excess errors)
FAIL: gfortran.dg/gomp/appendix-a/a.25.1.f90 -O (test for excess errors)
FAIL: gfortran.dg/gomp/appendix-a/a.26.2.f90 -O (test for excess errors)
FAIL: gfortran.dg/gomp/appendix-a/a.27.1.f90 -O (test for excess errors)
FAIL: gfortran.dg/gomp/appendix-a/a.30.1.f90 -O (test for excess errors)
FAIL: gfortran.dg/gomp/appendix-a/a.31.1.f90 -O (test for excess errors)
FAIL: gfortran.dg/gomp/appendix-a/a.31.2.f90 -O (test for excess errors)
FAIL: gfortran.dg/gomp/appendix-a/a.31.3.f90 -O (test for excess errors)
FAIL: gfortran.dg/gomp/appendix-a/a.32.1.f90 -O (test for excess errors)
FAIL: gfortran.dg/gomp/appendix-a/a.33.1.f90 -O (test for excess errors)
FAIL: gfortran.dg/gomp/appendix-a/a.33.2.f90 -O (test for excess errors)
FAIL: gfortran.dg/gomp/appendix-a/a.33.4.f90 -O (test for excess errors)
FAIL: gfortran.dg/gomp/appendix-a/a.34.1.f90 -O (test for excess errors)
FAIL: gfortran.dg/gomp/appendix-a/a.34.2.f90 -O (test for excess errors)
FAIL: gfortran.dg/gomp/appendix-a/a.35.1.f90 -O (test for excess errors)
FAIL: gfortran.dg/gomp/appendix-a/a.35.2.f90 -O (test for excess errors)
FAIL: gfortran.dg/gomp/appendix-a/a.35.3.f90 -O (test for excess errors)
FAIL: gfortran.dg/gomp/appendix-a/a.35.4.f90 -O (test for excess errors)
FAIL: gfortran.dg/gomp/appendix-a/a.35.5.f90 -O (test for excess errors)
FAIL: gfortran.dg/gomp/appendix-a/a.35.6.f90 -O (test for excess errors)
FAIL: gfortran.dg/gomp/appendix-a/a.36.1.f90 -O (test for excess errors)
FAIL: gfortran.dg/gomp/appendix-a/a.37.1.f90 -O (test for excess errors)
FAIL: gfortran.dg/gomp/appendix-a/a.37.2.f90 -O (test for excess errors)
FAIL: gfortran.dg/gomp/appendix-a/a.6.1.f90 -O (test for excess errors)
FAIL: gfortran.dg/gomp/appendix-a/a.6.2.f90 -O (test for excess errors)
FAIL: gfortran.dg/gomp/appendix-a/a.7.1.f90 -O (test for excess errors)
FAIL: gfortran.dg/gomp/appendix-a/a.7.2.f90 -O (test for excess errors)
FAIL: gfortran.dg/gomp/appendix-a/a.8.1.f90 -O (test for excess errors)
FAIL: gfortran.dg/gomp/appendix-a/a.9.1.f90 -O (test for excess errors)
FAIL: gfortran.dg/gomp/block-1.f90 -O (test for excess errors)
FAIL: gfortran.dg/gomp/crayptr1.f90 -O (test for excess errors)
FAIL: gfortran.dg/gomp/crayptr2.f90 -O (test for excess errors)
FAIL: gfortran.dg/gomp/crayptr3.f90 -O (test for excess errors)
FAIL: gfortran.dg/gomp/crayptr4.f90 -O (test for excess errors)
FAIL: gfortran.dg/gomp/do-1.f90 -O (test for excess errors)
FAIL: gfortran.dg/gomp/fixed-1.f -O (test for excess errors)
FAIL: gfortran.dg/gomp/free-1.f90 -O (test for excess errors)
FAIL: gfortran.dg/gomp/omp_atomic1.f90 -O (test for excess errors)
FAIL: gfortran.dg/gomp/omp_clauses1.f90 -O (test for excess errors)
FAIL: gfortran.dg/gomp/omp_do1.f90 -O (test for excess errors)
FAIL: gfortran.dg/gomp/omp_threadprivate1.f90 -O (test for excess
errors)
FAIL: gfortran.dg/gomp/omp_threadprivate2.f90 -O (test for excess
errors)
FAIL: gfortran.dg/gomp/pr26224.f -O (test for excess errors)
FAIL: gfortran.dg/gomp/reduction1.f90 -O (test for excess errors)
FAIL: gfortran.dg/gomp/reduction2.f90 -O (test for excess errors)
FAIL: gfortran.dg/gomp/reduction3.f90 -O (test for excess errors)
FAIL: gfortran.dg/gomp/sharing-1.f90 -O (test for excess errors)
FAIL: gfortran.dg/gomp/sharing-2.f90 -O (test for excess errors)
FAIL: gfortran.dg/gomp/workshare1.f90 -O (test for excess errors)
FAIL: gfortran.fortran-torture/execute/intrinsic_abs.f90 execution, -O0
FAIL: gfortran.fortran-torture/execute/intrinsic_abs.f90 execution, -O1
FAIL: gfortran.fortran-torture/execute/intrinsic_abs.f90 execution, -O2
FAIL: gfortran.fortran-torture/execute/intrinsic_abs.f90
execution, -O3 -fomit-frame-pointer
FAIL: gfortran.fortran-torture/execute/intrinsic_abs.f90
execution, -O3 -fomit-frame-pointer -funroll-loops
FAIL: gfortran.fortran-torture/execute/intrinsic_abs.f90
execution, -O3 -fomit-frame-pointer -funroll-all-loops -finline-functions
FAIL: gfortran.fortran-torture/execute/intrinsic_abs.f90
execution, -O3 -g
FAIL: gfortran.fortran-torture/execute/intrinsic_abs.f90 execution, -Os
=== gfortran Summary for unix ===
# of expected passes 11875
# of unexpected failures 94
# of expected failures 14
# of unsupported tests 26
Running target unix/-mabi=64
FAIL: gfortran.dg/csqrt_2.f -O3 -fomit-frame-pointer -funroll-loops
execution test
FAIL:
gfortran.dg/csqrt_2.f -O3 -fomit-frame-pointer -funroll-all-loops -finlin
e-functions execution test
WARNING: program timed out.
FAIL:
gfortran.dg/large_real_kind_2.F90 -O3 -fomit-frame-pointer -funroll-loops
(test for excess errors)
WARNING:
gfortran.dg/large_real_kind_2.F90 -O3 -fomit-frame-pointer -funroll-loops
compilation failed to produce executable
WARNING: program timed out.
FAIL:
gfortran.dg/large_real_kind_2.F90 -O3 -fomit-frame-pointer -funroll-all-l
oops -finline-functions (test for excess errors)
WARNING:
gfortran.dg/large_real_kind_2.F90 -O3 -fomit-frame-pointer -funroll-all-l
oops -finline-functions compilation failed to produce executable
FAIL: gfortran.dg/large_real_kind_form_io_2.f90 -O0 execution test
FAIL: gfortran.dg/large_real_kind_form_io_2.f90 -O1 execution test
FAIL: gfortran.dg/large_real_kind_form_io_2.f90 -O2 execution test
FAIL: gfortran.dg/large_real_kind_form_io_2.f90 -O3 -fomit-frame-pointer
execution test
FAIL:
gfortran.dg/large_real_kind_form_io_2.f90 -O3 -fomit-frame-pointer -funro
ll-loops execution test
FAIL:
gfortran.dg/large_real_kind_form_io_2.f90 -O3 -fomit-frame-pointer -funro
ll-all-loops -finline-functions execution test
FAIL: gfortran.dg/large_real_kind_form_io_2.f90 -O3 -g execution test
FAIL: gfortran.dg/large_real_kind_form_io_2.f90 -Os execution test
FAIL: gfortran.dg/g77/20010610.f -O3 -fomit-frame-pointer -funroll-loops
(test for excess errors)
WARNING:
gfortran.dg/g77/20010610.f -O3 -fomit-frame-pointer -funroll-loops
compilation failed to produce executable
FAIL:
gfortran.dg/g77/20010610.f -O3 -fomit-frame-pointer -funroll-all-loops -f
inline-functions (test for excess errors)
WARNING:
gfortran.dg/g77/20010610.f -O3 -fomit-frame-pointer -funroll-all-loops -f
inline-functions compilation failed to produce executable
FAIL: gfortran.dg/gomp/appendix-a/a.1.1.f90 -O (test for excess errors)
FAIL: gfortran.dg/gomp/appendix-a/a.11.1.f90 -O (test for excess errors)
FAIL: gfortran.dg/gomp/appendix-a/a.11.2.f90 -O (test for excess errors)
FAIL: gfortran.dg/gomp/appendix-a/a.11.3.f90 -O (test for excess errors)
FAIL: gfortran.dg/gomp/appendix-a/a.11.4.f90 -O (test for excess errors)
FAIL: gfortran.dg/gomp/appendix-a/a.11.5.f90 -O (test for excess errors)
FAIL: gfortran.dg/gomp/appendix-a/a.11.6.f90 -O (test for excess errors)
FAIL: gfortran.dg/gomp/appendix-a/a.11.7.f90 -O (test for excess errors)
FAIL: gfortran.dg/gomp/appendix-a/a.12.1.f90 -O (test for excess errors)
FAIL: gfortran.dg/gomp/appendix-a/a.13.1.f90 -O (test for excess errors)
FAIL: gfortran.dg/gomp/appendix-a/a.14.1.f90 -O (test for excess errors)
FAIL: gfortran.dg/gomp/appendix-a/a.17.1.f90 -O (test for excess errors)
FAIL: gfortran.dg/gomp/appendix-a/a.17.2.f90 -O (test for excess errors)
FAIL: gfortran.dg/gomp/appendix-a/a.17.3.f90 -O (test for excess errors)
FAIL: gfortran.dg/gomp/appendix-a/a.21.2.f90 -O (test for excess errors)
FAIL: gfortran.dg/gomp/appendix-a/a.21.3.f90 -O (test for excess errors)
FAIL: gfortran.dg/gomp/appendix-a/a.22.1.f90 -O (test for excess errors)
FAIL: gfortran.dg/gomp/appendix-a/a.22.4.f90 -O (test for excess errors)
FAIL: gfortran.dg/gomp/appendix-a/a.22.5.f90 -O (test for excess errors)
FAIL: gfortran.dg/gomp/appendix-a/a.22.6.f90 -O (test for excess errors)
FAIL: gfortran.dg/gomp/appendix-a/a.23.1.f90 -O (test for excess errors)
FAIL: gfortran.dg/gomp/appendix-a/a.23.2.f90 -O (test for excess errors)
FAIL: gfortran.dg/gomp/appendix-a/a.23.3.f90 -O (test for excess errors)
FAIL: gfortran.dg/gomp/appendix-a/a.23.4.f90 -O (test for excess errors)
FAIL: gfortran.dg/gomp/appendix-a/a.23.5.f90 -O (test for excess errors)
FAIL: gfortran.dg/gomp/appendix-a/a.24.1.f90 -O (test for excess errors)
FAIL: gfortran.dg/gomp/appendix-a/a.25.1.f90 -O (test for excess errors)
FAIL: gfortran.dg/gomp/appendix-a/a.26.2.f90 -O (test for excess errors)
FAIL: gfortran.dg/gomp/appendix-a/a.27.1.f90 -O (test for excess errors)
FAIL: gfortran.dg/gomp/appendix-a/a.30.1.f90 -O (test for excess errors)
FAIL: gfortran.dg/gomp/appendix-a/a.31.1.f90 -O (test for excess errors)
FAIL: gfortran.dg/gomp/appendix-a/a.31.2.f90 -O (test for excess errors)
FAIL: gfortran.dg/gomp/appendix-a/a.31.3.f90 -O (test for excess errors)
FAIL: gfortran.dg/gomp/appendix-a/a.32.1.f90 -O (test for excess errors)
FAIL: gfortran.dg/gomp/appendix-a/a.33.1.f90 -O (test for excess errors)
FAIL: gfortran.dg/gomp/appendix-a/a.33.2.f90 -O (test for excess errors)
FAIL: gfortran.dg/gomp/appendix-a/a.33.4.f90 -O (test for excess errors)
FAIL: gfortran.dg/gomp/appendix-a/a.34.1.f90 -O (test for excess errors)
FAIL: gfortran.dg/gomp/appendix-a/a.34.2.f90 -O (test for excess errors)
FAIL: gfortran.dg/gomp/appendix-a/a.35.1.f90 -O (test for excess errors)
FAIL: gfortran.dg/gomp/appendix-a/a.35.2.f90 -O (test for excess errors)
FAIL: gfortran.dg/gomp/appendix-a/a.35.3.f90 -O (test for excess errors)
FAIL: gfortran.dg/gomp/appendix-a/a.35.4.f90 -O (test for excess errors)
FAIL: gfortran.dg/gomp/appendix-a/a.35.5.f90 -O (test for excess errors)
FAIL: gfortran.dg/gomp/appendix-a/a.35.6.f90 -O (test for excess errors)
FAIL: gfortran.dg/gomp/appendix-a/a.36.1.f90 -O (test for excess errors)
FAIL: gfortran.dg/gomp/appendix-a/a.37.1.f90 -O (test for excess errors)
FAIL: gfortran.dg/gomp/appendix-a/a.37.2.f90 -O (test for excess errors)
FAIL: gfortran.dg/gomp/appendix-a/a.6.1.f90 -O (test for excess errors)
FAIL: gfortran.dg/gomp/appendix-a/a.6.2.f90 -O (test for excess errors)
FAIL: gfortran.dg/gomp/appendix-a/a.7.1.f90 -O (test for excess errors)
FAIL: gfortran.dg/gomp/appendix-a/a.7.2.f90 -O (test for excess errors)
FAIL: gfortran.dg/gomp/appendix-a/a.8.1.f90 -O (test for excess errors)
FAIL: gfortran.dg/gomp/appendix-a/a.9.1.f90 -O (test for excess errors)
FAIL: gfortran.dg/gomp/block-1.f90 -O (test for excess errors)
FAIL: gfortran.dg/gomp/crayptr1.f90 -O (test for excess errors)
FAIL: gfortran.dg/gomp/crayptr2.f90 -O (test for excess errors)
FAIL: gfortran.dg/gomp/crayptr3.f90 -O (test for excess errors)
FAIL: gfortran.dg/gomp/crayptr4.f90 -O (test for excess errors)
FAIL: gfortran.dg/gomp/do-1.f90 -O (test for excess errors)
FAIL: gfortran.dg/gomp/fixed-1.f -O (test for excess errors)
FAIL: gfortran.dg/gomp/free-1.f90 -O (test for excess errors)
FAIL: gfortran.dg/gomp/omp_atomic1.f90 -O (test for excess errors)
FAIL: gfortran.dg/gomp/omp_clauses1.f90 -O (test for excess errors)
FAIL: gfortran.dg/gomp/omp_do1.f90 -O (test for excess errors)
FAIL: gfortran.dg/gomp/omp_threadprivate1.f90 -O (test for excess
errors)
FAIL: gfortran.dg/gomp/omp_threadprivate2.f90 -O (test for excess
errors)
FAIL: gfortran.dg/gomp/pr26224.f -O (test for excess errors)
FAIL: gfortran.dg/gomp/reduction1.f90 -O (test for excess errors)
FAIL: gfortran.dg/gomp/reduction2.f90 -O (test for excess errors)
FAIL: gfortran.dg/gomp/reduction3.f90 -O (test for excess errors)
FAIL: gfortran.dg/gomp/sharing-1.f90 -O (test for excess errors)
FAIL: gfortran.dg/gomp/sharing-2.f90 -O (test for excess errors)
FAIL: gfortran.dg/gomp/workshare1.f90 -O (test for excess errors)
FAIL: gfortran.fortran-torture/execute/intrinsic_abs.f90 execution, -O0
FAIL: gfortran.fortran-torture/execute/intrinsic_abs.f90 execution, -O1
FAIL: gfortran.fortran-torture/execute/intrinsic_abs.f90 execution, -O2
FAIL: gfortran.fortran-torture/execute/intrinsic_abs.f90
execution, -O3 -fomit-frame-pointer
FAIL: gfortran.fortran-torture/execute/intrinsic_abs.f90
execution, -O3 -fomit-frame-pointer -funroll-loops
FAIL: gfortran.fortran-torture/execute/intrinsic_abs.f90
execution, -O3 -fomit-frame-pointer -funroll-all-loops -finline-functions
FAIL: gfortran.fortran-torture/execute/intrinsic_abs.f90
execution, -O3 -g
FAIL: gfortran.fortran-torture/execute/intrinsic_abs.f90 execution, -Os
=== gfortran Summary for unix/-mabi=64 ===
# of expected passes 11871
# of unexpected failures 96
# of expected failures 14
# of unsupported tests 26
=== gfortran Summary ===
# of expected passes 23746
# of unexpected failures 190
# of expected failures 28
# of unsupported tests 52
/disk4/billingd/obj/gcc/gcc/testsuite/gfortran/../../gfortran version
4.2.0 20060224 (experimental)
Compiler version: 4.2.0 20060224 (experimental)
Platform: mips-sgi-irix6.5
configure
flags: --enable-shared --enable-threads=single --with-gnu-as --with-as=/di
sk4/billingd/tmp/binutils-2.16/bin/as --with-gmp=/usr/local --disable-nls
--disable-libmudflap --disable-libgomp --disable-libjava --prefix=/disk4/b
illingd/tmp/gcc --enable-languages=c,fortran
Counting all warnings,
there are 0 warnings in stage3 of this bootstrap.
Number of warnings per file:
Number of warning types:
NOTICE
This e-mail and any attachments are private and confidential and may
contain privileged information. If you are not an authorised recipient,
the copying or distribution of this e-mail and any attachments is
prohibited and you must not read, print or act in reliance on this e-mail
or attachments.
This notice should not be removed.
More information about the Gcc-testresults
mailing list