Results for 4.2.0 20060218 (experimental) testsuite on powerpc-unknown-linux-gnu
Matthias Klose
doko@debian.org
Thu Feb 23 00:55:00 GMT 2006
LAST_UPDATED: Sat Feb 18 10:19:00 UTC 2006 (revision 111234)
Native configuration is powerpc-unknown-linux-gnu
=== g++ tests ===
Running target unix
FAIL: g++.dg/init/ctor4.C (test for excess errors)
FAIL: g++.dg/parse/register1.C (test for excess errors)
FAIL: g++.old-deja/g++.brendan/warnings4.C (test for excess errors)
FAIL: g++.old-deja/g++.jason/overload34.C (test for excess errors)
FAIL: g++.old-deja/g++.mike/p11110.C (test for excess errors)
=== g++ Summary ===
# of expected passes 12079
# of unexpected failures 5
# of expected failures 65
# of unsupported tests 92
/build/buildd/gcc-snapshot-20060218/build/gcc/testsuite/g++/../../g++ version 4.2.0 20060218 (experimental)
=== gcc tests ===
Running target unix
WARNING: program timed out.
FAIL: gcc.c-torture/compile/20001226-1.c -O2 (test for excess errors)
WARNING: program timed out.
FAIL: gcc.c-torture/compile/20001226-1.c -O3 -fomit-frame-pointer (test for excess errors)
WARNING: program timed out.
FAIL: gcc.c-torture/compile/20001226-1.c -O3 -g (test for excess errors)
WARNING: program timed out.
FAIL: gcc.c-torture/compile/20001226-1.c -Os (test for excess errors)
FAIL: gcc.dg/20020103-1.c scan-assembler-not LC[0-9]
FAIL: gcc.dg/cleanup-10.c execution test
FAIL: gcc.dg/cleanup-11.c execution test
FAIL: gcc.dg/cleanup-8.c execution test
FAIL: gcc.dg/cleanup-9.c execution test
FAIL: gcc.dg/tree-ssa/20030730-1.c scan-tree-dump-times if 0
FAIL: gcc.dg/tree-ssa/20030730-2.c scan-tree-dump-times if 0
FAIL: gcc.dg/tree-ssa/20030807-2.c scan-tree-dump-times if 0
FAIL: gcc.dg/vect/pr20122.c scan-tree-dump-times vectorized 1 loops 2
FAIL: gcc.target/powerpc/pr18096-1.c stack frame too large (test for warnings, line 11)
FAIL: gcc.target/powerpc/pr18096-1.c (test for excess errors)
=== gcc Summary ===
# of expected passes 39833
# of unexpected failures 15
# of expected failures 110
# of untested testcases 28
# of unsupported tests 359
/build/buildd/gcc-snapshot-20060218/build/gcc/xgcc version 4.2.0 20060218 (experimental)
=== gfortran tests ===
Running target unix
=== gfortran Summary ===
# of expected passes 11704
# of expected failures 17
# of unsupported tests 74
/build/buildd/gcc-snapshot-20060218/build/gcc/testsuite/gfortran/../../gfortran version 4.2.0 20060218 (experimental)
=== obj-c++ tests ===
Running target unix
FAIL: obj-c++.dg/comp-types-10.mm (test for excess errors)
FAIL: obj-c++.dg/cxx-ivars-2.mm execution test
FAIL: obj-c++.dg/encode-3.mm (test for excess errors)
FAIL: obj-c++.dg/encode-8.mm execution test
FAIL: obj-c++.dg/isa-field-1.mm (test for excess errors)
FAIL: obj-c++.dg/lookup-2.mm (test for excess errors)
WARNING: obj-c++.dg/lookup-2.mm compilation failed to produce executable
FAIL: obj-c++.dg/try-catch-2.mm (test for excess errors)
WARNING: obj-c++.dg/try-catch-2.mm compilation failed to produce executable
FAIL: obj-c++.dg/try-catch-9.mm (test for excess errors)
WARNING: obj-c++.dg/try-catch-9.mm compilation failed to produce executable
=== obj-c++ Summary ===
# of expected passes 421
# of unexpected failures 8
# of unsupported tests 13
/build/buildd/gcc-snapshot-20060218/build/gcc/testsuite/obj-c++/../../g++ version 4.2.0 20060218 (experimental)
=== objc tests ===
Running target unix
=== objc Summary ===
# of expected passes 1747
# of expected failures 7
# of unsupported tests 23
/build/buildd/gcc-snapshot-20060218/build/gcc/xgcc version 4.2.0 20060218 (experimental)
=== treelang tests ===
Running target unix
=== treelang Summary ===
# of expected passes 50
=== libffi tests ===
Running target unix
=== libffi Summary ===
# of expected passes 266
# of unsupported tests 2
=== libgomp tests ===
Running target unix
=== libgomp Summary ===
# of expected passes 1071
=== libjava tests ===
Running target unix
=== libjava Summary ===
# of expected passes 4047
# of expected failures 10
# of untested testcases 8
=== libmudflap tests ===
Running target unix
=== libmudflap Summary ===
# of expected passes 1789
=== libstdc++ tests ===
Running target unix
FAIL: 25_algorithms/prev_permutation/1.cc execution test
XPASS: 26_numerics/cmath/c99_classification_macros_c.cc (test for excess errors)
=== libstdc++ Summary ===
# of expected passes 3508
# of unexpected failures 1
# of unexpected successes 1
# of expected failures 12
# of unsupported tests 315
Compiler version: 4.2.0 20060218 (experimental)
Platform: powerpc-unknown-linux-gnu
configure flags: -v --prefix=/usr/lib/gcc-snapshot --enable-shared --with-system-zlib --disable-nls --enable-__cxa_atexit --enable-clocale=gnu --enable-libstdcxx-debug --enable-java-awt=gtk --enable-gtk-cairo --with-java-home=/usr/lib/gcc-snapshot/jre --enable-mpfr --disable-multilib --disable-werror powerpc-linux-gnu --enable-languages=c,c++,fortran,java,objc,obj-c++,treelang
BOOT_CFLAGS=-O2
Build Dependencies:
Desired=Unknown/Install/Remove/Purge/Hold
| Status=Not/Installed/Config-files/Unpacked/Failed-config/Half-installed
|/ Err?=(none)/Hold/Reinst-required/X=both-problems (Status,Err: uppercase=bad)
||/ Name Version Description
+++-==============-===================-==============================================
ii binutils 2.16.1cvs20060117-1 The GNU assembler, linker and binary utilities
Patches that Debian applied in this version:
cpu-default-i486:
set default 32bit ix86 architecture to i486
Counting all warnings,
there are 0 warnings in stage3 of this bootstrap.
Number of warnings per file:
Number of warning types:
More information about the Gcc-testresults
mailing list