Results for 4.2.0 20060219 (experimental) testsuite on hppa64-hp-hpux11.11
CodeSourcery Automatic Testing System
gcc@codesourcery.com
Sun Feb 19 19:59:00 GMT 2006
LAST_UPDATED: Sun Feb 19 08:12:39 UTC 2006 (revision 111265)
Native configuration is hppa64-hp-hpux11.11
=== g++ tests ===
Running target unix
FAIL: g++.dg/init/ctor4.C (test for excess errors)
FAIL: g++.dg/opt/inline4.C (test for excess errors)
FAIL: g++.dg/parse/register1.C (test for excess errors)
FAIL: g++.old-deja/g++.brendan/warnings4.C (test for excess errors)
FAIL: g++.old-deja/g++.jason/overload34.C (test for excess errors)
FAIL: g++.old-deja/g++.mike/p11110.C (test for excess errors)
=== g++ Summary ===
# of expected passes 11333
# of unexpected failures 6
# of expected failures 66
# of unsupported tests 131
/scratch/gcc/nightly-2006-02-19-mainline/hppa64-hp-hpux11.11/build_gcc/install/bin/c++ version 4.2.0 20060219 (experimental)
=== gcc tests ===
Running target unix
WARNING: program timed out.
FAIL: gcc.c-torture/compile/20001226-1.c -O2 (test for excess errors)
WARNING: program timed out.
FAIL: gcc.c-torture/compile/20001226-1.c -O3 -fomit-frame-pointer (test for excess errors)
WARNING: program timed out.
FAIL: gcc.c-torture/compile/20001226-1.c -O3 -g (test for excess errors)
WARNING: program timed out.
FAIL: gcc.c-torture/compile/20001226-1.c -Os (test for excess errors)
FAIL: gcc.dg/20020425-1.c (test for excess errors)
XPASS: gcc.dg/funcorder.c scan-assembler-not link_error,%r
FAIL: gcc.dg/torture/asm-subreg-1.c -O1 (test for excess errors)
FAIL: gcc.dg/tree-ssa/20030730-1.c scan-tree-dump-times if 0
FAIL: gcc.dg/tree-ssa/20030730-2.c scan-tree-dump-times if 0
FAIL: gcc.dg/tree-ssa/20030807-2.c scan-tree-dump-times if 0
FAIL: gcc.dg/tree-ssa/complex-3.c scan-tree-dump-times __complex__ 0
ERROR: gcc.dg/tree-ssa/complex-3.c: error executing dg-final: no files matched glob pattern "complex-3.c.[0-9][0-9][0-9]t.optimized"
UNRESOLVED: gcc.dg/tree-ssa/complex-3.c: error executing dg-final: no files matched glob pattern "complex-3.c.[0-9][0-9][0-9]t.optimized"
=== gcc Summary ===
# of expected passes 37018
# of unexpected failures 10
# of unexpected successes 1
# of expected failures 80
# of unresolved testcases 1
# of untested testcases 28
# of unsupported tests 407
/scratch/gcc/nightly-2006-02-19-mainline/hppa64-hp-hpux11.11/build_gcc/install/bin/gcc version 4.2.0 20060219 (experimental)
=== libstdc++ tests ===
Running target unix
FAIL: 26_numerics/cmath/c99_classification_macros_c.cc (test for excess errors)
=== libstdc++ Summary ===
# of expected passes 2720
# of unexpected failures 1
# of expected failures 10
# of unsupported tests 159
Compiler version: 4.2.0 20060219 (experimental)
Platform: hppa64-hp-hpux11.11
configure flags: --disable-nls --build=hppa64-hp-hpux11.11 --host=hppa64-hp-hpux11.11 --target=hppa64-hp-hpux11.11 --enable-shared --enable-threads --disable-libmudflap --disable-libssp --disable-libgomp --disable-libstdcxx-pch --with-gnu-as --with-as=/scratch/gcc/nightly-2006-02-19-mainline/hppa64-hp-hpux11.11/build_gcc/install/bin/as --without-gnu-ld --with-ld=/usr/ccs/bin/ld --prefix=/scratch/gcc/nightly-2006-02-19-mainline/hppa64-hp-hpux11.11/build_gcc/install --enable-languages=c,c++
More information about the Gcc-testresults
mailing list