Results for 4.1.0 20060217 (prerelease) testsuite on hppa64-hp-hpux11.00
John David Anglin
dave@hiauly2.hia.nrc.ca
Sun Feb 19 02:37:00 GMT 2006
LAST_UPDATED: Fri Feb 17 22:48:48 UTC 2006 (revision 111214M)
Native configuration is hppa64-hp-hpux11.00
=== g++ tests ===
Running target unix
XPASS: g++.dg/tree-ssa/pr14814.C scan-tree-dump-times &this 0
=== g++ Summary ===
# of expected passes 11297
# of unexpected successes 1
# of expected failures 67
# of unsupported tests 130
/home/gnu/gcc-3.4/objdir/gcc/testsuite/../g++ version 4.1.0 20060217 (prerelease)
=== gcc tests ===
Running target unix
WARNING: program timed out.
FAIL: gcc.c-torture/compile/20001226-1.c -O1 (test for excess errors)
WARNING: program timed out.
FAIL: gcc.c-torture/compile/20001226-1.c -O2 (test for excess errors)
WARNING: program timed out.
FAIL: gcc.c-torture/compile/20001226-1.c -O3 -fomit-frame-pointer (test for excess errors)
WARNING: program timed out.
FAIL: gcc.c-torture/compile/20001226-1.c -O3 -g (test for excess errors)
WARNING: program timed out.
FAIL: gcc.c-torture/compile/20001226-1.c -Os (test for excess errors)
WARNING: program timed out.
FAIL: gcc.dg/c99-intconst-1.c (test for excess errors)
XPASS: gcc.dg/funcorder.c scan-assembler-not link_error,%r
FAIL: gcc.dg/torture/asm-subreg-1.c -O1 (test for excess errors)
FAIL: gcc.dg/torture/asm-subreg-1.c -O2 (test for excess errors)
FAIL: gcc.dg/torture/asm-subreg-1.c -O3 -fomit-frame-pointer (test for excess errors)
FAIL: gcc.dg/torture/asm-subreg-1.c -O3 -g (test for excess errors)
FAIL: gcc.dg/torture/asm-subreg-1.c -Os (test for excess errors)
=== gcc Summary ===
# of expected passes 36304
# of unexpected failures 11
# of unexpected successes 1
# of expected failures 79
# of untested testcases 28
# of unsupported tests 358
/home/gnu/gcc-3.4/objdir/gcc/xgcc version 4.1.0 20060217 (prerelease)
=== gfortran tests ===
Running target unix
FAIL: gfortran.dg/secnds.f -O0 execution test
=== gfortran Summary ===
# of expected passes 11507
# of unexpected failures 1
# of expected failures 4
# of unsupported tests 74
/home/gnu/gcc-3.4/objdir/gcc/testsuite/../gfortran version 4.1.0 20060217 (prerelease)
=== objc tests ===
Running target unix
=== objc Summary ===
# of expected passes 1682
# of unsupported tests 23
/home/gnu/gcc-3.4/objdir/gcc/xgcc version 4.1.0 20060217 (prerelease)
=== libstdc++ tests ===
Running target unix
=== libstdc++ Summary ===
# of expected passes 2609
# of expected failures 10
# of unsupported tests 145
Compiler version: 4.1.0 20060217 (prerelease)
Platform: hppa64-hp-hpux11.00
configure flags: --with-gnu-as --with-as=/opt/gnu64/bin/as --with-ld=/usr/ccs/bin/ld --enable-shared --with-local-prefix=/opt/gnu64 --prefix=/opt/gnu64/gcc/gcc-4.1.0 --host=hppa64-hp-hpux11.00 --disable-nls --with-gmp=/opt/gnu64/gcc/gcc-4.1.0 --enable-languages=c,c++,fortran,java,objc
More information about the Gcc-testresults
mailing list